{"id":2239,"date":"2025-04-18T05:14:43","date_gmt":"2025-04-18T03:14:43","guid":{"rendered":"https:\/\/www.regionalis.shop\/ricardart\/product\/aventurin-sonnenfaenger-lebensbaum\/"},"modified":"2025-04-18T05:14:43","modified_gmt":"2025-04-18T03:14:43","slug":"aventurin-sonnenfaenger-lebensbaum","status":"publish","type":"product","link":"https:\/\/www.regionalis.shop\/ricardart\/shop\/aventurin-sonnenfaenger-lebensbaum\/","title":{"rendered":"Aventurin Sonnenf\u00e4nger *LEBENSBAUM*"},"content":{"rendered":"<p>Hol dir Licht ins Haus!!!<br \/>\nDer Sonnenf\u00e4nger liebt es besonders vor Fenstern zu h\u00e4ngen. Laut Fengh Shui soll so verhindert werden, dass positive Energien zu schnell wieder aus den Fenstern str\u00f6men. Der Prismakristall reflektiert &#038; spaltet das Sonnenlicht und sorgt so f\u00fcr ein angenehmes &#038; harmonisches Wohn-&#038; Wohlgef\u00fchl &#8211; f\u00e4llt n\u00e4mlich Licht auf den Kristall, so zeigt sich das wunderbare Farbenspektrum des Regenbogens &#8211; darum auch Regenbogenkristall genannt \u2661<br \/>\nMaterialien: Lebensbaum aus Holz (55mm Durchmesser), nat\u00fcrlicher Aventurin  oder Erdbeerquarz in unregelm\u00e4\u00dfiger Rohform (somit wird jedes St\u00fcck zu einem Unikat)<br \/>\nGesamtl\u00e4nge (ohne Schlaufe): ~15cm<br \/>\n\u2606Verleiht jedem Ort ein wenig Magie &#038; Harmonie <\/p>\n<p>*du bekommst deinen Sonnenf\u00e4nger h\u00fcbsch verpackt in einer handbedruckten Box aus recyceltem Altpapier, mit pers\u00f6nlichem Steckbrief beigelegt auf dem du die wichtigsten Infos zu deinem neuen Schatz nachlesen kannst \u2661<\/p>\n<p>AVENTURIN \u00a0(Herzchakra\/ An\u00e3hata)<br \/>\nLebensfreude ~ Selbstbestimmung ~ Gelassenheit ~ innere Ruhe~\u00a0<br \/>\nWie der Amethyst ist auch der Aventurin ein wunderbarer Helfer beim Ein-&#038;, Durchschlafen. Er schenkt dir innere Ruhe &#038; soll dir die facettenreiche Sch\u00f6nheit des Lebens immer wieder vor Augen f\u00fchren und dir so zu mehr Lebensfreude &#038; Zufriedenheit verhelfen \u2661 Gr\u00fcn beruhigt au\u00dferdem unsere Nerven \ud83d\ude42<br \/>\nSternzeichen: Krebs<\/p>\n","protected":false},"excerpt":{"rendered":"<p>Hol dir Licht ins Haus!!! Der Sonnenf\u00e4nger liebt es besonders vor Fenstern zu h\u00e4ngen. Laut Fengh Shui soll so verhindert werden, dass positive Energien zu schnell wieder aus den Fenstern str\u00f6men. Der Prismakristall reflektiert &#038; spaltet das Sonnenlicht und sorgt so f\u00fcr ein angenehmes &#038; harmonisches Wohn-&#038; Wohlgef\u00fchl &#8211; f\u00e4llt n\u00e4mlich Licht auf den Kristall, &hellip; <a href=\"https:\/\/www.regionalis.shop\/ricardart\/shop\/aventurin-sonnenfaenger-lebensbaum\/\">Continued<\/a><\/p>\n","protected":false},"featured_media":2240,"template":"","meta":{"_acf_changed":false},"product_brand":[],"product_cat":[174,103],"product_tag":[],"class_list":{"0":"post-2239","1":"product","2":"type-product","3":"status-publish","4":"has-post-thumbnail","6":"product_cat-wohndekoration","7":"product_cat-wohnen-deko","9":"first","10":"instock","11":"purchasable","12":"product-type-simple"},"acf":[],"_links":{"self":[{"href":"https:\/\/www.regionalis.shop\/ricardart\/wp-json\/wp\/v2\/product\/2239","targetHints":{"allow":["GET"]}}],"collection":[{"href":"https:\/\/www.regionalis.shop\/ricardart\/wp-json\/wp\/v2\/product"}],"about":[{"href":"https:\/\/www.regionalis.shop\/ricardart\/wp-json\/wp\/v2\/types\/product"}],"wp:featuredmedia":[{"embeddable":true,"href":"https:\/\/www.regionalis.shop\/ricardart\/wp-json\/wp\/v2\/media\/2240"}],"wp:attachment":[{"href":"https:\/\/www.regionalis.shop\/ricardart\/wp-json\/wp\/v2\/media?parent=2239"}],"wp:term":[{"taxonomy":"product_brand","embeddable":true,"href":"https:\/\/www.regionalis.shop\/ricardart\/wp-json\/wp\/v2\/product_brand?post=2239"},{"taxonomy":"product_cat","embeddable":true,"href":"https:\/\/www.regionalis.shop\/ricardart\/wp-json\/wp\/v2\/product_cat?post=2239"},{"taxonomy":"product_tag","embeddable":true,"href":"https:\/\/www.regionalis.shop\/ricardart\/wp-json\/wp\/v2\/product_tag?post=2239"}],"curies":[{"name":"wp","href":"https:\/\/api.w.org\/{rel}","templated":true}]}}