{"id":2254,"date":"2025-04-18T05:13:24","date_gmt":"2025-04-18T03:13:24","guid":{"rendered":"https:\/\/www.regionalis.shop\/ricardart\/product\/armband-feminity-mondstein-rosenquarz-citrin\/"},"modified":"2025-04-18T05:13:24","modified_gmt":"2025-04-18T03:13:24","slug":"armband-feminity-mondstein-rosenquarz-citrin","status":"publish","type":"product","link":"https:\/\/www.regionalis.shop\/ricardart\/shop\/armband-feminity-mondstein-rosenquarz-citrin\/","title":{"rendered":"Armband *FEMINITY* Mondstein\/Rosenquarz\/Citrin"},"content":{"rendered":"<p>Ein wohlwollender Begleiter in Liebe &#038; Partnerschaft<br \/>\nVon Hand gefertigtes Armband aus  strapazierf\u00e4higem Makrameegarn (gewachst &#038; wasserfest), mit nat\u00fcrlichen Edelsteinen (Mondstein\/8mm, Rosenquarz &#038; Citrin\/6mm), 18k vergoldeten Kupferperlen &#038; l\u00e4ngenverstellbarem Schiebeverschluss zum individuellen anpassen<\/p>\n<p>*Du bekommst dein Schmuckst\u00fcck h\u00fcbsch  verpackt in einer handbedruckten Schmuckbox aus recyceltem Altpapier, mit pers\u00f6nlichem Steckbrief  beigelegt, auf dem du die wichtigsten Infos zu deinem neuen Begleiter nachlesen kannst<\/p>\n","protected":false},"excerpt":{"rendered":"<p>Ein wohlwollender Begleiter in Liebe &#038; Partnerschaft Von Hand gefertigtes Armband aus strapazierf\u00e4higem Makrameegarn (gewachst &#038; wasserfest), mit nat\u00fcrlichen Edelsteinen (Mondstein\/8mm, Rosenquarz &#038; Citrin\/6mm), 18k vergoldeten Kupferperlen &#038; l\u00e4ngenverstellbarem Schiebeverschluss zum individuellen anpassen *Du bekommst dein Schmuckst\u00fcck h\u00fcbsch verpackt in einer handbedruckten Schmuckbox aus recyceltem Altpapier, mit pers\u00f6nlichem Steckbrief beigelegt, auf dem du die wichtigsten &hellip; <a href=\"https:\/\/www.regionalis.shop\/ricardart\/shop\/armband-feminity-mondstein-rosenquarz-citrin\/\">Continued<\/a><\/p>\n","protected":false},"featured_media":2255,"template":"","meta":{"_acf_changed":false},"product_brand":[],"product_cat":[110,70],"product_tag":[],"class_list":{"0":"post-2254","1":"product","2":"type-product","3":"status-publish","4":"has-post-thumbnail","6":"product_cat-armbaender","7":"product_cat-schmuck","9":"first","10":"instock","11":"purchasable","12":"product-type-simple"},"acf":[],"_links":{"self":[{"href":"https:\/\/www.regionalis.shop\/ricardart\/wp-json\/wp\/v2\/product\/2254","targetHints":{"allow":["GET"]}}],"collection":[{"href":"https:\/\/www.regionalis.shop\/ricardart\/wp-json\/wp\/v2\/product"}],"about":[{"href":"https:\/\/www.regionalis.shop\/ricardart\/wp-json\/wp\/v2\/types\/product"}],"wp:featuredmedia":[{"embeddable":true,"href":"https:\/\/www.regionalis.shop\/ricardart\/wp-json\/wp\/v2\/media\/2255"}],"wp:attachment":[{"href":"https:\/\/www.regionalis.shop\/ricardart\/wp-json\/wp\/v2\/media?parent=2254"}],"wp:term":[{"taxonomy":"product_brand","embeddable":true,"href":"https:\/\/www.regionalis.shop\/ricardart\/wp-json\/wp\/v2\/product_brand?post=2254"},{"taxonomy":"product_cat","embeddable":true,"href":"https:\/\/www.regionalis.shop\/ricardart\/wp-json\/wp\/v2\/product_cat?post=2254"},{"taxonomy":"product_tag","embeddable":true,"href":"https:\/\/www.regionalis.shop\/ricardart\/wp-json\/wp\/v2\/product_tag?post=2254"}],"curies":[{"name":"wp","href":"https:\/\/api.w.org\/{rel}","templated":true}]}}