{"id":2281,"date":"2025-04-18T04:48:21","date_gmt":"2025-04-18T02:48:21","guid":{"rendered":"https:\/\/www.regionalis.shop\/ricardart\/product\/chakra-sonnenfaenger-hamsa-hand\/"},"modified":"2025-04-18T04:48:21","modified_gmt":"2025-04-18T02:48:21","slug":"chakra-sonnenfaenger-hamsa-hand","status":"publish","type":"product","link":"https:\/\/www.regionalis.shop\/ricardart\/shop\/chakra-sonnenfaenger-hamsa-hand\/","title":{"rendered":"Chakra Sonnenf\u00e4nger *HAMSA HAND*"},"content":{"rendered":"<p>Hol dir Licht ins Haus!!!<br \/>\nDer Sonnenf\u00e4nger liebt es besonders vor Fenstern zu h\u00e4ngen. Laut Fengh Shui soll so verhindert werden, dass positive Energien zu schnell wieder aus den Fenstern str\u00f6men. Au\u00dferdem reflektiert &#038; spaltet der Prismakristall das Sonnenlicht und sorgt so f\u00fcr ein angenehmes &#038; harmonisches Wohn-&#038; Wohlgef\u00fchl &#8211; f\u00e4llt n\u00e4mlich Licht auf den Kristall, so zeigt sich das wunderbare Farbenspektrum des Regenbogens &#8211; darum auch Regenbogenkristall genannt.<br \/>\nMaterialien: Hamsa Hand (Hand der Fatima) aus Holz, 7 nat\u00fcrliche Edelsteine (unseren 7 Chakren zugeordnet) zur Harmonisierung der Umgebung &#038; des Raumklimas (alle Edelsteine in unregelm\u00e4\u00dfiger Rohform &#8211; somit wird jedes Exemplar zu einem Unikat \ud83d\ude42<br \/>\nGesamtl\u00e4nge (ohne Schlaufe): ~13cm<br \/>\n\u2606 Hamsa Hand: weit verbreitetes Schutzsymbol gegen negative Energien jeder Art<br \/>\n\u2606 passt auch ideal als Christbaumschmuck &#038; Weihnachtsdeko<\/p>\n","protected":false},"excerpt":{"rendered":"<p>Hol dir Licht ins Haus!!! Der Sonnenf\u00e4nger liebt es besonders vor Fenstern zu h\u00e4ngen. Laut Fengh Shui soll so verhindert werden, dass positive Energien zu schnell wieder aus den Fenstern str\u00f6men. Au\u00dferdem reflektiert &#038; spaltet der Prismakristall das Sonnenlicht und sorgt so f\u00fcr ein angenehmes &#038; harmonisches Wohn-&#038; Wohlgef\u00fchl &#8211; f\u00e4llt n\u00e4mlich Licht auf den &hellip; <a href=\"https:\/\/www.regionalis.shop\/ricardart\/shop\/chakra-sonnenfaenger-hamsa-hand\/\">Continued<\/a><\/p>\n","protected":false},"featured_media":2282,"template":"","meta":{"_acf_changed":false},"product_brand":[],"product_cat":[174,103],"product_tag":[],"class_list":{"0":"post-2281","1":"product","2":"type-product","3":"status-publish","4":"has-post-thumbnail","6":"product_cat-wohndekoration","7":"product_cat-wohnen-deko","9":"first","10":"instock","11":"purchasable","12":"product-type-simple"},"acf":[],"_links":{"self":[{"href":"https:\/\/www.regionalis.shop\/ricardart\/wp-json\/wp\/v2\/product\/2281","targetHints":{"allow":["GET"]}}],"collection":[{"href":"https:\/\/www.regionalis.shop\/ricardart\/wp-json\/wp\/v2\/product"}],"about":[{"href":"https:\/\/www.regionalis.shop\/ricardart\/wp-json\/wp\/v2\/types\/product"}],"wp:featuredmedia":[{"embeddable":true,"href":"https:\/\/www.regionalis.shop\/ricardart\/wp-json\/wp\/v2\/media\/2282"}],"wp:attachment":[{"href":"https:\/\/www.regionalis.shop\/ricardart\/wp-json\/wp\/v2\/media?parent=2281"}],"wp:term":[{"taxonomy":"product_brand","embeddable":true,"href":"https:\/\/www.regionalis.shop\/ricardart\/wp-json\/wp\/v2\/product_brand?post=2281"},{"taxonomy":"product_cat","embeddable":true,"href":"https:\/\/www.regionalis.shop\/ricardart\/wp-json\/wp\/v2\/product_cat?post=2281"},{"taxonomy":"product_tag","embeddable":true,"href":"https:\/\/www.regionalis.shop\/ricardart\/wp-json\/wp\/v2\/product_tag?post=2281"}],"curies":[{"name":"wp","href":"https:\/\/api.w.org\/{rel}","templated":true}]}}