{"id":2327,"date":"2025-04-18T04:35:00","date_gmt":"2025-04-18T02:35:00","guid":{"rendered":"https:\/\/www.regionalis.shop\/ricardart\/product\/geschenkbox-wunschkristall-tigerauge\/"},"modified":"2025-04-18T04:35:00","modified_gmt":"2025-04-18T02:35:00","slug":"geschenkbox-wunschkristall-tigerauge","status":"publish","type":"product","link":"https:\/\/www.regionalis.shop\/ricardart\/shop\/geschenkbox-wunschkristall-tigerauge\/","title":{"rendered":"Geschenkbox *Wunschkristall\/Tigerauge*"},"content":{"rendered":"<p>Eine liebevolle Geschenkidee f\u00fcr mehr Balance &#038; Harmonie \u2661<br \/>\nGESCHENKBOX beinhaltet:<br \/>\n&#8211; WUNSCHKRISTALL: Armband zur Manifestation &#038; Visualisierungvon Tr\u00e4ume, W\u00fcnschen &#038; Zielen (mit Mondstein &#038; 18k verg. Messingperlen\/2mm)<\/p>\n<p>&#8211; SONNENF\u00c4NGER mit nat\u00fcrlichem Tigerauge &#038; Holzmandala (5cm Durchmesse): Der Sonnenf\u00e4nger liebt es besonders im Licht, vorallem in der Sonne oder vor Fenstern zu h\u00e4ngen. Der Prismakristall reflektiert &#038; spaltet das Sonnenlicht und sorgt so f\u00fcr ein angenehmes &#038; harmonisches Wohn-&#038; Wohlgef\u00fchl<br \/>\nF\u00e4llt n\u00e4mlich Licht auf den Kristall, so zeigt sich das wunderbare Farbenspektrum des Regenbogens &#8211; daher auch &#8218;Regenbogenkristall genannt \u2661 Gesamtl\u00e4nge ca 12cm<\/p>\n<p>Ein ideales Wohlf\u00fchlset f\u00fcr ein positives, energetisches Umfeld &#038; zur Steigerung des Wohlbefindes<\/p>\n","protected":false},"excerpt":{"rendered":"<p>Eine liebevolle Geschenkidee f\u00fcr mehr Balance &#038; Harmonie \u2661 GESCHENKBOX beinhaltet: &#8211; WUNSCHKRISTALL: Armband zur Manifestation &#038; Visualisierungvon Tr\u00e4ume, W\u00fcnschen &#038; Zielen (mit Mondstein &#038; 18k verg. Messingperlen\/2mm) &#8211; SONNENF\u00c4NGER mit nat\u00fcrlichem Tigerauge &#038; Holzmandala (5cm Durchmesse): Der Sonnenf\u00e4nger liebt es besonders im Licht, vorallem in der Sonne oder vor Fenstern zu h\u00e4ngen. Der Prismakristall &hellip; <a href=\"https:\/\/www.regionalis.shop\/ricardart\/shop\/geschenkbox-wunschkristall-tigerauge\/\">Continued<\/a><\/p>\n","protected":false},"featured_media":2328,"template":"","meta":{"_acf_changed":false},"product_brand":[],"product_cat":[173,103],"product_tag":[],"class_list":{"0":"post-2327","1":"product","2":"type-product","3":"status-publish","4":"has-post-thumbnail","6":"product_cat-weihnachten","7":"product_cat-wohnen-deko","9":"first","10":"instock","11":"purchasable","12":"product-type-simple"},"acf":[],"_links":{"self":[{"href":"https:\/\/www.regionalis.shop\/ricardart\/wp-json\/wp\/v2\/product\/2327","targetHints":{"allow":["GET"]}}],"collection":[{"href":"https:\/\/www.regionalis.shop\/ricardart\/wp-json\/wp\/v2\/product"}],"about":[{"href":"https:\/\/www.regionalis.shop\/ricardart\/wp-json\/wp\/v2\/types\/product"}],"wp:featuredmedia":[{"embeddable":true,"href":"https:\/\/www.regionalis.shop\/ricardart\/wp-json\/wp\/v2\/media\/2328"}],"wp:attachment":[{"href":"https:\/\/www.regionalis.shop\/ricardart\/wp-json\/wp\/v2\/media?parent=2327"}],"wp:term":[{"taxonomy":"product_brand","embeddable":true,"href":"https:\/\/www.regionalis.shop\/ricardart\/wp-json\/wp\/v2\/product_brand?post=2327"},{"taxonomy":"product_cat","embeddable":true,"href":"https:\/\/www.regionalis.shop\/ricardart\/wp-json\/wp\/v2\/product_cat?post=2327"},{"taxonomy":"product_tag","embeddable":true,"href":"https:\/\/www.regionalis.shop\/ricardart\/wp-json\/wp\/v2\/product_tag?post=2327"}],"curies":[{"name":"wp","href":"https:\/\/api.w.org\/{rel}","templated":true}]}}