{"id":2400,"date":"2025-04-18T04:06:22","date_gmt":"2025-04-18T02:06:22","guid":{"rendered":"https:\/\/www.regionalis.shop\/ricardart\/product\/doppelarmband-turmalin-seed-of-life-rose\/"},"modified":"2025-04-18T04:06:22","modified_gmt":"2025-04-18T02:06:22","slug":"doppelarmband-turmalin-seed-of-life-rose","status":"publish","type":"product","link":"https:\/\/www.regionalis.shop\/ricardart\/shop\/doppelarmband-turmalin-seed-of-life-rose\/","title":{"rendered":"Doppelarmband &#8218;Turmalin *Seed of Life ros\u00e9*"},"content":{"rendered":"<p>Ein wunderbarer &#038; sch\u00fctzender Begleiter f\u00fcr jeden \u2661<br \/>\nDas Turmalin Armband in zartem ros\u00e9 ist aus gewachstem, sehr strapazierf\u00e4higem Makrameegarn von Hand gefertigt. Das Verbindungsst\u00fcck aus ros\u00e9vergoldetem Messing ist nickelfrei und hat einen Durchmesser von 14mm<br \/>\nMit seinem l\u00e4ngenverstellbarem Schiebeverschluss l\u00e4sst es sich individuell an jedes Handgelenk anpassen.<\/p>\n<p>\u300bDu bekommst dein Armband in einem  Leinenbeutel verpackt, mit beigelegtem Steckbrief auf dem du die wichtigsten Infos zu deinem neuen Begleiter nachlesen kannst\u300a<\/p>\n<p>TURMALIN (wirkt auf alle Chakren)<br \/>\n*Schutzstein*<br \/>\nHarmonie &#8211; Energie &#8211; Wahrnehmung- Klarheit<br \/>\nDie vielf\u00e4ltigen Farben des Turmalins bringen vielseitige Wirkungen mit sich. Vorallem der Energiefluss des K\u00f6rpers soll positiv beeinflusst werden. Der schwarze Turmalin (Sch\u00f6rl) ist der st\u00e4rkste, mir bekannte Schutzstein. Besonders mit direktem K\u00f6rperkontakt getragen ist er ein treuer &#038; Schutz bietender Begleiter \u2661<\/p>\n","protected":false},"excerpt":{"rendered":"<p>Ein wunderbarer &#038; sch\u00fctzender Begleiter f\u00fcr jeden \u2661 Das Turmalin Armband in zartem ros\u00e9 ist aus gewachstem, sehr strapazierf\u00e4higem Makrameegarn von Hand gefertigt. Das Verbindungsst\u00fcck aus ros\u00e9vergoldetem Messing ist nickelfrei und hat einen Durchmesser von 14mm Mit seinem l\u00e4ngenverstellbarem Schiebeverschluss l\u00e4sst es sich individuell an jedes Handgelenk anpassen. \u300bDu bekommst dein Armband in einem Leinenbeutel &hellip; <a href=\"https:\/\/www.regionalis.shop\/ricardart\/shop\/doppelarmband-turmalin-seed-of-life-rose\/\">Continued<\/a><\/p>\n","protected":false},"featured_media":2401,"template":"","meta":{"_acf_changed":false},"product_brand":[],"product_cat":[110,70],"product_tag":[],"class_list":{"0":"post-2400","1":"product","2":"type-product","3":"status-publish","4":"has-post-thumbnail","6":"product_cat-armbaender","7":"product_cat-schmuck","9":"first","10":"instock","11":"purchasable","12":"product-type-simple"},"acf":[],"_links":{"self":[{"href":"https:\/\/www.regionalis.shop\/ricardart\/wp-json\/wp\/v2\/product\/2400","targetHints":{"allow":["GET"]}}],"collection":[{"href":"https:\/\/www.regionalis.shop\/ricardart\/wp-json\/wp\/v2\/product"}],"about":[{"href":"https:\/\/www.regionalis.shop\/ricardart\/wp-json\/wp\/v2\/types\/product"}],"wp:featuredmedia":[{"embeddable":true,"href":"https:\/\/www.regionalis.shop\/ricardart\/wp-json\/wp\/v2\/media\/2401"}],"wp:attachment":[{"href":"https:\/\/www.regionalis.shop\/ricardart\/wp-json\/wp\/v2\/media?parent=2400"}],"wp:term":[{"taxonomy":"product_brand","embeddable":true,"href":"https:\/\/www.regionalis.shop\/ricardart\/wp-json\/wp\/v2\/product_brand?post=2400"},{"taxonomy":"product_cat","embeddable":true,"href":"https:\/\/www.regionalis.shop\/ricardart\/wp-json\/wp\/v2\/product_cat?post=2400"},{"taxonomy":"product_tag","embeddable":true,"href":"https:\/\/www.regionalis.shop\/ricardart\/wp-json\/wp\/v2\/product_tag?post=2400"}],"curies":[{"name":"wp","href":"https:\/\/api.w.org\/{rel}","templated":true}]}}