{"id":2415,"date":"2025-04-18T04:03:34","date_gmt":"2025-04-18T02:03:34","guid":{"rendered":"https:\/\/www.regionalis.shop\/ricardart\/product\/rhodochrosit-dopppelarmband-lebensbaum-rose\/"},"modified":"2025-04-18T04:03:34","modified_gmt":"2025-04-18T02:03:34","slug":"rhodochrosit-dopppelarmband-lebensbaum-rose","status":"publish","type":"product","link":"https:\/\/www.regionalis.shop\/ricardart\/shop\/rhodochrosit-dopppelarmband-lebensbaum-rose\/","title":{"rendered":"RHODOCHROSIT Dopppelarmband *LEBENSBAUM ros\u00e9"},"content":{"rendered":"<p>Ros\u00e9vergoldetes Doppelarmband mit 6mm Rhodochrositperle &#038; l\u00e4ngenverstellbarem Schiebeknoten, sodass es sich individuell an jedes Handgelenk anpassen l\u00e4sst. Von Hand gefertigt aus gewachstem Makrameegarn (wasserfest &#038; strapazierf\u00e4hig) mit 15mm<br \/>\nLebensbaum aus nickelfreiem, ros\u00e9vergoldetem DQ Metall<br \/>\n*Du bekommst dein Armband h\u00fcbsch verpackt mit pers\u00f6nlichem Steckbrief beigelegt auf dem du die wichtigsten Infos zu deinem neuen Begleiter nachlesen kannst <\/p>\n<p>RHODOCHROSIT \u00a0(Herzchakra\/An\u00e3hata)<br \/>\nKreativit\u00e4t ~ Lebensfreude ~ Wandel ~ Vitalit\u00e4t ~ Sexualit\u00e4t<br \/>\nSchenkt dir neue Perspektiven &#038; ist in Zeiten des Wandels ein treuer und unterst\u00fctzender Begleiter \u2661 Vitalit\u00e4t &#038; Lebensfreude werden gest\u00e4rkt und die positiven Dinge des Lebens r\u00fccken mit diesem rosaroten Schatz immer mehr in den Vordergrund \u2661\u00a0<br \/>\nDer Rhodochrosit wird au\u00dferdem auch bei Hauptproblem angewendet (direkter Hautkontakt oder mit Edelsteinwasser)<br \/>\nSternzeichen: Stier<\/p>\n","protected":false},"excerpt":{"rendered":"<p>Ros\u00e9vergoldetes Doppelarmband mit 6mm Rhodochrositperle &#038; l\u00e4ngenverstellbarem Schiebeknoten, sodass es sich individuell an jedes Handgelenk anpassen l\u00e4sst. Von Hand gefertigt aus gewachstem Makrameegarn (wasserfest &#038; strapazierf\u00e4hig) mit 15mm Lebensbaum aus nickelfreiem, ros\u00e9vergoldetem DQ Metall *Du bekommst dein Armband h\u00fcbsch verpackt mit pers\u00f6nlichem Steckbrief beigelegt auf dem du die wichtigsten Infos zu deinem neuen Begleiter nachlesen &hellip; <a href=\"https:\/\/www.regionalis.shop\/ricardart\/shop\/rhodochrosit-dopppelarmband-lebensbaum-rose\/\">Continued<\/a><\/p>\n","protected":false},"featured_media":2416,"template":"","meta":{"_acf_changed":false},"product_brand":[],"product_cat":[110,70],"product_tag":[],"class_list":{"0":"post-2415","1":"product","2":"type-product","3":"status-publish","4":"has-post-thumbnail","6":"product_cat-armbaender","7":"product_cat-schmuck","9":"first","10":"instock","11":"purchasable","12":"product-type-simple"},"acf":[],"_links":{"self":[{"href":"https:\/\/www.regionalis.shop\/ricardart\/wp-json\/wp\/v2\/product\/2415","targetHints":{"allow":["GET"]}}],"collection":[{"href":"https:\/\/www.regionalis.shop\/ricardart\/wp-json\/wp\/v2\/product"}],"about":[{"href":"https:\/\/www.regionalis.shop\/ricardart\/wp-json\/wp\/v2\/types\/product"}],"wp:featuredmedia":[{"embeddable":true,"href":"https:\/\/www.regionalis.shop\/ricardart\/wp-json\/wp\/v2\/media\/2416"}],"wp:attachment":[{"href":"https:\/\/www.regionalis.shop\/ricardart\/wp-json\/wp\/v2\/media?parent=2415"}],"wp:term":[{"taxonomy":"product_brand","embeddable":true,"href":"https:\/\/www.regionalis.shop\/ricardart\/wp-json\/wp\/v2\/product_brand?post=2415"},{"taxonomy":"product_cat","embeddable":true,"href":"https:\/\/www.regionalis.shop\/ricardart\/wp-json\/wp\/v2\/product_cat?post=2415"},{"taxonomy":"product_tag","embeddable":true,"href":"https:\/\/www.regionalis.shop\/ricardart\/wp-json\/wp\/v2\/product_tag?post=2415"}],"curies":[{"name":"wp","href":"https:\/\/api.w.org\/{rel}","templated":true}]}}