{"id":2420,"date":"2025-04-18T03:58:20","date_gmt":"2025-04-18T01:58:20","guid":{"rendered":"https:\/\/www.regionalis.shop\/ricardart\/product\/labradorit-bergkristall-ohrringe-mandala-gold-mit-18k-ohrhaken\/"},"modified":"2025-04-18T03:58:20","modified_gmt":"2025-04-18T01:58:20","slug":"labradorit-bergkristall-ohrringe-mandala-gold-mit-18k-ohrhaken","status":"publish","type":"product","link":"https:\/\/www.regionalis.shop\/ricardart\/shop\/labradorit-bergkristall-ohrringe-mandala-gold-mit-18k-ohrhaken\/","title":{"rendered":"Labradorit- Bergkristall Ohrringe &#8218;Mandala gold&#8216; mit 18k Ohrhaken"},"content":{"rendered":"<p>Strahlende Ohrsch\u00e4tze mit 3mm Bergkristallperle &#038; nat\u00fcrlichem, wundersch\u00f6n schimmerndem Labradorit \u2661<br \/>\nOhrhaken: 925 Sterlingsilber\/ vergoldet 18k Mandala: Vergoldetes Messing (30mm)<br \/>\nGesamtl\u00e4nge (ohne Ohrhaken): ~50mm<\/p>\n<p>\u300bDu bekommst deine Sch\u00e4tze liebevoll verpackt, in einer handbedruckten Box aus recyceltem Altpapier- individuell &#038; umweltbewusst \u300a<\/p>\n","protected":false},"excerpt":{"rendered":"<p>Strahlende Ohrsch\u00e4tze mit 3mm Bergkristallperle &#038; nat\u00fcrlichem, wundersch\u00f6n schimmerndem Labradorit \u2661 Ohrhaken: 925 Sterlingsilber\/ vergoldet 18k Mandala: Vergoldetes Messing (30mm) Gesamtl\u00e4nge (ohne Ohrhaken): ~50mm \u300bDu bekommst deine Sch\u00e4tze liebevoll verpackt, in einer handbedruckten Box aus recyceltem Altpapier- individuell &#038; umweltbewusst \u300a<\/p>\n","protected":false},"featured_media":2421,"template":"","meta":{"_acf_changed":false},"product_brand":[],"product_cat":[163,70],"product_tag":[],"class_list":{"0":"post-2420","1":"product","2":"type-product","3":"status-publish","4":"has-post-thumbnail","6":"product_cat-ohrringe","7":"product_cat-schmuck","9":"first","10":"instock","11":"purchasable","12":"product-type-simple"},"acf":[],"_links":{"self":[{"href":"https:\/\/www.regionalis.shop\/ricardart\/wp-json\/wp\/v2\/product\/2420","targetHints":{"allow":["GET"]}}],"collection":[{"href":"https:\/\/www.regionalis.shop\/ricardart\/wp-json\/wp\/v2\/product"}],"about":[{"href":"https:\/\/www.regionalis.shop\/ricardart\/wp-json\/wp\/v2\/types\/product"}],"wp:featuredmedia":[{"embeddable":true,"href":"https:\/\/www.regionalis.shop\/ricardart\/wp-json\/wp\/v2\/media\/2421"}],"wp:attachment":[{"href":"https:\/\/www.regionalis.shop\/ricardart\/wp-json\/wp\/v2\/media?parent=2420"}],"wp:term":[{"taxonomy":"product_brand","embeddable":true,"href":"https:\/\/www.regionalis.shop\/ricardart\/wp-json\/wp\/v2\/product_brand?post=2420"},{"taxonomy":"product_cat","embeddable":true,"href":"https:\/\/www.regionalis.shop\/ricardart\/wp-json\/wp\/v2\/product_cat?post=2420"},{"taxonomy":"product_tag","embeddable":true,"href":"https:\/\/www.regionalis.shop\/ricardart\/wp-json\/wp\/v2\/product_tag?post=2420"}],"curies":[{"name":"wp","href":"https:\/\/api.w.org\/{rel}","templated":true}]}}