{"id":2432,"date":"2025-04-18T03:41:18","date_gmt":"2025-04-18T01:41:18","guid":{"rendered":"https:\/\/www.regionalis.shop\/ricardart\/product\/amazonit-ohrringe-halskette-facettiert-vergoldet\/"},"modified":"2025-04-18T03:41:18","modified_gmt":"2025-04-18T01:41:18","slug":"amazonit-ohrringe-halskette-facettiert-vergoldet","status":"publish","type":"product","link":"https:\/\/www.regionalis.shop\/ricardart\/shop\/amazonit-ohrringe-halskette-facettiert-vergoldet\/","title":{"rendered":"AMAZONIT Ohrringe\/Halskette *facettiert\/vergoldet"},"content":{"rendered":"<p>Strahlende Amazonit Sch\u00e4tze f\u00fcr K\u00f6rper &#038; Geist<br \/>\nDer wundersch\u00f6n facettierte Amazonit hat eine Gr\u00f6\u00dfe von 20\u00d711mm<br \/>\nOHRRINGE: Amazonitanh\u00e4nger an handgebogenem Edelstahldraht (vergoldet)  mit Ohrhaken aus vergoldetem Edelstahl (nickelfrei\/wasserfest)<br \/>\nGesamtl\u00e4nge (ohne Ohrhaken): ~ 45mm<br \/>\nHALSKETTE: aus vergoldetem Edelstahl (nickelfrei) mit Karabinerverschluss &#038; Verl\u00e4ngerungskettchen.<br \/>\n*du bekommst dein Schmuckst\u00fcck h\u00fcbsch verpackt in einer handbedruckten Box aus recyceltem Altpapier, mit pers\u00f6nlichem Steckbrief beigelegt auf dem du die wichtigsten Infos zu deinem neuen Begleiter nachlesen kannst<\/p>\n<p>AMAZONIT \u00a0(Halschakra\/Vi\u015buddha)<br \/>\nGelassenheit ~ innere Ruhe &#038; Balance ~ Frieden ~\u00a0<br \/>\nDer ANTI-STRESS-STEIN oder auch &#8218;\u00c4rger dich nicht Stein&#8216; genannt\u00a0<br \/>\n\u00a0Im hektischen Berufsalltag der ideale Begleiter &#038; Ruhepol. Auch bei Wut, \u00c4rger &#038; Frust unterst\u00fctzt er dich dabei deinen Weg in die Gelassenheit zur\u00fcckzufinden -> mit K\u00f6rperkontakt tragen!<br \/>\n\u00a0Sternzeichen: Skorpio<\/p>\n","protected":false},"excerpt":{"rendered":"<p>Strahlende Amazonit Sch\u00e4tze f\u00fcr K\u00f6rper &#038; Geist Der wundersch\u00f6n facettierte Amazonit hat eine Gr\u00f6\u00dfe von 20\u00d711mm OHRRINGE: Amazonitanh\u00e4nger an handgebogenem Edelstahldraht (vergoldet) mit Ohrhaken aus vergoldetem Edelstahl (nickelfrei\/wasserfest) Gesamtl\u00e4nge (ohne Ohrhaken): ~ 45mm HALSKETTE: aus vergoldetem Edelstahl (nickelfrei) mit Karabinerverschluss &#038; Verl\u00e4ngerungskettchen. *du bekommst dein Schmuckst\u00fcck h\u00fcbsch verpackt in einer handbedruckten Box aus recyceltem Altpapier, &hellip; <a href=\"https:\/\/www.regionalis.shop\/ricardart\/shop\/amazonit-ohrringe-halskette-facettiert-vergoldet\/\">Continued<\/a><\/p>\n","protected":false},"featured_media":2433,"template":"","meta":{"_acf_changed":false},"product_brand":[],"product_cat":[163,70],"product_tag":[],"class_list":{"0":"post-2432","1":"product","2":"type-product","3":"status-publish","4":"has-post-thumbnail","6":"product_cat-ohrringe","7":"product_cat-schmuck","9":"first","10":"instock","11":"purchasable","12":"product-type-simple"},"acf":[],"_links":{"self":[{"href":"https:\/\/www.regionalis.shop\/ricardart\/wp-json\/wp\/v2\/product\/2432","targetHints":{"allow":["GET"]}}],"collection":[{"href":"https:\/\/www.regionalis.shop\/ricardart\/wp-json\/wp\/v2\/product"}],"about":[{"href":"https:\/\/www.regionalis.shop\/ricardart\/wp-json\/wp\/v2\/types\/product"}],"wp:featuredmedia":[{"embeddable":true,"href":"https:\/\/www.regionalis.shop\/ricardart\/wp-json\/wp\/v2\/media\/2433"}],"wp:attachment":[{"href":"https:\/\/www.regionalis.shop\/ricardart\/wp-json\/wp\/v2\/media?parent=2432"}],"wp:term":[{"taxonomy":"product_brand","embeddable":true,"href":"https:\/\/www.regionalis.shop\/ricardart\/wp-json\/wp\/v2\/product_brand?post=2432"},{"taxonomy":"product_cat","embeddable":true,"href":"https:\/\/www.regionalis.shop\/ricardart\/wp-json\/wp\/v2\/product_cat?post=2432"},{"taxonomy":"product_tag","embeddable":true,"href":"https:\/\/www.regionalis.shop\/ricardart\/wp-json\/wp\/v2\/product_tag?post=2432"}],"curies":[{"name":"wp","href":"https:\/\/api.w.org\/{rel}","templated":true}]}}