{"id":2485,"date":"2025-04-18T03:28:34","date_gmt":"2025-04-18T01:28:34","guid":{"rendered":"https:\/\/www.regionalis.shop\/ricardart\/product\/lavendel-sonnenfaenger-nature\/"},"modified":"2025-04-18T03:28:34","modified_gmt":"2025-04-18T01:28:34","slug":"lavendel-sonnenfaenger-nature","status":"publish","type":"product","link":"https:\/\/www.regionalis.shop\/ricardart\/shop\/lavendel-sonnenfaenger-nature\/","title":{"rendered":"Lavendel Sonnenf\u00e4nger *NATURE*"},"content":{"rendered":"<p>Hol dir den Duft von Lavendel ins Haus!<br \/>\nEin wunderbar bereicherndes Wohnaccessoire zur Harmonisierung der Umgebung &#038; des Raumklimas.<br \/>\nDer 20mm Regenbogenkristall (Prismaglaskristall) verleiht dem Herzst\u00fcck seinen bezaubernden Sonnenf\u00e4nger-Effekt (f\u00e4llt Licht auf den Kristall, so wird es gespalten &#038; als Regenbogenfarben\/Spektralfarben an  Umgebung\/W\u00e4nde reflektiert)<br \/>\nBest\u00fcckt mit wohlduftendem Bio- Lavendel aus dem eigenen Garten \u00a0<br \/>\nMessinghoop: 7cm<br \/>\nNaturfarbenes Makrameegarn aus recycelter Baumwolle<br \/>\nGesamtl\u00e4nge (ohne schlaufe): ~15cm<\/p>\n","protected":false},"excerpt":{"rendered":"<p>Hol dir den Duft von Lavendel ins Haus! Ein wunderbar bereicherndes Wohnaccessoire zur Harmonisierung der Umgebung &#038; des Raumklimas. Der 20mm Regenbogenkristall (Prismaglaskristall) verleiht dem Herzst\u00fcck seinen bezaubernden Sonnenf\u00e4nger-Effekt (f\u00e4llt Licht auf den Kristall, so wird es gespalten &#038; als Regenbogenfarben\/Spektralfarben an Umgebung\/W\u00e4nde reflektiert) Best\u00fcckt mit wohlduftendem Bio- Lavendel aus dem eigenen Garten \u00a0 Messinghoop: &hellip; <a href=\"https:\/\/www.regionalis.shop\/ricardart\/shop\/lavendel-sonnenfaenger-nature\/\">Continued<\/a><\/p>\n","protected":false},"featured_media":2486,"template":"","meta":{"_acf_changed":false},"product_brand":[],"product_cat":[174,103],"product_tag":[],"class_list":{"0":"post-2485","1":"product","2":"type-product","3":"status-publish","4":"has-post-thumbnail","6":"product_cat-wohndekoration","7":"product_cat-wohnen-deko","9":"first","10":"instock","11":"purchasable","12":"product-type-simple"},"acf":[],"_links":{"self":[{"href":"https:\/\/www.regionalis.shop\/ricardart\/wp-json\/wp\/v2\/product\/2485","targetHints":{"allow":["GET"]}}],"collection":[{"href":"https:\/\/www.regionalis.shop\/ricardart\/wp-json\/wp\/v2\/product"}],"about":[{"href":"https:\/\/www.regionalis.shop\/ricardart\/wp-json\/wp\/v2\/types\/product"}],"wp:featuredmedia":[{"embeddable":true,"href":"https:\/\/www.regionalis.shop\/ricardart\/wp-json\/wp\/v2\/media\/2486"}],"wp:attachment":[{"href":"https:\/\/www.regionalis.shop\/ricardart\/wp-json\/wp\/v2\/media?parent=2485"}],"wp:term":[{"taxonomy":"product_brand","embeddable":true,"href":"https:\/\/www.regionalis.shop\/ricardart\/wp-json\/wp\/v2\/product_brand?post=2485"},{"taxonomy":"product_cat","embeddable":true,"href":"https:\/\/www.regionalis.shop\/ricardart\/wp-json\/wp\/v2\/product_cat?post=2485"},{"taxonomy":"product_tag","embeddable":true,"href":"https:\/\/www.regionalis.shop\/ricardart\/wp-json\/wp\/v2\/product_tag?post=2485"}],"curies":[{"name":"wp","href":"https:\/\/api.w.org\/{rel}","templated":true}]}}