{"id":2517,"date":"2025-04-18T03:26:35","date_gmt":"2025-04-18T01:26:35","guid":{"rendered":"https:\/\/www.regionalis.shop\/ricardart\/product\/rhodonit-armband-muladhara-braun-rose\/"},"modified":"2025-04-18T03:26:35","modified_gmt":"2025-04-18T01:26:35","slug":"rhodonit-armband-muladhara-braun-rose","status":"publish","type":"product","link":"https:\/\/www.regionalis.shop\/ricardart\/shop\/rhodonit-armband-muladhara-braun-rose\/","title":{"rendered":"Rhodonit Armband &#8218;M\u016bl\u00e3dh\u00e3ra&#8216; *braun\/ros\u00e9"},"content":{"rendered":"<p>Kraftvolles Rhodonit-Armband mit ros\u00e9vergoldeten Messingperlen<br \/>\nDank l\u00e4ngenverstellbarem Schiebeknoten ist das Armband an jedes Handgelenk individuell anpassbar. Das gewachste Makrameegarn ist widerstandsf\u00e4hig, gewachst &#038; wassertauglich &#8211; ein perfekter Begleiter f\u00fcr jeden Tag \u2661<\/p>\n<p>RHODONIT (Wurzelchakra\/ M\u016bl\u00e3dh\u00e3ra)<br \/>\nSelbstvertrauen- Optimismus- Wandel &#8211; Vergebung\u00a0<\/p>\n","protected":false},"excerpt":{"rendered":"<p>Kraftvolles Rhodonit-Armband mit ros\u00e9vergoldeten Messingperlen Dank l\u00e4ngenverstellbarem Schiebeknoten ist das Armband an jedes Handgelenk individuell anpassbar. Das gewachste Makrameegarn ist widerstandsf\u00e4hig, gewachst &#038; wassertauglich &#8211; ein perfekter Begleiter f\u00fcr jeden Tag \u2661 RHODONIT (Wurzelchakra\/ M\u016bl\u00e3dh\u00e3ra) Selbstvertrauen- Optimismus- Wandel &#8211; Vergebung\u00a0<\/p>\n","protected":false},"featured_media":2518,"template":"","meta":{"_acf_changed":false},"product_brand":[],"product_cat":[110,70],"product_tag":[],"class_list":{"0":"post-2517","1":"product","2":"type-product","3":"status-publish","4":"has-post-thumbnail","6":"product_cat-armbaender","7":"product_cat-schmuck","9":"first","10":"instock","11":"purchasable","12":"product-type-simple"},"acf":[],"_links":{"self":[{"href":"https:\/\/www.regionalis.shop\/ricardart\/wp-json\/wp\/v2\/product\/2517","targetHints":{"allow":["GET"]}}],"collection":[{"href":"https:\/\/www.regionalis.shop\/ricardart\/wp-json\/wp\/v2\/product"}],"about":[{"href":"https:\/\/www.regionalis.shop\/ricardart\/wp-json\/wp\/v2\/types\/product"}],"wp:featuredmedia":[{"embeddable":true,"href":"https:\/\/www.regionalis.shop\/ricardart\/wp-json\/wp\/v2\/media\/2518"}],"wp:attachment":[{"href":"https:\/\/www.regionalis.shop\/ricardart\/wp-json\/wp\/v2\/media?parent=2517"}],"wp:term":[{"taxonomy":"product_brand","embeddable":true,"href":"https:\/\/www.regionalis.shop\/ricardart\/wp-json\/wp\/v2\/product_brand?post=2517"},{"taxonomy":"product_cat","embeddable":true,"href":"https:\/\/www.regionalis.shop\/ricardart\/wp-json\/wp\/v2\/product_cat?post=2517"},{"taxonomy":"product_tag","embeddable":true,"href":"https:\/\/www.regionalis.shop\/ricardart\/wp-json\/wp\/v2\/product_tag?post=2517"}],"curies":[{"name":"wp","href":"https:\/\/api.w.org\/{rel}","templated":true}]}}