{"id":2526,"date":"2025-04-18T03:26:35","date_gmt":"2025-04-18T01:26:35","guid":{"rendered":"https:\/\/www.regionalis.shop\/ricardart\/product\/makramee-fussband-leaves-bronze\/"},"modified":"2025-04-18T03:26:35","modified_gmt":"2025-04-18T01:26:35","slug":"makramee-fussband-leaves-bronze","status":"publish","type":"product","link":"https:\/\/www.regionalis.shop\/ricardart\/shop\/makramee-fussband-leaves-bronze\/","title":{"rendered":"Makramee Fu\u00dfband &#8218;*LEAVES bronze*"},"content":{"rendered":"<p>Von Hand gefertigtes Makramee Fu\u00dfband aus gewachstem Makrameegarn (strapazierf\u00e4hig &#038; wasserfest), mit l\u00e4ngenverstellbarem Schiebeknoten zum individuellen Anpassen.<br \/>\nPerlen &#038; Anh\u00e4nger aus nickelfreiem Metall in antikem Bronze.<\/p>\n<p>*du bekommst dein Schmuckst\u00fcck h\u00fcbsch verpackt in handbedrucktem, recyceltem Altpapier- individuell &#038; umweltfreundlich<\/p>\n","protected":false},"excerpt":{"rendered":"<p>Von Hand gefertigtes Makramee Fu\u00dfband aus gewachstem Makrameegarn (strapazierf\u00e4hig &#038; wasserfest), mit l\u00e4ngenverstellbarem Schiebeknoten zum individuellen Anpassen. Perlen &#038; Anh\u00e4nger aus nickelfreiem Metall in antikem Bronze. *du bekommst dein Schmuckst\u00fcck h\u00fcbsch verpackt in handbedrucktem, recyceltem Altpapier- individuell &#038; umweltfreundlich<\/p>\n","protected":false},"featured_media":2527,"template":"","meta":{"_acf_changed":false},"product_brand":[],"product_cat":[154,70],"product_tag":[],"class_list":{"0":"post-2526","1":"product","2":"type-product","3":"status-publish","4":"has-post-thumbnail","6":"product_cat-koerperschmuck","7":"product_cat-schmuck","9":"first","10":"instock","11":"purchasable","12":"product-type-simple"},"acf":[],"_links":{"self":[{"href":"https:\/\/www.regionalis.shop\/ricardart\/wp-json\/wp\/v2\/product\/2526","targetHints":{"allow":["GET"]}}],"collection":[{"href":"https:\/\/www.regionalis.shop\/ricardart\/wp-json\/wp\/v2\/product"}],"about":[{"href":"https:\/\/www.regionalis.shop\/ricardart\/wp-json\/wp\/v2\/types\/product"}],"wp:featuredmedia":[{"embeddable":true,"href":"https:\/\/www.regionalis.shop\/ricardart\/wp-json\/wp\/v2\/media\/2527"}],"wp:attachment":[{"href":"https:\/\/www.regionalis.shop\/ricardart\/wp-json\/wp\/v2\/media?parent=2526"}],"wp:term":[{"taxonomy":"product_brand","embeddable":true,"href":"https:\/\/www.regionalis.shop\/ricardart\/wp-json\/wp\/v2\/product_brand?post=2526"},{"taxonomy":"product_cat","embeddable":true,"href":"https:\/\/www.regionalis.shop\/ricardart\/wp-json\/wp\/v2\/product_cat?post=2526"},{"taxonomy":"product_tag","embeddable":true,"href":"https:\/\/www.regionalis.shop\/ricardart\/wp-json\/wp\/v2\/product_tag?post=2526"}],"curies":[{"name":"wp","href":"https:\/\/api.w.org\/{rel}","templated":true}]}}