{"id":2638,"date":"2025-04-18T03:16:14","date_gmt":"2025-04-18T01:16:14","guid":{"rendered":"https:\/\/www.regionalis.shop\/ricardart\/product\/rosenquarz-sonnenfaenger-seed-of-life\/"},"modified":"2025-04-18T03:16:14","modified_gmt":"2025-04-18T01:16:14","slug":"rosenquarz-sonnenfaenger-seed-of-life","status":"publish","type":"product","link":"https:\/\/www.regionalis.shop\/ricardart\/shop\/rosenquarz-sonnenfaenger-seed-of-life\/","title":{"rendered":"Rosenquarz Sonnenf\u00e4nger &#8218;Seed of Life&#8216;"},"content":{"rendered":"<p>Hol dir Licht ins Haus!!!<br \/>\nDer Sonnenf\u00e4nger liebt es besonders vor Fenstern zu h\u00e4ngen. Laut Fengh Shui soll so verhindert werden, dass positive Energien zu schnell aus den Fenstern str\u00f6men. Energetisch &#038; harmonisierend!\u00a0<br \/>\nMit Regenbogenkristallen (Prisma) zur Spaltung &#038; Reflexion des Sonnenlichts<br \/>\nF\u00e4llt Licht auf die Kristalle, so zeigt sich das wunderbare Farbenspektrun des Regenbogens \u2661\u00a0<br \/>\nMit nat\u00fcrlichen Rosenquarzperlen zur Harmonisierung des Raumklimas und ganz besonders f\u00fcr unser Herzchakra \u2661<br \/>\nEin wunderbar bereicherndes Wohnaccessoire voll Harmonie &#8211; f\u00fcr jeden Ort deiner Wahl \u2661\u00a0<br \/>\nMessinghoop: 7cm<br \/>\nGesamtl\u00e4nge (ohne schlaufe):15cm<\/p>\n","protected":false},"excerpt":{"rendered":"<p>Hol dir Licht ins Haus!!! Der Sonnenf\u00e4nger liebt es besonders vor Fenstern zu h\u00e4ngen. Laut Fengh Shui soll so verhindert werden, dass positive Energien zu schnell aus den Fenstern str\u00f6men. Energetisch &#038; harmonisierend!\u00a0 Mit Regenbogenkristallen (Prisma) zur Spaltung &#038; Reflexion des Sonnenlichts F\u00e4llt Licht auf die Kristalle, so zeigt sich das wunderbare Farbenspektrun des Regenbogens &hellip; <a href=\"https:\/\/www.regionalis.shop\/ricardart\/shop\/rosenquarz-sonnenfaenger-seed-of-life\/\">Continued<\/a><\/p>\n","protected":false},"featured_media":2639,"template":"","meta":{"_acf_changed":false},"product_brand":[],"product_cat":[174,103],"product_tag":[],"class_list":{"0":"post-2638","1":"product","2":"type-product","3":"status-publish","4":"has-post-thumbnail","6":"product_cat-wohndekoration","7":"product_cat-wohnen-deko","9":"first","10":"instock","11":"purchasable","12":"product-type-simple"},"acf":[],"_links":{"self":[{"href":"https:\/\/www.regionalis.shop\/ricardart\/wp-json\/wp\/v2\/product\/2638","targetHints":{"allow":["GET"]}}],"collection":[{"href":"https:\/\/www.regionalis.shop\/ricardart\/wp-json\/wp\/v2\/product"}],"about":[{"href":"https:\/\/www.regionalis.shop\/ricardart\/wp-json\/wp\/v2\/types\/product"}],"wp:featuredmedia":[{"embeddable":true,"href":"https:\/\/www.regionalis.shop\/ricardart\/wp-json\/wp\/v2\/media\/2639"}],"wp:attachment":[{"href":"https:\/\/www.regionalis.shop\/ricardart\/wp-json\/wp\/v2\/media?parent=2638"}],"wp:term":[{"taxonomy":"product_brand","embeddable":true,"href":"https:\/\/www.regionalis.shop\/ricardart\/wp-json\/wp\/v2\/product_brand?post=2638"},{"taxonomy":"product_cat","embeddable":true,"href":"https:\/\/www.regionalis.shop\/ricardart\/wp-json\/wp\/v2\/product_cat?post=2638"},{"taxonomy":"product_tag","embeddable":true,"href":"https:\/\/www.regionalis.shop\/ricardart\/wp-json\/wp\/v2\/product_tag?post=2638"}],"curies":[{"name":"wp","href":"https:\/\/api.w.org\/{rel}","templated":true}]}}