{"id":2643,"date":"2025-04-18T03:15:05","date_gmt":"2025-04-18T01:15:05","guid":{"rendered":"https:\/\/www.regionalis.shop\/ricardart\/product\/leder-wickelarmband-nature\/"},"modified":"2025-04-18T03:15:05","modified_gmt":"2025-04-18T01:15:05","slug":"leder-wickelarmband-nature","status":"publish","type":"product","link":"https:\/\/www.regionalis.shop\/ricardart\/shop\/leder-wickelarmband-nature\/","title":{"rendered":"Leder &#8211; Wickelarmband *nature*"},"content":{"rendered":"<p>Hier d\u00fcrfen sich endlich auch mal die M\u00e4nner freuen! Die Lederarmb\u00e4nder gibt es in 3 Varianten (aus Rinderleder)<br \/>\nAlle sind mit Holzperlen best\u00fcckt &#038; mit l\u00e4ngenverstellbaren Schiebeknoten versehen, sodass sie sich individuell in ihrer Gr\u00f6\u00dfe anpassen lassen.<\/p>\n","protected":false},"excerpt":{"rendered":"<p>Hier d\u00fcrfen sich endlich auch mal die M\u00e4nner freuen! Die Lederarmb\u00e4nder gibt es in 3 Varianten (aus Rinderleder) Alle sind mit Holzperlen best\u00fcckt &#038; mit l\u00e4ngenverstellbaren Schiebeknoten versehen, sodass sie sich individuell in ihrer Gr\u00f6\u00dfe anpassen lassen.<\/p>\n","protected":false},"featured_media":2644,"template":"","meta":{"_acf_changed":false},"product_brand":[],"product_cat":[110,70],"product_tag":[],"class_list":{"0":"post-2643","1":"product","2":"type-product","3":"status-publish","4":"has-post-thumbnail","6":"product_cat-armbaender","7":"product_cat-schmuck","9":"first","10":"instock","11":"purchasable","12":"product-type-simple"},"acf":[],"_links":{"self":[{"href":"https:\/\/www.regionalis.shop\/ricardart\/wp-json\/wp\/v2\/product\/2643","targetHints":{"allow":["GET"]}}],"collection":[{"href":"https:\/\/www.regionalis.shop\/ricardart\/wp-json\/wp\/v2\/product"}],"about":[{"href":"https:\/\/www.regionalis.shop\/ricardart\/wp-json\/wp\/v2\/types\/product"}],"wp:featuredmedia":[{"embeddable":true,"href":"https:\/\/www.regionalis.shop\/ricardart\/wp-json\/wp\/v2\/media\/2644"}],"wp:attachment":[{"href":"https:\/\/www.regionalis.shop\/ricardart\/wp-json\/wp\/v2\/media?parent=2643"}],"wp:term":[{"taxonomy":"product_brand","embeddable":true,"href":"https:\/\/www.regionalis.shop\/ricardart\/wp-json\/wp\/v2\/product_brand?post=2643"},{"taxonomy":"product_cat","embeddable":true,"href":"https:\/\/www.regionalis.shop\/ricardart\/wp-json\/wp\/v2\/product_cat?post=2643"},{"taxonomy":"product_tag","embeddable":true,"href":"https:\/\/www.regionalis.shop\/ricardart\/wp-json\/wp\/v2\/product_tag?post=2643"}],"curies":[{"name":"wp","href":"https:\/\/api.w.org\/{rel}","templated":true}]}}