{"id":2652,"date":"2025-04-18T03:09:30","date_gmt":"2025-04-18T01:09:30","guid":{"rendered":"https:\/\/www.regionalis.shop\/ricardart\/product\/fusskettchen-malachit\/"},"modified":"2025-04-18T03:09:30","modified_gmt":"2025-04-18T01:09:30","slug":"fusskettchen-malachit","status":"publish","type":"product","link":"https:\/\/www.regionalis.shop\/ricardart\/shop\/fusskettchen-malachit\/","title":{"rendered":"Fu\u00dfkettchen &#8218;Malachit&#8216;"},"content":{"rendered":"<p>Ein Must-Have f\u00fcr den Sommer \u2661<br \/>\nDer l\u00e4ngenverstellbare Schiebeknoten des Fu\u00dfkettchens l\u00e4sst sich an jedes Bein individuell anpassen. Das verwendete Makrameegarn ist gewachst, sehr strapazierf\u00e4hig und darf gerne auch nass werden. Perfekt also f\u00fcr die Badesaison und f\u00fcr dauerhaftes Tragen <\/p>\n<p>\u300bMALACHIT\u00a0(Herzchakra\/An\u00e3hata)<br \/>\nLebensfreude ~ Energie ~ enorm positive physische Wirkung ~&#8216;<br \/>\nAuch als &#8218;Hebammenstein&#8216; bekannt unterst\u00fctzt &#038; begleitet er nicht nur liebevoll werdende Mamas, auch neue Erdenb\u00fcrger sollen ihr Dasein wohlbeh\u00fctet mit der sch\u00fctzenden Kraft des Malachits beginnen \u2661\u00a0<\/p>\n","protected":false},"excerpt":{"rendered":"<p>Ein Must-Have f\u00fcr den Sommer \u2661 Der l\u00e4ngenverstellbare Schiebeknoten des Fu\u00dfkettchens l\u00e4sst sich an jedes Bein individuell anpassen. Das verwendete Makrameegarn ist gewachst, sehr strapazierf\u00e4hig und darf gerne auch nass werden. Perfekt also f\u00fcr die Badesaison und f\u00fcr dauerhaftes Tragen \u300bMALACHIT\u00a0(Herzchakra\/An\u00e3hata) Lebensfreude ~ Energie ~ enorm positive physische Wirkung ~&#8216; Auch als &#8218;Hebammenstein&#8216; bekannt unterst\u00fctzt &hellip; <a href=\"https:\/\/www.regionalis.shop\/ricardart\/shop\/fusskettchen-malachit\/\">Continued<\/a><\/p>\n","protected":false},"featured_media":2653,"template":"","meta":{"_acf_changed":false},"product_brand":[],"product_cat":[154,70],"product_tag":[],"class_list":{"0":"post-2652","1":"product","2":"type-product","3":"status-publish","4":"has-post-thumbnail","6":"product_cat-koerperschmuck","7":"product_cat-schmuck","9":"first","10":"instock","11":"purchasable","12":"product-type-simple"},"acf":[],"_links":{"self":[{"href":"https:\/\/www.regionalis.shop\/ricardart\/wp-json\/wp\/v2\/product\/2652","targetHints":{"allow":["GET"]}}],"collection":[{"href":"https:\/\/www.regionalis.shop\/ricardart\/wp-json\/wp\/v2\/product"}],"about":[{"href":"https:\/\/www.regionalis.shop\/ricardart\/wp-json\/wp\/v2\/types\/product"}],"wp:featuredmedia":[{"embeddable":true,"href":"https:\/\/www.regionalis.shop\/ricardart\/wp-json\/wp\/v2\/media\/2653"}],"wp:attachment":[{"href":"https:\/\/www.regionalis.shop\/ricardart\/wp-json\/wp\/v2\/media?parent=2652"}],"wp:term":[{"taxonomy":"product_brand","embeddable":true,"href":"https:\/\/www.regionalis.shop\/ricardart\/wp-json\/wp\/v2\/product_brand?post=2652"},{"taxonomy":"product_cat","embeddable":true,"href":"https:\/\/www.regionalis.shop\/ricardart\/wp-json\/wp\/v2\/product_cat?post=2652"},{"taxonomy":"product_tag","embeddable":true,"href":"https:\/\/www.regionalis.shop\/ricardart\/wp-json\/wp\/v2\/product_tag?post=2652"}],"curies":[{"name":"wp","href":"https:\/\/api.w.org\/{rel}","templated":true}]}}