{"id":2656,"date":"2025-04-18T03:09:30","date_gmt":"2025-04-18T01:09:30","guid":{"rendered":"https:\/\/www.regionalis.shop\/ricardart\/product\/abalone-925silber-halskette-mit-swarovskikristall\/"},"modified":"2025-04-18T03:09:30","modified_gmt":"2025-04-18T01:09:30","slug":"abalone-925silber-halskette-mit-swarovskikristall","status":"publish","type":"product","link":"https:\/\/www.regionalis.shop\/ricardart\/shop\/abalone-925silber-halskette-mit-swarovskikristall\/","title":{"rendered":"ABALONE &#8211; 925Silber Halskette mit Swarovskikristall"},"content":{"rendered":"<p>Zarte Halskette mit der wundersch\u00f6nen Abalonemuschel, in ihrer einzigartigen &#038;  verzaubernden Farbstruktur \u2661<br \/>\nMit 925 Sterlingsilberperlen &#038; Swarovskikristallen.<br \/>\nDer Verschluss ist (f\u00fcr nickel Unvertr\u00e4glichkeit) aus antiallergenem Edelstahl angefertigt, inkl. Gliederkettchen zum Variieren der L\u00e4nge.<\/p>\n","protected":false},"excerpt":{"rendered":"<p>Zarte Halskette mit der wundersch\u00f6nen Abalonemuschel, in ihrer einzigartigen &#038; verzaubernden Farbstruktur \u2661 Mit 925 Sterlingsilberperlen &#038; Swarovskikristallen. Der Verschluss ist (f\u00fcr nickel Unvertr\u00e4glichkeit) aus antiallergenem Edelstahl angefertigt, inkl. Gliederkettchen zum Variieren der L\u00e4nge.<\/p>\n","protected":false},"featured_media":2657,"template":"","meta":{"_acf_changed":false},"product_brand":[],"product_cat":[141,70],"product_tag":[],"class_list":{"0":"post-2656","1":"product","2":"type-product","3":"status-publish","4":"has-post-thumbnail","6":"product_cat-halsketten","7":"product_cat-schmuck","9":"first","10":"instock","11":"purchasable","12":"product-type-simple"},"acf":[],"_links":{"self":[{"href":"https:\/\/www.regionalis.shop\/ricardart\/wp-json\/wp\/v2\/product\/2656","targetHints":{"allow":["GET"]}}],"collection":[{"href":"https:\/\/www.regionalis.shop\/ricardart\/wp-json\/wp\/v2\/product"}],"about":[{"href":"https:\/\/www.regionalis.shop\/ricardart\/wp-json\/wp\/v2\/types\/product"}],"wp:featuredmedia":[{"embeddable":true,"href":"https:\/\/www.regionalis.shop\/ricardart\/wp-json\/wp\/v2\/media\/2657"}],"wp:attachment":[{"href":"https:\/\/www.regionalis.shop\/ricardart\/wp-json\/wp\/v2\/media?parent=2656"}],"wp:term":[{"taxonomy":"product_brand","embeddable":true,"href":"https:\/\/www.regionalis.shop\/ricardart\/wp-json\/wp\/v2\/product_brand?post=2656"},{"taxonomy":"product_cat","embeddable":true,"href":"https:\/\/www.regionalis.shop\/ricardart\/wp-json\/wp\/v2\/product_cat?post=2656"},{"taxonomy":"product_tag","embeddable":true,"href":"https:\/\/www.regionalis.shop\/ricardart\/wp-json\/wp\/v2\/product_tag?post=2656"}],"curies":[{"name":"wp","href":"https:\/\/api.w.org\/{rel}","templated":true}]}}