{"id":2673,"date":"2025-04-18T03:06:44","date_gmt":"2025-04-18T01:06:44","guid":{"rendered":"https:\/\/www.regionalis.shop\/ricardart\/product\/kauri-wickelarmband-amazonit-gold\/"},"modified":"2025-04-18T03:06:44","modified_gmt":"2025-04-18T01:06:44","slug":"kauri-wickelarmband-amazonit-gold","status":"publish","type":"product","link":"https:\/\/www.regionalis.shop\/ricardart\/shop\/kauri-wickelarmband-amazonit-gold\/","title":{"rendered":"KAURI &#8211; Wickelarmband &#8218;Amazonit gold&#8216;"},"content":{"rendered":"<p>&#8211; extralanges Makrameeband (\u00fcber 60cm) mit vergoldeter Kauri- Muschel &#038; Amazonitperlen<br \/>\n&#8211; individuell &#038; flexibel einsetzbar (als Armband , Fu\u00dfkettchen oder um den Hals)<br \/>\n&#8211; durch das gewachste, sehr strapazierf\u00e4hige Makrameegarn leicht zu verknoten &#038; wieder zu \u00f6ffnen &#8211; au\u00dferdem ist es wasserfest &#8211; perfekt im Sommer \u2661<\/p>\n<p>Ein h\u00fcbscher &#038; farbenfroher Begleiter &#8211; ganz besonders w\u00e4hrend der &#8218;Barfu\u00df- &#038; Fu\u00dfkettchen- Saison&#8216; \u2661<\/p>\n","protected":false},"excerpt":{"rendered":"<p>&#8211; extralanges Makrameeband (\u00fcber 60cm) mit vergoldeter Kauri- Muschel &#038; Amazonitperlen &#8211; individuell &#038; flexibel einsetzbar (als Armband , Fu\u00dfkettchen oder um den Hals) &#8211; durch das gewachste, sehr strapazierf\u00e4hige Makrameegarn leicht zu verknoten &#038; wieder zu \u00f6ffnen &#8211; au\u00dferdem ist es wasserfest &#8211; perfekt im Sommer \u2661 Ein h\u00fcbscher &#038; farbenfroher Begleiter &#8211; ganz &hellip; <a href=\"https:\/\/www.regionalis.shop\/ricardart\/shop\/kauri-wickelarmband-amazonit-gold\/\">Continued<\/a><\/p>\n","protected":false},"featured_media":2674,"template":"","meta":{"_acf_changed":false},"product_brand":[],"product_cat":[110,70],"product_tag":[],"class_list":{"0":"post-2673","1":"product","2":"type-product","3":"status-publish","4":"has-post-thumbnail","6":"product_cat-armbaender","7":"product_cat-schmuck","9":"first","10":"instock","11":"purchasable","12":"product-type-simple"},"acf":[],"_links":{"self":[{"href":"https:\/\/www.regionalis.shop\/ricardart\/wp-json\/wp\/v2\/product\/2673","targetHints":{"allow":["GET"]}}],"collection":[{"href":"https:\/\/www.regionalis.shop\/ricardart\/wp-json\/wp\/v2\/product"}],"about":[{"href":"https:\/\/www.regionalis.shop\/ricardart\/wp-json\/wp\/v2\/types\/product"}],"wp:featuredmedia":[{"embeddable":true,"href":"https:\/\/www.regionalis.shop\/ricardart\/wp-json\/wp\/v2\/media\/2674"}],"wp:attachment":[{"href":"https:\/\/www.regionalis.shop\/ricardart\/wp-json\/wp\/v2\/media?parent=2673"}],"wp:term":[{"taxonomy":"product_brand","embeddable":true,"href":"https:\/\/www.regionalis.shop\/ricardart\/wp-json\/wp\/v2\/product_brand?post=2673"},{"taxonomy":"product_cat","embeddable":true,"href":"https:\/\/www.regionalis.shop\/ricardart\/wp-json\/wp\/v2\/product_cat?post=2673"},{"taxonomy":"product_tag","embeddable":true,"href":"https:\/\/www.regionalis.shop\/ricardart\/wp-json\/wp\/v2\/product_tag?post=2673"}],"curies":[{"name":"wp","href":"https:\/\/api.w.org\/{rel}","templated":true}]}}