{"id":2677,"date":"2025-04-18T03:06:44","date_gmt":"2025-04-18T01:06:44","guid":{"rendered":"https:\/\/www.regionalis.shop\/ricardart\/product\/kauri-wickelarmband-mondstein-gold\/"},"modified":"2025-04-18T03:06:44","modified_gmt":"2025-04-18T01:06:44","slug":"kauri-wickelarmband-mondstein-gold","status":"publish","type":"product","link":"https:\/\/www.regionalis.shop\/ricardart\/shop\/kauri-wickelarmband-mondstein-gold\/","title":{"rendered":"KAURI &#8211; Wickelarmband &#8218;Mondstein gold&#8216;"},"content":{"rendered":"<p>&#8211; extralanges Makrameeband (\u00fcber 60cm) mit vergoldeter Kauri- Muschel &#038; nat\u00fcrlichem Mondstein in seiner wundersch\u00f6nen &#038; einzigartigen Rohform<br \/>\n&#8211; individuell &#038; flexibel einsetzbar (als Armband , Fu\u00dfkettchen,Hals&#8230;)<br \/>\n&#8211; durch das gewachste, sehr strapazierf\u00e4hige Makrameegarn leicht zu verknoten &#038; wieder zu \u00f6ffnen &#8211; au\u00dferdem ist es wasserfest &#8211; perfekt f\u00fcr den Sommer \u2661<\/p>\n<p>Ein einzigartiger Begleiter f\u00fcr einen einzigartigen Menschen \u2661<\/p>\n","protected":false},"excerpt":{"rendered":"<p>&#8211; extralanges Makrameeband (\u00fcber 60cm) mit vergoldeter Kauri- Muschel &#038; nat\u00fcrlichem Mondstein in seiner wundersch\u00f6nen &#038; einzigartigen Rohform &#8211; individuell &#038; flexibel einsetzbar (als Armband , Fu\u00dfkettchen,Hals&#8230;) &#8211; durch das gewachste, sehr strapazierf\u00e4hige Makrameegarn leicht zu verknoten &#038; wieder zu \u00f6ffnen &#8211; au\u00dferdem ist es wasserfest &#8211; perfekt f\u00fcr den Sommer \u2661 Ein einzigartiger Begleiter &hellip; <a href=\"https:\/\/www.regionalis.shop\/ricardart\/shop\/kauri-wickelarmband-mondstein-gold\/\">Continued<\/a><\/p>\n","protected":false},"featured_media":2678,"template":"","meta":{"_acf_changed":false},"product_brand":[],"product_cat":[110,70],"product_tag":[],"class_list":{"0":"post-2677","1":"product","2":"type-product","3":"status-publish","4":"has-post-thumbnail","6":"product_cat-armbaender","7":"product_cat-schmuck","9":"first","10":"instock","11":"purchasable","12":"product-type-simple"},"acf":[],"_links":{"self":[{"href":"https:\/\/www.regionalis.shop\/ricardart\/wp-json\/wp\/v2\/product\/2677","targetHints":{"allow":["GET"]}}],"collection":[{"href":"https:\/\/www.regionalis.shop\/ricardart\/wp-json\/wp\/v2\/product"}],"about":[{"href":"https:\/\/www.regionalis.shop\/ricardart\/wp-json\/wp\/v2\/types\/product"}],"wp:featuredmedia":[{"embeddable":true,"href":"https:\/\/www.regionalis.shop\/ricardart\/wp-json\/wp\/v2\/media\/2678"}],"wp:attachment":[{"href":"https:\/\/www.regionalis.shop\/ricardart\/wp-json\/wp\/v2\/media?parent=2677"}],"wp:term":[{"taxonomy":"product_brand","embeddable":true,"href":"https:\/\/www.regionalis.shop\/ricardart\/wp-json\/wp\/v2\/product_brand?post=2677"},{"taxonomy":"product_cat","embeddable":true,"href":"https:\/\/www.regionalis.shop\/ricardart\/wp-json\/wp\/v2\/product_cat?post=2677"},{"taxonomy":"product_tag","embeddable":true,"href":"https:\/\/www.regionalis.shop\/ricardart\/wp-json\/wp\/v2\/product_tag?post=2677"}],"curies":[{"name":"wp","href":"https:\/\/api.w.org\/{rel}","templated":true}]}}