{"id":2697,"date":"2025-04-18T03:04:16","date_gmt":"2025-04-18T01:04:16","guid":{"rendered":"https:\/\/www.regionalis.shop\/ricardart\/product\/armband-kauri\/"},"modified":"2025-04-18T03:04:16","modified_gmt":"2025-04-18T01:04:16","slug":"armband-kauri","status":"publish","type":"product","link":"https:\/\/www.regionalis.shop\/ricardart\/shop\/armband-kauri\/","title":{"rendered":"Armband &#8218;Kauri&#8216;"},"content":{"rendered":"<p>Das sommerliche Armband  mit nat\u00fcrlicher Kaurimuschel l\u00e4sst sich durch seinen l\u00e4ngenverstellbaren Schiebeknoten individuell an jedes Handgelenk anpassen. Von Hand gefertigt aus sehr widerstandsf\u00e4higem &#038; wasserfestem Makrameegarn &#8211; ideal also f\u00fcr die Bade- und Urlaubssaison \u2661<\/p>\n","protected":false},"excerpt":{"rendered":"<p>Das sommerliche Armband mit nat\u00fcrlicher Kaurimuschel l\u00e4sst sich durch seinen l\u00e4ngenverstellbaren Schiebeknoten individuell an jedes Handgelenk anpassen. Von Hand gefertigt aus sehr widerstandsf\u00e4higem &#038; wasserfestem Makrameegarn &#8211; ideal also f\u00fcr die Bade- und Urlaubssaison \u2661<\/p>\n","protected":false},"featured_media":2698,"template":"","meta":{"_acf_changed":false},"product_brand":[],"product_cat":[110,70],"product_tag":[],"class_list":{"0":"post-2697","1":"product","2":"type-product","3":"status-publish","4":"has-post-thumbnail","6":"product_cat-armbaender","7":"product_cat-schmuck","9":"first","10":"instock","11":"purchasable","12":"product-type-simple"},"acf":[],"_links":{"self":[{"href":"https:\/\/www.regionalis.shop\/ricardart\/wp-json\/wp\/v2\/product\/2697","targetHints":{"allow":["GET"]}}],"collection":[{"href":"https:\/\/www.regionalis.shop\/ricardart\/wp-json\/wp\/v2\/product"}],"about":[{"href":"https:\/\/www.regionalis.shop\/ricardart\/wp-json\/wp\/v2\/types\/product"}],"wp:featuredmedia":[{"embeddable":true,"href":"https:\/\/www.regionalis.shop\/ricardart\/wp-json\/wp\/v2\/media\/2698"}],"wp:attachment":[{"href":"https:\/\/www.regionalis.shop\/ricardart\/wp-json\/wp\/v2\/media?parent=2697"}],"wp:term":[{"taxonomy":"product_brand","embeddable":true,"href":"https:\/\/www.regionalis.shop\/ricardart\/wp-json\/wp\/v2\/product_brand?post=2697"},{"taxonomy":"product_cat","embeddable":true,"href":"https:\/\/www.regionalis.shop\/ricardart\/wp-json\/wp\/v2\/product_cat?post=2697"},{"taxonomy":"product_tag","embeddable":true,"href":"https:\/\/www.regionalis.shop\/ricardart\/wp-json\/wp\/v2\/product_tag?post=2697"}],"curies":[{"name":"wp","href":"https:\/\/api.w.org\/{rel}","templated":true}]}}