{"id":2729,"date":"2025-04-18T02:54:08","date_gmt":"2025-04-18T00:54:08","guid":{"rendered":"https:\/\/www.regionalis.shop\/ricardart\/product\/citrin-armband-manipura-gold\/"},"modified":"2025-04-18T02:54:08","modified_gmt":"2025-04-18T00:54:08","slug":"citrin-armband-manipura-gold","status":"publish","type":"product","link":"https:\/\/www.regionalis.shop\/ricardart\/shop\/citrin-armband-manipura-gold\/","title":{"rendered":"Citrin Armband &#8218;Manip\u016bra gold&#8216;"},"content":{"rendered":"<p>Kraftvolles Heilsteinarmband mit strahlendem Citrin \u2661<br \/>\nDas Armband aus gewachstem Makrameegarn (strapazierf\u00e4hig &#038; wasserabweisend) l\u00e4sst sich durch den l\u00e4ngenverstellbaren Schiebeknoten sehr gut anpassen<\/p>\n<p>\u300bCITRIN\u00a0(Solarplexuschakra\/ Manip\u016bra)<br \/>\n~ Lebensfreude ~ Energie ~ Lebensmut ~<br \/>\nEin Powerstein &#038; Energiespender \u2661\u00a0<br \/>\nDer Citrin bringt deine inneres Licht zum Strahlen \u2661 Er schenkt dir Lebensfreude und ist ein wahrer Sonnenspender<\/p>\n","protected":false},"excerpt":{"rendered":"<p>Kraftvolles Heilsteinarmband mit strahlendem Citrin \u2661 Das Armband aus gewachstem Makrameegarn (strapazierf\u00e4hig &#038; wasserabweisend) l\u00e4sst sich durch den l\u00e4ngenverstellbaren Schiebeknoten sehr gut anpassen \u300bCITRIN\u00a0(Solarplexuschakra\/ Manip\u016bra) ~ Lebensfreude ~ Energie ~ Lebensmut ~ Ein Powerstein &#038; Energiespender \u2661\u00a0 Der Citrin bringt deine inneres Licht zum Strahlen \u2661 Er schenkt dir Lebensfreude und ist ein wahrer Sonnenspender<\/p>\n","protected":false},"featured_media":2730,"template":"","meta":{"_acf_changed":false},"product_brand":[],"product_cat":[110,70],"product_tag":[],"class_list":{"0":"post-2729","1":"product","2":"type-product","3":"status-publish","4":"has-post-thumbnail","6":"product_cat-armbaender","7":"product_cat-schmuck","9":"first","10":"instock","11":"purchasable","12":"product-type-simple"},"acf":[],"_links":{"self":[{"href":"https:\/\/www.regionalis.shop\/ricardart\/wp-json\/wp\/v2\/product\/2729","targetHints":{"allow":["GET"]}}],"collection":[{"href":"https:\/\/www.regionalis.shop\/ricardart\/wp-json\/wp\/v2\/product"}],"about":[{"href":"https:\/\/www.regionalis.shop\/ricardart\/wp-json\/wp\/v2\/types\/product"}],"wp:featuredmedia":[{"embeddable":true,"href":"https:\/\/www.regionalis.shop\/ricardart\/wp-json\/wp\/v2\/media\/2730"}],"wp:attachment":[{"href":"https:\/\/www.regionalis.shop\/ricardart\/wp-json\/wp\/v2\/media?parent=2729"}],"wp:term":[{"taxonomy":"product_brand","embeddable":true,"href":"https:\/\/www.regionalis.shop\/ricardart\/wp-json\/wp\/v2\/product_brand?post=2729"},{"taxonomy":"product_cat","embeddable":true,"href":"https:\/\/www.regionalis.shop\/ricardart\/wp-json\/wp\/v2\/product_cat?post=2729"},{"taxonomy":"product_tag","embeddable":true,"href":"https:\/\/www.regionalis.shop\/ricardart\/wp-json\/wp\/v2\/product_tag?post=2729"}],"curies":[{"name":"wp","href":"https:\/\/api.w.org\/{rel}","templated":true}]}}