{"id":2771,"date":"2025-04-18T02:48:27","date_gmt":"2025-04-18T00:48:27","guid":{"rendered":"https:\/\/www.regionalis.shop\/ricardart\/product\/geschenkbox-for-you\/"},"modified":"2025-04-18T02:48:27","modified_gmt":"2025-04-18T00:48:27","slug":"geschenkbox-for-you","status":"publish","type":"product","link":"https:\/\/www.regionalis.shop\/ricardart\/shop\/geschenkbox-for-you\/","title":{"rendered":"Geschenkbox *FOR YOU*"},"content":{"rendered":"<p>Stelle dir dein eigenes, zweiteiliges GESCHENKSET zusammen &#8211; bestehend aus:<\/p>\n<p>&#8211; Makramee Schl\u00fcsselanh\u00e4nger (viele Farben zur Auswahl): aus 100%iger Baumwolle, mit Messingkarabiner (~ 12cm Gesamtl\u00e4nge)<br \/>\n&#8211;  Armband nach Wahl  (Circle&#038;Eule aus antialergenem Edelstahl, Teardrop aus nickelfreiem Messing, Herzen aus H\u00e4matit) Ideal als nette Aufmerksamkeit oder als kleines Geschenk f\u00fcr eine\/n deiner Lieben \u2661<\/p>\n","protected":false},"excerpt":{"rendered":"<p>Stelle dir dein eigenes, zweiteiliges GESCHENKSET zusammen &#8211; bestehend aus: &#8211; Makramee Schl\u00fcsselanh\u00e4nger (viele Farben zur Auswahl): aus 100%iger Baumwolle, mit Messingkarabiner (~ 12cm Gesamtl\u00e4nge) &#8211; Armband nach Wahl (Circle&#038;Eule aus antialergenem Edelstahl, Teardrop aus nickelfreiem Messing, Herzen aus H\u00e4matit) Ideal als nette Aufmerksamkeit oder als kleines Geschenk f\u00fcr eine\/n deiner Lieben \u2661<\/p>\n","protected":false},"featured_media":2772,"template":"","meta":{"_acf_changed":false},"product_brand":[],"product_cat":[173,103],"product_tag":[],"class_list":{"0":"post-2771","1":"product","2":"type-product","3":"status-publish","4":"has-post-thumbnail","6":"product_cat-weihnachten","7":"product_cat-wohnen-deko","9":"first","10":"instock","11":"purchasable","12":"product-type-simple"},"acf":[],"_links":{"self":[{"href":"https:\/\/www.regionalis.shop\/ricardart\/wp-json\/wp\/v2\/product\/2771","targetHints":{"allow":["GET"]}}],"collection":[{"href":"https:\/\/www.regionalis.shop\/ricardart\/wp-json\/wp\/v2\/product"}],"about":[{"href":"https:\/\/www.regionalis.shop\/ricardart\/wp-json\/wp\/v2\/types\/product"}],"wp:featuredmedia":[{"embeddable":true,"href":"https:\/\/www.regionalis.shop\/ricardart\/wp-json\/wp\/v2\/media\/2772"}],"wp:attachment":[{"href":"https:\/\/www.regionalis.shop\/ricardart\/wp-json\/wp\/v2\/media?parent=2771"}],"wp:term":[{"taxonomy":"product_brand","embeddable":true,"href":"https:\/\/www.regionalis.shop\/ricardart\/wp-json\/wp\/v2\/product_brand?post=2771"},{"taxonomy":"product_cat","embeddable":true,"href":"https:\/\/www.regionalis.shop\/ricardart\/wp-json\/wp\/v2\/product_cat?post=2771"},{"taxonomy":"product_tag","embeddable":true,"href":"https:\/\/www.regionalis.shop\/ricardart\/wp-json\/wp\/v2\/product_tag?post=2771"}],"curies":[{"name":"wp","href":"https:\/\/api.w.org\/{rel}","templated":true}]}}