{"id":2834,"date":"2025-04-18T02:34:14","date_gmt":"2025-04-18T00:34:14","guid":{"rendered":"https:\/\/www.regionalis.shop\/ricardart\/product\/ohrringe-ethno-classic-tigereye-18k-vergoldet\/"},"modified":"2025-04-18T02:34:14","modified_gmt":"2025-04-18T00:34:14","slug":"ohrringe-ethno-classic-tigereye-18k-vergoldet","status":"publish","type":"product","link":"https:\/\/www.regionalis.shop\/ricardart\/shop\/ohrringe-ethno-classic-tigereye-18k-vergoldet\/","title":{"rendered":"Ohrringe *ETHNO CLASSIC TIGEREYE* 18k vergoldet"},"content":{"rendered":"<p>Einzigartige Ohrsch\u00e4tze in klassischem schwarz-gold, mit wundersch\u00f6nen Pendants im Ethno-Design.<br \/>\nMaterial: Ohrhaken aus hochwertigem, 18k vergoldetem Edelstahl, Hoops mit 40mm Durchmesser aus (vergoldetem) Messing, best\u00fcckt mit nat\u00fcrlichem Tigerauge &#038; 18k vergoldeten Kupferperlen.<br \/>\nGesamtl\u00e4nge der Ohrringe: ~ 6cm<br \/>\n*du bekommst deine Ohrringe liebevoll verpackt in einer handbedruckten Box aus recyceltem Altpapier<\/p>\n","protected":false},"excerpt":{"rendered":"<p>Einzigartige Ohrsch\u00e4tze in klassischem schwarz-gold, mit wundersch\u00f6nen Pendants im Ethno-Design. Material: Ohrhaken aus hochwertigem, 18k vergoldetem Edelstahl, Hoops mit 40mm Durchmesser aus (vergoldetem) Messing, best\u00fcckt mit nat\u00fcrlichem Tigerauge &#038; 18k vergoldeten Kupferperlen. Gesamtl\u00e4nge der Ohrringe: ~ 6cm *du bekommst deine Ohrringe liebevoll verpackt in einer handbedruckten Box aus recyceltem Altpapier<\/p>\n","protected":false},"featured_media":2835,"template":"","meta":{"_acf_changed":false},"product_brand":[],"product_cat":[163,70],"product_tag":[],"class_list":{"0":"post-2834","1":"product","2":"type-product","3":"status-publish","4":"has-post-thumbnail","6":"product_cat-ohrringe","7":"product_cat-schmuck","9":"first","10":"instock","11":"purchasable","12":"product-type-simple"},"acf":[],"_links":{"self":[{"href":"https:\/\/www.regionalis.shop\/ricardart\/wp-json\/wp\/v2\/product\/2834","targetHints":{"allow":["GET"]}}],"collection":[{"href":"https:\/\/www.regionalis.shop\/ricardart\/wp-json\/wp\/v2\/product"}],"about":[{"href":"https:\/\/www.regionalis.shop\/ricardart\/wp-json\/wp\/v2\/types\/product"}],"wp:featuredmedia":[{"embeddable":true,"href":"https:\/\/www.regionalis.shop\/ricardart\/wp-json\/wp\/v2\/media\/2835"}],"wp:attachment":[{"href":"https:\/\/www.regionalis.shop\/ricardart\/wp-json\/wp\/v2\/media?parent=2834"}],"wp:term":[{"taxonomy":"product_brand","embeddable":true,"href":"https:\/\/www.regionalis.shop\/ricardart\/wp-json\/wp\/v2\/product_brand?post=2834"},{"taxonomy":"product_cat","embeddable":true,"href":"https:\/\/www.regionalis.shop\/ricardart\/wp-json\/wp\/v2\/product_cat?post=2834"},{"taxonomy":"product_tag","embeddable":true,"href":"https:\/\/www.regionalis.shop\/ricardart\/wp-json\/wp\/v2\/product_tag?post=2834"}],"curies":[{"name":"wp","href":"https:\/\/api.w.org\/{rel}","templated":true}]}}