{"id":2849,"date":"2025-04-18T02:22:54","date_gmt":"2025-04-18T00:22:54","guid":{"rendered":"https:\/\/www.regionalis.shop\/ricardart\/product\/chakra-armband-crystal-healing\/"},"modified":"2025-04-18T02:22:54","modified_gmt":"2025-04-18T00:22:54","slug":"chakra-armband-crystal-healing","status":"publish","type":"product","link":"https:\/\/www.regionalis.shop\/ricardart\/shop\/chakra-armband-crystal-healing\/","title":{"rendered":"CHAKRA Armband &#8218;crystal healing&#8216;"},"content":{"rendered":"<p>Energetische Wegbegleiter mit sorgf\u00e4ltig ausgew\u00e4hlten<br \/>\nEdelsteinperlen zur Harmonisierung der jeweiligen Chakren \u262f\ufe0f<br \/>\nAlle Armb\u00e4nder sind mit l\u00e4ngenverstellbaren Schiebeknoten versehen, sodass sie sich an jedes Handgelenk anpassen lassen.<br \/>\nAus strapazierf\u00e4higem, gewachsten Makrameegarn,   welches wasserfest und somit auch f\u00fcr dauerhaftes Tragen geeignet ist.  \u2661<br \/>\n\u2606 Zu jedem Armband bekommst du ein K\u00e4rtchen mit der jeweiligen Steinbeschreibung mit dazu \u2661<br \/>\nFeine Begleiter f\u00fcr K\u00f6rper und Geist \u2661<\/p>\n","protected":false},"excerpt":{"rendered":"<p>Energetische Wegbegleiter mit sorgf\u00e4ltig ausgew\u00e4hlten Edelsteinperlen zur Harmonisierung der jeweiligen Chakren \u262f\ufe0f Alle Armb\u00e4nder sind mit l\u00e4ngenverstellbaren Schiebeknoten versehen, sodass sie sich an jedes Handgelenk anpassen lassen. Aus strapazierf\u00e4higem, gewachsten Makrameegarn, welches wasserfest und somit auch f\u00fcr dauerhaftes Tragen geeignet ist. \u2661 \u2606 Zu jedem Armband bekommst du ein K\u00e4rtchen mit der jeweiligen Steinbeschreibung mit &hellip; <a href=\"https:\/\/www.regionalis.shop\/ricardart\/shop\/chakra-armband-crystal-healing\/\">Continued<\/a><\/p>\n","protected":false},"featured_media":2850,"template":"","meta":{"_acf_changed":false},"product_brand":[],"product_cat":[110,70],"product_tag":[],"class_list":{"0":"post-2849","1":"product","2":"type-product","3":"status-publish","4":"has-post-thumbnail","6":"product_cat-armbaender","7":"product_cat-schmuck","9":"first","10":"instock","11":"purchasable","12":"product-type-simple"},"acf":[],"_links":{"self":[{"href":"https:\/\/www.regionalis.shop\/ricardart\/wp-json\/wp\/v2\/product\/2849","targetHints":{"allow":["GET"]}}],"collection":[{"href":"https:\/\/www.regionalis.shop\/ricardart\/wp-json\/wp\/v2\/product"}],"about":[{"href":"https:\/\/www.regionalis.shop\/ricardart\/wp-json\/wp\/v2\/types\/product"}],"wp:featuredmedia":[{"embeddable":true,"href":"https:\/\/www.regionalis.shop\/ricardart\/wp-json\/wp\/v2\/media\/2850"}],"wp:attachment":[{"href":"https:\/\/www.regionalis.shop\/ricardart\/wp-json\/wp\/v2\/media?parent=2849"}],"wp:term":[{"taxonomy":"product_brand","embeddable":true,"href":"https:\/\/www.regionalis.shop\/ricardart\/wp-json\/wp\/v2\/product_brand?post=2849"},{"taxonomy":"product_cat","embeddable":true,"href":"https:\/\/www.regionalis.shop\/ricardart\/wp-json\/wp\/v2\/product_cat?post=2849"},{"taxonomy":"product_tag","embeddable":true,"href":"https:\/\/www.regionalis.shop\/ricardart\/wp-json\/wp\/v2\/product_tag?post=2849"}],"curies":[{"name":"wp","href":"https:\/\/api.w.org\/{rel}","templated":true}]}}