{"id":2926,"date":"2025-04-18T01:51:26","date_gmt":"2025-04-17T23:51:26","guid":{"rendered":"https:\/\/www.regionalis.shop\/ricardart\/product\/18k-vergoldete-tigerauge-ohrringe-aztek\/"},"modified":"2025-04-18T01:51:26","modified_gmt":"2025-04-17T23:51:26","slug":"18k-vergoldete-tigerauge-ohrringe-aztek","status":"publish","type":"product","link":"https:\/\/www.regionalis.shop\/ricardart\/shop\/18k-vergoldete-tigerauge-ohrringe-aztek\/","title":{"rendered":"18k vergoldete Tigerauge &#8211; Ohrringe &#8218;Aztek&#8216;"},"content":{"rendered":"<p>Wundersch\u00f6ner Ohrschmuck mit Stil, im goldenen Ethnolook.<br \/>\nDie Ohrhaken sind aus 18k vergoldetem Edelstahl, welche auch f\u00fcr sensible Ohren geeignet sein sollten.<br \/>\nTropfenf\u00f6rmige Pendants aus hochwertigem, vergoldetem Kupfer machen die Ohrringe zu einem echten Hingucker &#038; einzigartigem Schatz<br \/>\nGesamtl\u00e4nge der Ohrringe: ~ 7cm<\/p>\n<p>Das TIGERAUGE ist ein sehr kraftvoller Stein und wird seit jeher als Talisman verwendet, da er negative Energien fernhalten soll. Au\u00dferdem wird er zur Harmonisierung unseres Solarplexuschakras verwendet. Er steht f\u00fcr Mut , Kraft &#038; Durchblick<\/p>\n","protected":false},"excerpt":{"rendered":"<p>Wundersch\u00f6ner Ohrschmuck mit Stil, im goldenen Ethnolook. Die Ohrhaken sind aus 18k vergoldetem Edelstahl, welche auch f\u00fcr sensible Ohren geeignet sein sollten. Tropfenf\u00f6rmige Pendants aus hochwertigem, vergoldetem Kupfer machen die Ohrringe zu einem echten Hingucker &#038; einzigartigem Schatz Gesamtl\u00e4nge der Ohrringe: ~ 7cm Das TIGERAUGE ist ein sehr kraftvoller Stein und wird seit jeher als &hellip; <a href=\"https:\/\/www.regionalis.shop\/ricardart\/shop\/18k-vergoldete-tigerauge-ohrringe-aztek\/\">Continued<\/a><\/p>\n","protected":false},"featured_media":2927,"template":"","meta":{"_acf_changed":false},"product_brand":[],"product_cat":[163,70],"product_tag":[],"class_list":{"0":"post-2926","1":"product","2":"type-product","3":"status-publish","4":"has-post-thumbnail","6":"product_cat-ohrringe","7":"product_cat-schmuck","9":"first","10":"instock","11":"purchasable","12":"product-type-simple"},"acf":[],"_links":{"self":[{"href":"https:\/\/www.regionalis.shop\/ricardart\/wp-json\/wp\/v2\/product\/2926","targetHints":{"allow":["GET"]}}],"collection":[{"href":"https:\/\/www.regionalis.shop\/ricardart\/wp-json\/wp\/v2\/product"}],"about":[{"href":"https:\/\/www.regionalis.shop\/ricardart\/wp-json\/wp\/v2\/types\/product"}],"wp:featuredmedia":[{"embeddable":true,"href":"https:\/\/www.regionalis.shop\/ricardart\/wp-json\/wp\/v2\/media\/2927"}],"wp:attachment":[{"href":"https:\/\/www.regionalis.shop\/ricardart\/wp-json\/wp\/v2\/media?parent=2926"}],"wp:term":[{"taxonomy":"product_brand","embeddable":true,"href":"https:\/\/www.regionalis.shop\/ricardart\/wp-json\/wp\/v2\/product_brand?post=2926"},{"taxonomy":"product_cat","embeddable":true,"href":"https:\/\/www.regionalis.shop\/ricardart\/wp-json\/wp\/v2\/product_cat?post=2926"},{"taxonomy":"product_tag","embeddable":true,"href":"https:\/\/www.regionalis.shop\/ricardart\/wp-json\/wp\/v2\/product_tag?post=2926"}],"curies":[{"name":"wp","href":"https:\/\/api.w.org\/{rel}","templated":true}]}}