{"id":2942,"date":"2025-04-18T01:44:16","date_gmt":"2025-04-17T23:44:16","guid":{"rendered":"https:\/\/www.regionalis.shop\/ricardart\/product\/tuerkis-ohrringe-spirale\/"},"modified":"2025-04-18T01:44:16","modified_gmt":"2025-04-17T23:44:16","slug":"tuerkis-ohrringe-spirale","status":"publish","type":"product","link":"https:\/\/www.regionalis.shop\/ricardart\/shop\/tuerkis-ohrringe-spirale\/","title":{"rendered":"T\u00fcrkis Ohrringe &#8218;Spirale&#8216;"},"content":{"rendered":"<p>Kraftvoller Edelstein- Ohrschmuck in antikgold, mit Ohrhaken aus hypoallergenem Edelstahl &#038; nat\u00fcrlichen T\u00fcrkisperlen<br \/>\nGesamtl\u00e4nge ~ 35mm<\/p>\n","protected":false},"excerpt":{"rendered":"<p>Kraftvoller Edelstein- Ohrschmuck in antikgold, mit Ohrhaken aus hypoallergenem Edelstahl &#038; nat\u00fcrlichen T\u00fcrkisperlen Gesamtl\u00e4nge ~ 35mm<\/p>\n","protected":false},"featured_media":2943,"template":"","meta":{"_acf_changed":false},"product_brand":[],"product_cat":[163,70],"product_tag":[],"class_list":{"0":"post-2942","1":"product","2":"type-product","3":"status-publish","4":"has-post-thumbnail","6":"product_cat-ohrringe","7":"product_cat-schmuck","9":"first","10":"instock","11":"purchasable","12":"product-type-simple"},"acf":[],"_links":{"self":[{"href":"https:\/\/www.regionalis.shop\/ricardart\/wp-json\/wp\/v2\/product\/2942","targetHints":{"allow":["GET"]}}],"collection":[{"href":"https:\/\/www.regionalis.shop\/ricardart\/wp-json\/wp\/v2\/product"}],"about":[{"href":"https:\/\/www.regionalis.shop\/ricardart\/wp-json\/wp\/v2\/types\/product"}],"wp:featuredmedia":[{"embeddable":true,"href":"https:\/\/www.regionalis.shop\/ricardart\/wp-json\/wp\/v2\/media\/2943"}],"wp:attachment":[{"href":"https:\/\/www.regionalis.shop\/ricardart\/wp-json\/wp\/v2\/media?parent=2942"}],"wp:term":[{"taxonomy":"product_brand","embeddable":true,"href":"https:\/\/www.regionalis.shop\/ricardart\/wp-json\/wp\/v2\/product_brand?post=2942"},{"taxonomy":"product_cat","embeddable":true,"href":"https:\/\/www.regionalis.shop\/ricardart\/wp-json\/wp\/v2\/product_cat?post=2942"},{"taxonomy":"product_tag","embeddable":true,"href":"https:\/\/www.regionalis.shop\/ricardart\/wp-json\/wp\/v2\/product_tag?post=2942"}],"curies":[{"name":"wp","href":"https:\/\/api.w.org\/{rel}","templated":true}]}}