{"id":3036,"date":"2025-04-18T00:51:30","date_gmt":"2025-04-17T22:51:30","guid":{"rendered":"https:\/\/www.regionalis.shop\/ricardart\/product\/amethyst-armband-sahasrara-gold\/"},"modified":"2025-04-18T00:51:30","modified_gmt":"2025-04-17T22:51:30","slug":"amethyst-armband-sahasrara-gold","status":"publish","type":"product","link":"https:\/\/www.regionalis.shop\/ricardart\/shop\/amethyst-armband-sahasrara-gold\/","title":{"rendered":"Amethyst Armband *Sahasrara gold*"},"content":{"rendered":"<p>Dreireihiges Amethystarmband von Hand gefertigt aus gewachstem Makrameegarn (strapazierf\u00e4hig &#038; wasserfest, mit 6mm Amethyst &#038;.vergoldeten Messingperlen.<br \/>\nDas Armband l\u00e4sst sich durch seinen Schiebeverschluss individuell in der L\u00e4nge anpassen. Ein kraftvoller Wegbegleiter, ob f\u00fcr dich oder eine\/n deiner Lieben  <\/p>\n<p>*du bekommst dein Schmuckst\u00fcck h\u00fcbsch verpackt in einer handbedruckten Box aus recyceltem Altpapier, mit pers\u00f6nlichem Steckbrief beigelegt auf dem du die wichtigsten Infos zu deinem neuen Begleiter nachlesen kannst<\/p>\n<p>AMETHYST  (Kronenchakra\/Sahasr\u00e2ra)<br \/>\nKonzentration ~ Klarheit ~ Wahrnehmung  ~ Ruhe<br \/>\nDer Amethyst, mit seiner wundersch\u00f6nen &#038; unverkennbar violetten Farbe ist ein wunderbarer &#8222;Lern-Stein&#8220; &#038; ideal zum Einschlafen.<br \/>\nAnwendungsgebiete: bei Kopfschmerzen, Schlafproblemen oder Konzentrationsschwierigkeiten. Zur Unterst\u00fctzung in Lern-&#038;, Pr\u00fcfungssituationen<br \/>\nGeburtsstein: Februar<\/p>\n","protected":false},"excerpt":{"rendered":"<p>Dreireihiges Amethystarmband von Hand gefertigt aus gewachstem Makrameegarn (strapazierf\u00e4hig &#038; wasserfest, mit 6mm Amethyst &#038;.vergoldeten Messingperlen. Das Armband l\u00e4sst sich durch seinen Schiebeverschluss individuell in der L\u00e4nge anpassen. Ein kraftvoller Wegbegleiter, ob f\u00fcr dich oder eine\/n deiner Lieben *du bekommst dein Schmuckst\u00fcck h\u00fcbsch verpackt in einer handbedruckten Box aus recyceltem Altpapier, mit pers\u00f6nlichem Steckbrief beigelegt &hellip; <a href=\"https:\/\/www.regionalis.shop\/ricardart\/shop\/amethyst-armband-sahasrara-gold\/\">Continued<\/a><\/p>\n","protected":false},"featured_media":3037,"template":"","meta":{"_acf_changed":false},"product_brand":[],"product_cat":[110,70],"product_tag":[],"class_list":{"0":"post-3036","1":"product","2":"type-product","3":"status-publish","4":"has-post-thumbnail","6":"product_cat-armbaender","7":"product_cat-schmuck","9":"first","10":"instock","11":"purchasable","12":"product-type-simple"},"acf":[],"_links":{"self":[{"href":"https:\/\/www.regionalis.shop\/ricardart\/wp-json\/wp\/v2\/product\/3036","targetHints":{"allow":["GET"]}}],"collection":[{"href":"https:\/\/www.regionalis.shop\/ricardart\/wp-json\/wp\/v2\/product"}],"about":[{"href":"https:\/\/www.regionalis.shop\/ricardart\/wp-json\/wp\/v2\/types\/product"}],"wp:featuredmedia":[{"embeddable":true,"href":"https:\/\/www.regionalis.shop\/ricardart\/wp-json\/wp\/v2\/media\/3037"}],"wp:attachment":[{"href":"https:\/\/www.regionalis.shop\/ricardart\/wp-json\/wp\/v2\/media?parent=3036"}],"wp:term":[{"taxonomy":"product_brand","embeddable":true,"href":"https:\/\/www.regionalis.shop\/ricardart\/wp-json\/wp\/v2\/product_brand?post=3036"},{"taxonomy":"product_cat","embeddable":true,"href":"https:\/\/www.regionalis.shop\/ricardart\/wp-json\/wp\/v2\/product_cat?post=3036"},{"taxonomy":"product_tag","embeddable":true,"href":"https:\/\/www.regionalis.shop\/ricardart\/wp-json\/wp\/v2\/product_tag?post=3036"}],"curies":[{"name":"wp","href":"https:\/\/api.w.org\/{rel}","templated":true}]}}