{"id":3085,"date":"2025-04-18T00:35:55","date_gmt":"2025-04-17T22:35:55","guid":{"rendered":"https:\/\/www.regionalis.shop\/ricardart\/product\/bergkristall-ohrringe-pusteblume-silber\/"},"modified":"2025-04-18T00:35:55","modified_gmt":"2025-04-17T22:35:55","slug":"bergkristall-ohrringe-pusteblume-silber","status":"publish","type":"product","link":"https:\/\/www.regionalis.shop\/ricardart\/shop\/bergkristall-ohrringe-pusteblume-silber\/","title":{"rendered":"Bergkristall Ohrringe &#8218;Pusteblume silber&#8216;"},"content":{"rendered":"<p>Ohrringe mit nickel\/cadmiumfreien Brisuren aus hochwertigem 314 Edelstahl<br \/>\nMit 6mm Bergkristall &#038; Pusteblumen-Pendants aus versimbertem Messing (3cm Durchmesser)<br \/>\nDu bekommst deine Ohrringe h\u00fcbsch verpackt in einer handbedruckten Box aus recyceltem Altpapier, mit pers\u00f6nlichem Steckbrief beigelegt auf dem du die wichtigsten Infos zu deinem neuen Begleiter nachlesen kannst \u2661 individuell &#038; umweltbewusst \u2661<br \/>\nBERGKRISTALL \u00a0(Kronenchakra\/Sahasr\u00e3ra)<br \/>\nKlarheit ~ Intuition ~ Geisteskraft ~ Erkenntnis\u00a0 ~ Konzentration<br \/>\nDer Bergkristall geh\u00f6rt zu den Quarzen &#038; ist einer der wichtigsten &#038; st\u00e4rksten Heilsteine \u00fcberhaupt. Er verhilft uns zu innerer Klarheit &#038; geistiger Reife und ist uns ein wertvoller Begleiter am Weg zu sich Selbst. Er wird au\u00dferdem zur Aufladung anderer Edelsteine verwendet &#038; sollte auch selbst regelm\u00e4\u00dfig gereinigt\/ ge-\/entladen werden.<br \/>\n(Sternzeichen: Steinbock)<\/p>\n","protected":false},"excerpt":{"rendered":"<p>Ohrringe mit nickel\/cadmiumfreien Brisuren aus hochwertigem 314 Edelstahl Mit 6mm Bergkristall &#038; Pusteblumen-Pendants aus versimbertem Messing (3cm Durchmesser) Du bekommst deine Ohrringe h\u00fcbsch verpackt in einer handbedruckten Box aus recyceltem Altpapier, mit pers\u00f6nlichem Steckbrief beigelegt auf dem du die wichtigsten Infos zu deinem neuen Begleiter nachlesen kannst \u2661 individuell &#038; umweltbewusst \u2661 BERGKRISTALL \u00a0(Kronenchakra\/Sahasr\u00e3ra) Klarheit &hellip; <a href=\"https:\/\/www.regionalis.shop\/ricardart\/shop\/bergkristall-ohrringe-pusteblume-silber\/\">Continued<\/a><\/p>\n","protected":false},"featured_media":3086,"template":"","meta":{"_acf_changed":false},"product_brand":[],"product_cat":[163,70],"product_tag":[],"class_list":{"0":"post-3085","1":"product","2":"type-product","3":"status-publish","4":"has-post-thumbnail","6":"product_cat-ohrringe","7":"product_cat-schmuck","9":"first","10":"instock","11":"purchasable","12":"product-type-simple"},"acf":[],"_links":{"self":[{"href":"https:\/\/www.regionalis.shop\/ricardart\/wp-json\/wp\/v2\/product\/3085","targetHints":{"allow":["GET"]}}],"collection":[{"href":"https:\/\/www.regionalis.shop\/ricardart\/wp-json\/wp\/v2\/product"}],"about":[{"href":"https:\/\/www.regionalis.shop\/ricardart\/wp-json\/wp\/v2\/types\/product"}],"wp:featuredmedia":[{"embeddable":true,"href":"https:\/\/www.regionalis.shop\/ricardart\/wp-json\/wp\/v2\/media\/3086"}],"wp:attachment":[{"href":"https:\/\/www.regionalis.shop\/ricardart\/wp-json\/wp\/v2\/media?parent=3085"}],"wp:term":[{"taxonomy":"product_brand","embeddable":true,"href":"https:\/\/www.regionalis.shop\/ricardart\/wp-json\/wp\/v2\/product_brand?post=3085"},{"taxonomy":"product_cat","embeddable":true,"href":"https:\/\/www.regionalis.shop\/ricardart\/wp-json\/wp\/v2\/product_cat?post=3085"},{"taxonomy":"product_tag","embeddable":true,"href":"https:\/\/www.regionalis.shop\/ricardart\/wp-json\/wp\/v2\/product_tag?post=3085"}],"curies":[{"name":"wp","href":"https:\/\/api.w.org\/{rel}","templated":true}]}}