{"id":3141,"date":"2025-04-18T00:06:15","date_gmt":"2025-04-17T22:06:15","guid":{"rendered":"https:\/\/www.regionalis.shop\/ricardart\/product\/armband-sonne-edelstahl\/"},"modified":"2025-04-18T00:06:15","modified_gmt":"2025-04-17T22:06:15","slug":"armband-sonne-edelstahl","status":"publish","type":"product","link":"https:\/\/www.regionalis.shop\/ricardart\/shop\/armband-sonne-edelstahl\/","title":{"rendered":"Armband *SONNE* Edelstahl"},"content":{"rendered":"<p>Das wasserfeste Armband aus gewachstem Makrameegarn l\u00e4sst sich durch seinen l\u00e4ngenverstellbaren Schiebeknoten individuell an jedes Handgelenk anpassen. Verbindungsst\u00fcck aus hochwertigem, langlebigen Edelstahl (nickelfrei &#038; wasserfest) mit 12mm Durchmesser<\/p>\n","protected":false},"excerpt":{"rendered":"<p>Das wasserfeste Armband aus gewachstem Makrameegarn l\u00e4sst sich durch seinen l\u00e4ngenverstellbaren Schiebeknoten individuell an jedes Handgelenk anpassen. Verbindungsst\u00fcck aus hochwertigem, langlebigen Edelstahl (nickelfrei &#038; wasserfest) mit 12mm Durchmesser<\/p>\n","protected":false},"featured_media":3142,"template":"","meta":{"_acf_changed":false},"product_brand":[],"product_cat":[110,70],"product_tag":[],"class_list":{"0":"post-3141","1":"product","2":"type-product","3":"status-publish","4":"has-post-thumbnail","6":"product_cat-armbaender","7":"product_cat-schmuck","9":"first","10":"instock","11":"purchasable","12":"product-type-simple"},"acf":[],"_links":{"self":[{"href":"https:\/\/www.regionalis.shop\/ricardart\/wp-json\/wp\/v2\/product\/3141","targetHints":{"allow":["GET"]}}],"collection":[{"href":"https:\/\/www.regionalis.shop\/ricardart\/wp-json\/wp\/v2\/product"}],"about":[{"href":"https:\/\/www.regionalis.shop\/ricardart\/wp-json\/wp\/v2\/types\/product"}],"wp:featuredmedia":[{"embeddable":true,"href":"https:\/\/www.regionalis.shop\/ricardart\/wp-json\/wp\/v2\/media\/3142"}],"wp:attachment":[{"href":"https:\/\/www.regionalis.shop\/ricardart\/wp-json\/wp\/v2\/media?parent=3141"}],"wp:term":[{"taxonomy":"product_brand","embeddable":true,"href":"https:\/\/www.regionalis.shop\/ricardart\/wp-json\/wp\/v2\/product_brand?post=3141"},{"taxonomy":"product_cat","embeddable":true,"href":"https:\/\/www.regionalis.shop\/ricardart\/wp-json\/wp\/v2\/product_cat?post=3141"},{"taxonomy":"product_tag","embeddable":true,"href":"https:\/\/www.regionalis.shop\/ricardart\/wp-json\/wp\/v2\/product_tag?post=3141"}],"curies":[{"name":"wp","href":"https:\/\/api.w.org\/{rel}","templated":true}]}}