{"id":3184,"date":"2025-04-17T23:54:15","date_gmt":"2025-04-17T21:54:15","guid":{"rendered":"https:\/\/www.regionalis.shop\/ricardart\/product\/schluesselanhaenger-lebensblume\/"},"modified":"2025-04-17T23:54:15","modified_gmt":"2025-04-17T21:54:15","slug":"schluesselanhaenger-lebensblume","status":"publish","type":"product","link":"https:\/\/www.regionalis.shop\/ricardart\/shop\/schluesselanhaenger-lebensblume\/","title":{"rendered":"Schl\u00fcsselanh\u00e4nger Lebensblume"},"content":{"rendered":"<p>Fassung &#038; Lebensblume aus Holz (3cm Durchmesser), mit Schl\u00fcsselring &#038; nat\u00fcrlichen Edelsteinen best\u00fcckt<\/p>\n","protected":false},"excerpt":{"rendered":"<p>Fassung &#038; Lebensblume aus Holz (3cm Durchmesser), mit Schl\u00fcsselring &#038; nat\u00fcrlichen Edelsteinen best\u00fcckt<\/p>\n","protected":false},"featured_media":3185,"template":"","meta":{"_acf_changed":false},"product_brand":[],"product_cat":[37,68],"product_tag":[],"class_list":{"0":"post-3184","1":"product","2":"type-product","3":"status-publish","4":"has-post-thumbnail","6":"product_cat-accessoires","7":"product_cat-schluesselanhaenger","9":"first","10":"instock","11":"purchasable","12":"product-type-simple"},"acf":[],"_links":{"self":[{"href":"https:\/\/www.regionalis.shop\/ricardart\/wp-json\/wp\/v2\/product\/3184","targetHints":{"allow":["GET"]}}],"collection":[{"href":"https:\/\/www.regionalis.shop\/ricardart\/wp-json\/wp\/v2\/product"}],"about":[{"href":"https:\/\/www.regionalis.shop\/ricardart\/wp-json\/wp\/v2\/types\/product"}],"wp:featuredmedia":[{"embeddable":true,"href":"https:\/\/www.regionalis.shop\/ricardart\/wp-json\/wp\/v2\/media\/3185"}],"wp:attachment":[{"href":"https:\/\/www.regionalis.shop\/ricardart\/wp-json\/wp\/v2\/media?parent=3184"}],"wp:term":[{"taxonomy":"product_brand","embeddable":true,"href":"https:\/\/www.regionalis.shop\/ricardart\/wp-json\/wp\/v2\/product_brand?post=3184"},{"taxonomy":"product_cat","embeddable":true,"href":"https:\/\/www.regionalis.shop\/ricardart\/wp-json\/wp\/v2\/product_cat?post=3184"},{"taxonomy":"product_tag","embeddable":true,"href":"https:\/\/www.regionalis.shop\/ricardart\/wp-json\/wp\/v2\/product_tag?post=3184"}],"curies":[{"name":"wp","href":"https:\/\/api.w.org\/{rel}","templated":true}]}}