{"id":3254,"date":"2025-04-17T23:15:52","date_gmt":"2025-04-17T21:15:52","guid":{"rendered":"https:\/\/www.regionalis.shop\/ricardart\/product\/makramee-fussband-boho\/"},"modified":"2025-04-17T23:15:52","modified_gmt":"2025-04-17T21:15:52","slug":"makramee-fussband-boho","status":"publish","type":"product","link":"https:\/\/www.regionalis.shop\/ricardart\/shop\/makramee-fussband-boho\/","title":{"rendered":"Makramee Fu\u00dfband *BOHO*"},"content":{"rendered":"<p>Handgefertigte Fu\u00dfb\u00e4nder mit nickelfreien Messinganh\u00e4ngern in gold oder ros\u00e9 &#038; l\u00e4ngenverstellbarem Schiebeverschluss zum individuellen Anpassen.<br \/>\nDas verwendete Makrameegarn ist gewachst, sehr strapazierf\u00e4hig und wassertauglich. Perfekt also f\u00fcr den Sommer und f\u00fcr dauerhaftes Tragen \ud83d\ude42<\/p>\n","protected":false},"excerpt":{"rendered":"<p>Handgefertigte Fu\u00dfb\u00e4nder mit nickelfreien Messinganh\u00e4ngern in gold oder ros\u00e9 &#038; l\u00e4ngenverstellbarem Schiebeverschluss zum individuellen Anpassen. Das verwendete Makrameegarn ist gewachst, sehr strapazierf\u00e4hig und wassertauglich. Perfekt also f\u00fcr den Sommer und f\u00fcr dauerhaftes Tragen \ud83d\ude42<\/p>\n","protected":false},"featured_media":3255,"template":"","meta":{"_acf_changed":false},"product_brand":[],"product_cat":[154,70],"product_tag":[],"class_list":{"0":"post-3254","1":"product","2":"type-product","3":"status-publish","4":"has-post-thumbnail","6":"product_cat-koerperschmuck","7":"product_cat-schmuck","9":"first","10":"instock","11":"purchasable","12":"product-type-simple"},"acf":[],"_links":{"self":[{"href":"https:\/\/www.regionalis.shop\/ricardart\/wp-json\/wp\/v2\/product\/3254","targetHints":{"allow":["GET"]}}],"collection":[{"href":"https:\/\/www.regionalis.shop\/ricardart\/wp-json\/wp\/v2\/product"}],"about":[{"href":"https:\/\/www.regionalis.shop\/ricardart\/wp-json\/wp\/v2\/types\/product"}],"wp:featuredmedia":[{"embeddable":true,"href":"https:\/\/www.regionalis.shop\/ricardart\/wp-json\/wp\/v2\/media\/3255"}],"wp:attachment":[{"href":"https:\/\/www.regionalis.shop\/ricardart\/wp-json\/wp\/v2\/media?parent=3254"}],"wp:term":[{"taxonomy":"product_brand","embeddable":true,"href":"https:\/\/www.regionalis.shop\/ricardart\/wp-json\/wp\/v2\/product_brand?post=3254"},{"taxonomy":"product_cat","embeddable":true,"href":"https:\/\/www.regionalis.shop\/ricardart\/wp-json\/wp\/v2\/product_cat?post=3254"},{"taxonomy":"product_tag","embeddable":true,"href":"https:\/\/www.regionalis.shop\/ricardart\/wp-json\/wp\/v2\/product_tag?post=3254"}],"curies":[{"name":"wp","href":"https:\/\/api.w.org\/{rel}","templated":true}]}}