{"id":108,"date":"2024-03-04T10:57:41","date_gmt":"2024-03-04T10:57:41","guid":{"rendered":"https:\/\/stage.shop-it.at\/?page_id=108"},"modified":"2025-10-21T17:33:35","modified_gmt":"2025-10-21T15:33:35","slug":"info","status":"publish","type":"page","link":"https:\/\/www.regionalis.shop\/rosarium-cosmetics\/info\/","title":{"rendered":"Info"},"content":{"rendered":"<section>\n            <p>Wir sind eine junge &#8211;Naturkosmetikmarke&#8211; im Herzen des \u00f6sterreichischen Weinviertels. Unsere &#8211;gesunden, nat\u00fcrlich duftenden Kosmetika&#8211; werden in unserer &#8211;hauseigenen Manufaktur von Hand hergestellt&#8211;. Wir sind bestrebt, m\u00f6glichst viele Zutaten regional, von lokalen Bauernh\u00f6fen und Lieferanten zu beziehen, um die ans\u00e4ssigen Hersteller zu unterst\u00fctzen und die Frische der Produkte zu gew\u00e4hrleisten. Unsere Kosmetika werden in &#8211;kleinen Chargen hergestellt&#8211;, wodurch sie einerseits durch &#8211;Frische&#8211; bestechen, und andererseits der Einsatz von Konservierungsmitteln minimiert wird.<br \/>\nUnsere Gesichtspflege wurde mit der Auszeichnung Kosmetische Marke des Jahres 2021 honoriert.<\/p>\n\n    <\/section>\n\n\n<p><\/p>\n","protected":false},"excerpt":{"rendered":"","protected":false},"author":1,"featured_media":0,"parent":0,"menu_order":0,"comment_status":"closed","ping_status":"closed","template":"","meta":{"_acf_changed":false,"footnotes":""},"class_list":["post-108","page","type-page","status-publish","hentry"],"acf":[],"_links":{"self":[{"href":"https:\/\/www.regionalis.shop\/rosarium-cosmetics\/wp-json\/wp\/v2\/pages\/108","targetHints":{"allow":["GET"]}}],"collection":[{"href":"https:\/\/www.regionalis.shop\/rosarium-cosmetics\/wp-json\/wp\/v2\/pages"}],"about":[{"href":"https:\/\/www.regionalis.shop\/rosarium-cosmetics\/wp-json\/wp\/v2\/types\/page"}],"author":[{"embeddable":true,"href":"https:\/\/www.regionalis.shop\/rosarium-cosmetics\/wp-json\/wp\/v2\/users\/1"}],"replies":[{"embeddable":true,"href":"https:\/\/www.regionalis.shop\/rosarium-cosmetics\/wp-json\/wp\/v2\/comments?post=108"}],"version-history":[{"count":39,"href":"https:\/\/www.regionalis.shop\/rosarium-cosmetics\/wp-json\/wp\/v2\/pages\/108\/revisions"}],"predecessor-version":[{"id":1028,"href":"https:\/\/www.regionalis.shop\/rosarium-cosmetics\/wp-json\/wp\/v2\/pages\/108\/revisions\/1028"}],"wp:attachment":[{"href":"https:\/\/www.regionalis.shop\/rosarium-cosmetics\/wp-json\/wp\/v2\/media?parent=108"}],"curies":[{"name":"wp","href":"https:\/\/api.w.org\/{rel}","templated":true}]}}