{"id":862,"date":"2025-05-24T13:44:06","date_gmt":"2025-05-24T11:44:06","guid":{"rendered":"https:\/\/starter.stage.shop-it.at\/?page_id=862"},"modified":"2025-10-23T15:21:37","modified_gmt":"2025-10-23T13:21:37","slug":"startseite","status":"publish","type":"page","link":"https:\/\/www.regionalis.shop\/rosarium-cosmetics\/","title":{"rendered":"Startseite"},"content":{"rendered":"<section>\n        <div class=\"header-image\">\n            <img decoding=\"async\" src=\"https:\/\/www.regionalis.shop\/app\/uploads\/sites\/504\/866_2020_03_18_23_48_19_528949143.jpg\" alt=\"\">\n        <\/div>\n    \n    <\/section>\n    <section>\n    <div class=\"header-title\">\n        <h1 class=\"h2\">Willkommen bei ROSARIUM cosmetics<\/h1>\n    <\/div>\n            <h2 class=\"h3\">Handgemacht in Kleinebersdorf<\/h2>\n                <p>Wir sind eine junge &#8211;Naturkosmetikmarke&#8211; im Herzen des \u00f6sterreichischen Weinviertels. Unsere &#8211;gesunden, nat\u00fcrlich duftenden Kosmetika&#8211; werden in unserer &#8211;hauseigenen Manufaktur von Hand hergestellt&#8211;. Wir sind bestrebt, m\u00f6glichst viele Zutaten regional, von lokalen Bauernh\u00f6fen und Lieferanten zu beziehen, um die ans\u00e4ssigen Hersteller zu unterst\u00fctzen und die Frische der Produkte zu gew\u00e4hrleisten. Unsere Kosmetika werden in &#8211;kleinen Chargen hergestellt&#8211;, wodurch sie einerseits durch &#8211;Frische&#8211; bestechen, und andererseits der Einsatz von Konservierungsmitteln minimiert wird.<br \/>\nUnsere Gesichtspflege wurde mit der Auszeichnung Kosmetische Marke des Jahres 2021 honoriert.<\/p>\n\n    \n    <h3>Produkte<\/h3>\n\n    <div class=\"woocommerce columns-3 \"><ul class=\"products columns-3\">\n<li class=\"product type-product post-1103 status-publish first instock product_cat-gesichtspflege product_cat-kosmetika has-post-thumbnail purchasable product-type-simple\">\n\t<a href=\"https:\/\/www.regionalis.shop\/rosarium-cosmetics\/shop\/gesichtscreme-reichhaltig-revitalisierend-30-ml\/\" class=\"woocommerce-LoopProduct-link woocommerce-loop-product__link\"><div class=\"wc-block-grid__product-image\"><img loading=\"lazy\" decoding=\"async\" width=\"420\" height=\"420\" src=\"https:\/\/www.regionalis.shop\/app\/uploads\/sites\/504\/866_2020_03_22_17_14_37_575503637.jpg\" class=\"attachment-large size-large\" alt=\"Gesichtscreme Reichhaltig Revitalisierend 30 ml\" srcset=\"https:\/\/www.regionalis.shop\/app\/uploads\/sites\/504\/866_2020_03_22_17_14_37_575503637.jpg 420w, https:\/\/www.regionalis.shop\/app\/uploads\/sites\/504\/866_2020_03_22_17_14_37_575503637-300x300.jpg 300w, https:\/\/www.regionalis.shop\/app\/uploads\/sites\/504\/866_2020_03_22_17_14_37_575503637-150x150.jpg 150w, https:\/\/www.regionalis.shop\/app\/uploads\/sites\/504\/866_2020_03_22_17_14_37_575503637-100x100.jpg 100w\" sizes=\"auto, (max-width: 420px) 100vw, 420px\" \/><\/div><h2 class=\"woocommerce-loop-product__title\">Gesichtscreme Reichhaltig Revitalisierend 30 ml<\/h2>\n\t<span class=\"price\"><span class=\"woocommerce-Price-amount amount\"><bdi>35,00&nbsp;<span class=\"woocommerce-Price-currencySymbol\">&euro;<\/span><\/bdi><\/span><\/span>\n<\/a><\/li>\n<li class=\"product type-product post-1099 status-publish instock product_cat-gesichtspflege product_cat-kosmetika has-post-thumbnail purchasable product-type-simple\">\n\t<a href=\"https:\/\/www.regionalis.shop\/rosarium-cosmetics\/shop\/gesichtsserum-15-ml\/\" class=\"woocommerce-LoopProduct-link woocommerce-loop-product__link\"><div class=\"wc-block-grid__product-image\"><img loading=\"lazy\" decoding=\"async\" width=\"420\" height=\"420\" src=\"https:\/\/www.regionalis.shop\/app\/uploads\/sites\/504\/866_2020_03_22_17_21_12_853607561.jpg\" class=\"attachment-large size-large\" alt=\"Gesichtsserum 15 ml\" srcset=\"https:\/\/www.regionalis.shop\/app\/uploads\/sites\/504\/866_2020_03_22_17_21_12_853607561.jpg 420w, https:\/\/www.regionalis.shop\/app\/uploads\/sites\/504\/866_2020_03_22_17_21_12_853607561-300x300.jpg 300w, https:\/\/www.regionalis.shop\/app\/uploads\/sites\/504\/866_2020_03_22_17_21_12_853607561-150x150.jpg 150w, https:\/\/www.regionalis.shop\/app\/uploads\/sites\/504\/866_2020_03_22_17_21_12_853607561-100x100.jpg 100w\" sizes=\"auto, (max-width: 420px) 100vw, 420px\" \/><\/div><h2 class=\"woocommerce-loop-product__title\">Gesichtsserum 15 ml<\/h2>\n\t<span class=\"price\"><span class=\"woocommerce-Price-amount amount\"><bdi>32,00&nbsp;<span class=\"woocommerce-Price-currencySymbol\">&euro;<\/span><\/bdi><\/span><\/span>\n<\/a><\/li>\n<li class=\"product type-product post-1095 status-publish last instock product_cat-gesichtspflege product_cat-kosmetika has-post-thumbnail purchasable product-type-simple\">\n\t<a href=\"https:\/\/www.regionalis.shop\/rosarium-cosmetics\/shop\/gesichtspeeling-rohrzucker-erdbeersamen-30ml\/\" class=\"woocommerce-LoopProduct-link woocommerce-loop-product__link\"><div class=\"wc-block-grid__product-image\"><img loading=\"lazy\" decoding=\"async\" width=\"420\" height=\"420\" src=\"https:\/\/www.regionalis.shop\/app\/uploads\/sites\/504\/866_2020_03_22_17_43_32_161235035.jpg\" class=\"attachment-large size-large\" alt=\"Gesichtspeeling Rohrzucker &amp; Erdbeersamen 30ml\" srcset=\"https:\/\/www.regionalis.shop\/app\/uploads\/sites\/504\/866_2020_03_22_17_43_32_161235035.jpg 420w, https:\/\/www.regionalis.shop\/app\/uploads\/sites\/504\/866_2020_03_22_17_43_32_161235035-300x300.jpg 300w, https:\/\/www.regionalis.shop\/app\/uploads\/sites\/504\/866_2020_03_22_17_43_32_161235035-150x150.jpg 150w, https:\/\/www.regionalis.shop\/app\/uploads\/sites\/504\/866_2020_03_22_17_43_32_161235035-100x100.jpg 100w\" sizes=\"auto, (max-width: 420px) 100vw, 420px\" \/><\/div><h2 class=\"woocommerce-loop-product__title\">Gesichtspeeling Rohrzucker &#038; Erdbeersamen 30ml<\/h2>\n\t<span class=\"price\"><span class=\"woocommerce-Price-amount amount\"><bdi>18,00&nbsp;<span class=\"woocommerce-Price-currencySymbol\">&euro;<\/span><\/bdi><\/span><\/span>\n<\/a><\/li>\n<\/ul>\n<\/div>\n    <p>\n        <a href=\"https:\/\/www.regionalis.shop\/rosarium-cosmetics\/shop\/\" class=\"btn btn-primary btn-icon-right\">\n            Alle Produkte <i class=\"bi bi-arrow-right-short\"><\/i>\n        <\/a>\n    <\/p>\n<\/section>\n\n<div data-block-name=\"woocommerce\/store-notices\" class=\"wc-block-store-notices woocommerce alignwide alignwide wp-block-woocommerce-store-notices\"><div class=\"woocommerce-notices-wrapper\"><\/div><\/div>","protected":false},"excerpt":{"rendered":"","protected":false},"author":1,"featured_media":0,"parent":0,"menu_order":0,"comment_status":"closed","ping_status":"closed","template":"template-home.blade.php","meta":{"_acf_changed":false,"footnotes":""},"class_list":["post-862","page","type-page","status-publish","hentry"],"acf":[],"_links":{"self":[{"href":"https:\/\/www.regionalis.shop\/rosarium-cosmetics\/wp-json\/wp\/v2\/pages\/862","targetHints":{"allow":["GET"]}}],"collection":[{"href":"https:\/\/www.regionalis.shop\/rosarium-cosmetics\/wp-json\/wp\/v2\/pages"}],"about":[{"href":"https:\/\/www.regionalis.shop\/rosarium-cosmetics\/wp-json\/wp\/v2\/types\/page"}],"author":[{"embeddable":true,"href":"https:\/\/www.regionalis.shop\/rosarium-cosmetics\/wp-json\/wp\/v2\/users\/1"}],"replies":[{"embeddable":true,"href":"https:\/\/www.regionalis.shop\/rosarium-cosmetics\/wp-json\/wp\/v2\/comments?post=862"}],"version-history":[{"count":28,"href":"https:\/\/www.regionalis.shop\/rosarium-cosmetics\/wp-json\/wp\/v2\/pages\/862\/revisions"}],"predecessor-version":[{"id":1041,"href":"https:\/\/www.regionalis.shop\/rosarium-cosmetics\/wp-json\/wp\/v2\/pages\/862\/revisions\/1041"}],"wp:attachment":[{"href":"https:\/\/www.regionalis.shop\/rosarium-cosmetics\/wp-json\/wp\/v2\/media?parent=862"}],"curies":[{"name":"wp","href":"https:\/\/api.w.org\/{rel}","templated":true}]}}