{"id":1052,"date":"2025-04-18T02:37:04","date_gmt":"2025-04-18T00:37:04","guid":{"rendered":"https:\/\/www.regionalis.shop\/sabines-spezerei\/product\/nocciolata\/"},"modified":"2025-04-18T02:37:04","modified_gmt":"2025-04-18T00:37:04","slug":"nocciolata","status":"publish","type":"product","link":"https:\/\/www.regionalis.shop\/sabines-spezerei\/shop\/nocciolata\/","title":{"rendered":"Nocciolata"},"content":{"rendered":"<p>Cremiger Genuss aus Haseln\u00fcssen und Milchschokolade &#8211; jederzeit eine kleine S\u00fcnde wert! Schmeckt aufs Brot, in Palatschinken, zu Eis, Desserts, &#8230;<\/p>\n<p>Zutaten: Milchkuvert\u00fcre, HASELN\u00dcSSE, Honig, BIO-Sonnenblumen\u00f6l, Vanillezucker, Salz.<\/p>\n","protected":false},"excerpt":{"rendered":"<p>Cremiger Genuss aus Haseln\u00fcssen und Milchschokolade &#8211; jederzeit eine kleine S\u00fcnde wert! Schmeckt aufs Brot, in Palatschinken, zu Eis, Desserts, &#8230; Zutaten: Milchkuvert\u00fcre, HASELN\u00dcSSE, Honig, BIO-Sonnenblumen\u00f6l, Vanillezucker, Salz.<\/p>\n","protected":false},"featured_media":1053,"template":"","meta":{"_acf_changed":false},"product_brand":[],"product_cat":[69,86],"product_tag":[],"class_list":{"0":"post-1052","1":"product","2":"type-product","3":"status-publish","4":"has-post-thumbnail","6":"product_cat-schmankerl-kulinarik","7":"product_cat-sonstiges-schmankerl-kulinarik","9":"first","10":"instock","11":"purchasable","12":"product-type-simple"},"acf":[],"_links":{"self":[{"href":"https:\/\/www.regionalis.shop\/sabines-spezerei\/wp-json\/wp\/v2\/product\/1052","targetHints":{"allow":["GET"]}}],"collection":[{"href":"https:\/\/www.regionalis.shop\/sabines-spezerei\/wp-json\/wp\/v2\/product"}],"about":[{"href":"https:\/\/www.regionalis.shop\/sabines-spezerei\/wp-json\/wp\/v2\/types\/product"}],"wp:featuredmedia":[{"embeddable":true,"href":"https:\/\/www.regionalis.shop\/sabines-spezerei\/wp-json\/wp\/v2\/media\/1053"}],"wp:attachment":[{"href":"https:\/\/www.regionalis.shop\/sabines-spezerei\/wp-json\/wp\/v2\/media?parent=1052"}],"wp:term":[{"taxonomy":"product_brand","embeddable":true,"href":"https:\/\/www.regionalis.shop\/sabines-spezerei\/wp-json\/wp\/v2\/product_brand?post=1052"},{"taxonomy":"product_cat","embeddable":true,"href":"https:\/\/www.regionalis.shop\/sabines-spezerei\/wp-json\/wp\/v2\/product_cat?post=1052"},{"taxonomy":"product_tag","embeddable":true,"href":"https:\/\/www.regionalis.shop\/sabines-spezerei\/wp-json\/wp\/v2\/product_tag?post=1052"}],"curies":[{"name":"wp","href":"https:\/\/api.w.org\/{rel}","templated":true}]}}