{"id":1062,"date":"2025-04-18T02:37:04","date_gmt":"2025-04-18T00:37:04","guid":{"rendered":"https:\/\/www.regionalis.shop\/sabines-spezerei\/product\/pflaumen-balsamico-jus\/"},"modified":"2025-04-18T02:37:04","modified_gmt":"2025-04-18T00:37:04","slug":"pflaumen-balsamico-jus","status":"publish","type":"product","link":"https:\/\/www.regionalis.shop\/sabines-spezerei\/shop\/pflaumen-balsamico-jus\/","title":{"rendered":"Pflaumen-Balsamico-Jus"},"content":{"rendered":"<p>Ein samtig &#8211; fruchtiges Geschmackserlebnis der besonderen Art. Ideal zu reifem K\u00e4se, als Dip oder auch als extravagantes Ketchup.<\/p>\n<p>Zutaten: Pflaumen, rote Zwiebel, Demerara-Rohrzucker, wei\u00dfer Balsamico, SOJASAUCE, BIO-Sonnenblumen\u00f6l, Knoblauch, Gew\u00fcrze (enth\u00e4lt SENF).<\/p>\n","protected":false},"excerpt":{"rendered":"<p>Ein samtig &#8211; fruchtiges Geschmackserlebnis der besonderen Art. Ideal zu reifem K\u00e4se, als Dip oder auch als extravagantes Ketchup. Zutaten: Pflaumen, rote Zwiebel, Demerara-Rohrzucker, wei\u00dfer Balsamico, SOJASAUCE, BIO-Sonnenblumen\u00f6l, Knoblauch, Gew\u00fcrze (enth\u00e4lt SENF).<\/p>\n","protected":false},"featured_media":1063,"template":"","meta":{"_acf_changed":false},"product_brand":[],"product_cat":[120,69],"product_tag":[],"class_list":{"0":"post-1062","1":"product","2":"type-product","3":"status-publish","4":"has-post-thumbnail","6":"product_cat-chutneys-saucen","7":"product_cat-schmankerl-kulinarik","9":"first","10":"instock","11":"purchasable","12":"product-type-simple"},"acf":[],"_links":{"self":[{"href":"https:\/\/www.regionalis.shop\/sabines-spezerei\/wp-json\/wp\/v2\/product\/1062","targetHints":{"allow":["GET"]}}],"collection":[{"href":"https:\/\/www.regionalis.shop\/sabines-spezerei\/wp-json\/wp\/v2\/product"}],"about":[{"href":"https:\/\/www.regionalis.shop\/sabines-spezerei\/wp-json\/wp\/v2\/types\/product"}],"wp:featuredmedia":[{"embeddable":true,"href":"https:\/\/www.regionalis.shop\/sabines-spezerei\/wp-json\/wp\/v2\/media\/1063"}],"wp:attachment":[{"href":"https:\/\/www.regionalis.shop\/sabines-spezerei\/wp-json\/wp\/v2\/media?parent=1062"}],"wp:term":[{"taxonomy":"product_brand","embeddable":true,"href":"https:\/\/www.regionalis.shop\/sabines-spezerei\/wp-json\/wp\/v2\/product_brand?post=1062"},{"taxonomy":"product_cat","embeddable":true,"href":"https:\/\/www.regionalis.shop\/sabines-spezerei\/wp-json\/wp\/v2\/product_cat?post=1062"},{"taxonomy":"product_tag","embeddable":true,"href":"https:\/\/www.regionalis.shop\/sabines-spezerei\/wp-json\/wp\/v2\/product_tag?post=1062"}],"curies":[{"name":"wp","href":"https:\/\/api.w.org\/{rel}","templated":true}]}}