{"id":1072,"date":"2025-04-18T02:36:45","date_gmt":"2025-04-18T00:36:45","guid":{"rendered":"https:\/\/www.regionalis.shop\/sabines-spezerei\/product\/sugo-al-tartufo\/"},"modified":"2025-04-18T02:36:45","modified_gmt":"2025-04-18T00:36:45","slug":"sugo-al-tartufo","status":"publish","type":"product","link":"https:\/\/www.regionalis.shop\/sabines-spezerei\/shop\/sugo-al-tartufo\/","title":{"rendered":"Sugo al tartufo"},"content":{"rendered":"<p>Eine intensiv duftende, geschmackvolle Sauce, die vielf\u00e4ltig verwendet werden kann. Der Geschmack ist durch die Tr\u00fcffel aromatisch und leicht erdig. Auch als Sauce zu Kurzgebratenem und f\u00fcr Risotti geeignet.<\/p>\n<p>Zutaten: Tomaten (82%), Zwiebel, Oliven\u00f6l extra vergine, Zucker, Salz, Tr\u00fcffel\u00f6l (Aroma), schwarzer Tr\u00fcffel (0,8%), Gew\u00fcrze, Zitronens\u00e4ure.<\/p>\n","protected":false},"excerpt":{"rendered":"<p>Eine intensiv duftende, geschmackvolle Sauce, die vielf\u00e4ltig verwendet werden kann. Der Geschmack ist durch die Tr\u00fcffel aromatisch und leicht erdig. Auch als Sauce zu Kurzgebratenem und f\u00fcr Risotti geeignet. Zutaten: Tomaten (82%), Zwiebel, Oliven\u00f6l extra vergine, Zucker, Salz, Tr\u00fcffel\u00f6l (Aroma), schwarzer Tr\u00fcffel (0,8%), Gew\u00fcrze, Zitronens\u00e4ure.<\/p>\n","protected":false},"featured_media":1073,"template":"","meta":{"_acf_changed":false},"product_brand":[],"product_cat":[69,94],"product_tag":[],"class_list":{"0":"post-1072","1":"product","2":"type-product","3":"status-publish","4":"has-post-thumbnail","6":"product_cat-schmankerl-kulinarik","7":"product_cat-sugo-pesto","9":"first","10":"instock","11":"purchasable","12":"product-type-simple"},"acf":[],"_links":{"self":[{"href":"https:\/\/www.regionalis.shop\/sabines-spezerei\/wp-json\/wp\/v2\/product\/1072","targetHints":{"allow":["GET"]}}],"collection":[{"href":"https:\/\/www.regionalis.shop\/sabines-spezerei\/wp-json\/wp\/v2\/product"}],"about":[{"href":"https:\/\/www.regionalis.shop\/sabines-spezerei\/wp-json\/wp\/v2\/types\/product"}],"wp:featuredmedia":[{"embeddable":true,"href":"https:\/\/www.regionalis.shop\/sabines-spezerei\/wp-json\/wp\/v2\/media\/1073"}],"wp:attachment":[{"href":"https:\/\/www.regionalis.shop\/sabines-spezerei\/wp-json\/wp\/v2\/media?parent=1072"}],"wp:term":[{"taxonomy":"product_brand","embeddable":true,"href":"https:\/\/www.regionalis.shop\/sabines-spezerei\/wp-json\/wp\/v2\/product_brand?post=1072"},{"taxonomy":"product_cat","embeddable":true,"href":"https:\/\/www.regionalis.shop\/sabines-spezerei\/wp-json\/wp\/v2\/product_cat?post=1072"},{"taxonomy":"product_tag","embeddable":true,"href":"https:\/\/www.regionalis.shop\/sabines-spezerei\/wp-json\/wp\/v2\/product_tag?post=1072"}],"curies":[{"name":"wp","href":"https:\/\/api.w.org\/{rel}","templated":true}]}}