{"id":1074,"date":"2025-04-18T02:36:45","date_gmt":"2025-04-18T00:36:45","guid":{"rendered":"https:\/\/www.regionalis.shop\/sabines-spezerei\/product\/sugo-del-sole\/"},"modified":"2025-04-18T02:36:45","modified_gmt":"2025-04-18T00:36:45","slug":"sugo-del-sole","status":"publish","type":"product","link":"https:\/\/www.regionalis.shop\/sabines-spezerei\/shop\/sugo-del-sole\/","title":{"rendered":"Sugo del sole"},"content":{"rendered":"<p>Tomate, viel Paprika, Kapern, Sardellen und Knoblauch sind die Zutaten f\u00fcr eine w\u00fcrzige und harmonisch abgeschmeckte Sauce mit dem Geschmack des Sommers. Am besten mit Penne oder Fusilli kombiniert, dar\u00fcber junger Pecorino oder Parmesan. K\u00f6stlich aber auch f\u00fcr kalten Pastasalat oder auf Crostini.<\/p>\n<p>Zutaten: Tomaten, gelbe Paprika, Zwiebel, Oliven\u00f6l extra vergine, Zucker, Knoblauch, Kapern, SARDELLEN, Gew\u00fcrze, Zitronens\u00e4ure.<\/p>\n","protected":false},"excerpt":{"rendered":"<p>Tomate, viel Paprika, Kapern, Sardellen und Knoblauch sind die Zutaten f\u00fcr eine w\u00fcrzige und harmonisch abgeschmeckte Sauce mit dem Geschmack des Sommers. Am besten mit Penne oder Fusilli kombiniert, dar\u00fcber junger Pecorino oder Parmesan. K\u00f6stlich aber auch f\u00fcr kalten Pastasalat oder auf Crostini. Zutaten: Tomaten, gelbe Paprika, Zwiebel, Oliven\u00f6l extra vergine, Zucker, Knoblauch, Kapern, SARDELLEN, &hellip; <a href=\"https:\/\/www.regionalis.shop\/sabines-spezerei\/shop\/sugo-del-sole\/\">Continued<\/a><\/p>\n","protected":false},"featured_media":1075,"template":"","meta":{"_acf_changed":false},"product_brand":[],"product_cat":[69,94],"product_tag":[],"class_list":{"0":"post-1074","1":"product","2":"type-product","3":"status-publish","4":"has-post-thumbnail","6":"product_cat-schmankerl-kulinarik","7":"product_cat-sugo-pesto","9":"first","10":"instock","11":"purchasable","12":"product-type-simple"},"acf":[],"_links":{"self":[{"href":"https:\/\/www.regionalis.shop\/sabines-spezerei\/wp-json\/wp\/v2\/product\/1074","targetHints":{"allow":["GET"]}}],"collection":[{"href":"https:\/\/www.regionalis.shop\/sabines-spezerei\/wp-json\/wp\/v2\/product"}],"about":[{"href":"https:\/\/www.regionalis.shop\/sabines-spezerei\/wp-json\/wp\/v2\/types\/product"}],"wp:featuredmedia":[{"embeddable":true,"href":"https:\/\/www.regionalis.shop\/sabines-spezerei\/wp-json\/wp\/v2\/media\/1075"}],"wp:attachment":[{"href":"https:\/\/www.regionalis.shop\/sabines-spezerei\/wp-json\/wp\/v2\/media?parent=1074"}],"wp:term":[{"taxonomy":"product_brand","embeddable":true,"href":"https:\/\/www.regionalis.shop\/sabines-spezerei\/wp-json\/wp\/v2\/product_brand?post=1074"},{"taxonomy":"product_cat","embeddable":true,"href":"https:\/\/www.regionalis.shop\/sabines-spezerei\/wp-json\/wp\/v2\/product_cat?post=1074"},{"taxonomy":"product_tag","embeddable":true,"href":"https:\/\/www.regionalis.shop\/sabines-spezerei\/wp-json\/wp\/v2\/product_tag?post=1074"}],"curies":[{"name":"wp","href":"https:\/\/api.w.org\/{rel}","templated":true}]}}