{"id":1088,"date":"2025-04-18T02:36:17","date_gmt":"2025-04-18T00:36:17","guid":{"rendered":"https:\/\/www.regionalis.shop\/sabines-spezerei\/product\/sugo-allarrabbiata\/"},"modified":"2025-04-18T02:36:17","modified_gmt":"2025-04-18T00:36:17","slug":"sugo-allarrabbiata","status":"publish","type":"product","link":"https:\/\/www.regionalis.shop\/sabines-spezerei\/shop\/sugo-allarrabbiata\/","title":{"rendered":"Sugo all\u00b4arrabbiata"},"content":{"rendered":"<p>Tomatensauce mit Chili<br \/>\nDie pikante Variante der Grundsauce wurde sorgf\u00e4ltig mit Chili abgeschmeckt, so dass sie<br \/>\neinen harmonischen Geschmack beh\u00e4lt. Eine klassische Sauce f\u00fcr den Alltag.<\/p>\n<p>Zutaten: Tomaten (70%), Zwiebel, Karotten, Oliven\u00f6l extra vergine, Zucker, Chili, Salz, Knoblauch.<\/p>\n","protected":false},"excerpt":{"rendered":"<p>Tomatensauce mit Chili Die pikante Variante der Grundsauce wurde sorgf\u00e4ltig mit Chili abgeschmeckt, so dass sie einen harmonischen Geschmack beh\u00e4lt. Eine klassische Sauce f\u00fcr den Alltag. Zutaten: Tomaten (70%), Zwiebel, Karotten, Oliven\u00f6l extra vergine, Zucker, Chili, Salz, Knoblauch.<\/p>\n","protected":false},"featured_media":1089,"template":"","meta":{"_acf_changed":false},"product_brand":[],"product_cat":[69,94],"product_tag":[],"class_list":{"0":"post-1088","1":"product","2":"type-product","3":"status-publish","4":"has-post-thumbnail","6":"product_cat-schmankerl-kulinarik","7":"product_cat-sugo-pesto","9":"first","10":"instock","11":"purchasable","12":"product-type-simple"},"acf":[],"_links":{"self":[{"href":"https:\/\/www.regionalis.shop\/sabines-spezerei\/wp-json\/wp\/v2\/product\/1088","targetHints":{"allow":["GET"]}}],"collection":[{"href":"https:\/\/www.regionalis.shop\/sabines-spezerei\/wp-json\/wp\/v2\/product"}],"about":[{"href":"https:\/\/www.regionalis.shop\/sabines-spezerei\/wp-json\/wp\/v2\/types\/product"}],"wp:featuredmedia":[{"embeddable":true,"href":"https:\/\/www.regionalis.shop\/sabines-spezerei\/wp-json\/wp\/v2\/media\/1089"}],"wp:attachment":[{"href":"https:\/\/www.regionalis.shop\/sabines-spezerei\/wp-json\/wp\/v2\/media?parent=1088"}],"wp:term":[{"taxonomy":"product_brand","embeddable":true,"href":"https:\/\/www.regionalis.shop\/sabines-spezerei\/wp-json\/wp\/v2\/product_brand?post=1088"},{"taxonomy":"product_cat","embeddable":true,"href":"https:\/\/www.regionalis.shop\/sabines-spezerei\/wp-json\/wp\/v2\/product_cat?post=1088"},{"taxonomy":"product_tag","embeddable":true,"href":"https:\/\/www.regionalis.shop\/sabines-spezerei\/wp-json\/wp\/v2\/product_tag?post=1088"}],"curies":[{"name":"wp","href":"https:\/\/api.w.org\/{rel}","templated":true}]}}