{"id":1057,"date":"2025-04-18T04:24:48","date_gmt":"2025-04-18T02:24:48","guid":{"rendered":"https:\/\/www.regionalis.shop\/sammercosmetics-natur-wissen\/product\/marzipan-body-chocolate\/"},"modified":"2025-04-18T04:24:48","modified_gmt":"2025-04-18T02:24:48","slug":"marzipan-body-chocolate","status":"publish","type":"product","link":"https:\/\/www.regionalis.shop\/sammercosmetics-natur-wissen\/shop\/marzipan-body-chocolate\/","title":{"rendered":"&#8222;Marzipan&#8220; &#8211; Body Chocolate"},"content":{"rendered":"<p>&#8222;Marzipan&#8220; &#8211; Body Chocolate (vegan): zartschmelzende n\u00e4hrende Pflege mit hochwertiger Pflanzenbutter und Zwetschkenkern\u00f6l<\/p>\n<p>Die \u201eMarzipan\u201c &#8211; Body Chocolate, mit hochwertiger Pflanzenbutter (Kakaobutter, Sheabutter, Murumurubutter) und Zwetschkenkern\u00f6l (mit seinem lieblichen Marzipanduft), pflegt die Haut zart und geschmeidig und versorgt sie mit Feuchtigkeit.<\/p>\n<p>Schmilzt bei K\u00f6rpertemperatur. F\u00fcr trockene Haut geeignet.<\/p>\n<p>Anwendung:<br \/>\nNach dem Duschen \/ Baden 1-2 St\u00fcck Body Chocolate von der Tafel brechen und zwischen den Handfl\u00e4chen erw\u00e4rmen. Die warme Body Chocolate auf die trockene oder leicht feuchte Haut auftragen und einmassieren. Nach dem Auftragen bei Bedarf die Haut mit einem Handtuch sanft abtupfen (nicht wischen).<\/p>\n<p>Ingredients:<br \/>\nTheobroma Cacao (Cocoa) Seed Butter; Butyrospermum Parkii (Shea) Butter; Astrocaryum Murumuru (Murumuru) Seed Butter; Prunus Domestica (Plum) Seed Oil; Euphorbia Cerifera (Candelilla) Cera; Sorbitan Olivate<\/p>\n<p>Lagerung:<br \/>\nBei Raumtemperatur lagern, trocken halten und vor direkter Sonneneinstrahlung sch\u00fctzen.<\/p>\n","protected":false},"excerpt":{"rendered":"<p>&#8222;Marzipan&#8220; &#8211; Body Chocolate (vegan): zartschmelzende n\u00e4hrende Pflege mit hochwertiger Pflanzenbutter und Zwetschkenkern\u00f6l Die \u201eMarzipan\u201c &#8211; Body Chocolate, mit hochwertiger Pflanzenbutter (Kakaobutter, Sheabutter, Murumurubutter) und Zwetschkenkern\u00f6l (mit seinem lieblichen Marzipanduft), pflegt die Haut zart und geschmeidig und versorgt sie mit Feuchtigkeit. Schmilzt bei K\u00f6rpertemperatur. F\u00fcr trockene Haut geeignet. Anwendung: Nach dem Duschen \/ Baden 1-2 &hellip; <a href=\"https:\/\/www.regionalis.shop\/sammercosmetics-natur-wissen\/shop\/marzipan-body-chocolate\/\">Continued<\/a><\/p>\n","protected":false},"featured_media":1058,"template":"","meta":{"_acf_changed":false},"product_brand":[],"product_cat":[153,52],"product_tag":[],"class_list":{"0":"post-1057","1":"product","2":"type-product","3":"status-publish","4":"has-post-thumbnail","6":"product_cat-koerperpflege","7":"product_cat-kosmetika","9":"first","10":"instock","11":"purchasable","12":"product-type-simple"},"acf":[],"_links":{"self":[{"href":"https:\/\/www.regionalis.shop\/sammercosmetics-natur-wissen\/wp-json\/wp\/v2\/product\/1057","targetHints":{"allow":["GET"]}}],"collection":[{"href":"https:\/\/www.regionalis.shop\/sammercosmetics-natur-wissen\/wp-json\/wp\/v2\/product"}],"about":[{"href":"https:\/\/www.regionalis.shop\/sammercosmetics-natur-wissen\/wp-json\/wp\/v2\/types\/product"}],"wp:featuredmedia":[{"embeddable":true,"href":"https:\/\/www.regionalis.shop\/sammercosmetics-natur-wissen\/wp-json\/wp\/v2\/media\/1058"}],"wp:attachment":[{"href":"https:\/\/www.regionalis.shop\/sammercosmetics-natur-wissen\/wp-json\/wp\/v2\/media?parent=1057"}],"wp:term":[{"taxonomy":"product_brand","embeddable":true,"href":"https:\/\/www.regionalis.shop\/sammercosmetics-natur-wissen\/wp-json\/wp\/v2\/product_brand?post=1057"},{"taxonomy":"product_cat","embeddable":true,"href":"https:\/\/www.regionalis.shop\/sammercosmetics-natur-wissen\/wp-json\/wp\/v2\/product_cat?post=1057"},{"taxonomy":"product_tag","embeddable":true,"href":"https:\/\/www.regionalis.shop\/sammercosmetics-natur-wissen\/wp-json\/wp\/v2\/product_tag?post=1057"}],"curies":[{"name":"wp","href":"https:\/\/api.w.org\/{rel}","templated":true}]}}