{"id":1042,"date":"2025-10-23T16:14:07","date_gmt":"2025-10-23T14:14:07","guid":{"rendered":"https:\/\/www.regionalis.shop\/schau-auf-di-handgeruehrte-biokosmetik\/?page_id=1042"},"modified":"2025-10-23T16:16:34","modified_gmt":"2025-10-23T14:16:34","slug":"impressum","status":"publish","type":"page","link":"https:\/\/www.regionalis.shop\/schau-auf-di-handgeruehrte-biokosmetik\/impressum\/","title":{"rendered":"Impressum"},"content":{"rendered":"<section>\n            <h1>Warum SCHAU AUF DI?<\/h1>\n<h2>Weil wir mitten in der Natur wohnen<\/h2>\n<p>Wir leben, wo andere Urlaub machen \u2013 mitten im Waldviertel, umgeben von W\u00e4ldern, Wiesen und klarer Luft. Diese N\u00e4he zur Natur pr\u00e4gt nicht nur unser Leben, sondern auch alles, was wir tun.<\/p>\n<p>Wir sind keine Weltverbesserer \u2026 oder vielleicht doch.<br \/>\nDenn unser Ziel ist es, die Welt Schritt f\u00fcr Schritt nachhaltiger zu machen \u2013 mit ehrlicher Biokosmetik, die regional produziert, plastikarm verpackt und mit ganz viel Herz handgemacht ist.<\/p>\n<p>Wir glauben: Wer Verantwortung lebt, ver\u00e4ndert etwas.<br \/>\nNicht laut, sondern konsequent.<br \/>\nF\u00fcr unsere Umwelt. F\u00fcr unsere Kinder. F\u00fcr eine Zukunft, die bunt bleibt.<\/p>\n<p>\ud83c\udf3f Ein St\u00fcck Natur zum Mitnehmen.<br \/>\nIn jedem Produkt steckt ein bisschen Waldviertel \u2013 und ganz viel von dem, woran wir glauben.<\/p>\n\n    <\/section>","protected":false},"excerpt":{"rendered":"","protected":false},"author":1,"featured_media":0,"parent":0,"menu_order":0,"comment_status":"closed","ping_status":"closed","template":"","meta":{"_acf_changed":false,"footnotes":""},"class_list":["post-1042","page","type-page","status-publish","hentry"],"acf":[],"_links":{"self":[{"href":"https:\/\/www.regionalis.shop\/schau-auf-di-handgeruehrte-biokosmetik\/wp-json\/wp\/v2\/pages\/1042","targetHints":{"allow":["GET"]}}],"collection":[{"href":"https:\/\/www.regionalis.shop\/schau-auf-di-handgeruehrte-biokosmetik\/wp-json\/wp\/v2\/pages"}],"about":[{"href":"https:\/\/www.regionalis.shop\/schau-auf-di-handgeruehrte-biokosmetik\/wp-json\/wp\/v2\/types\/page"}],"author":[{"embeddable":true,"href":"https:\/\/www.regionalis.shop\/schau-auf-di-handgeruehrte-biokosmetik\/wp-json\/wp\/v2\/users\/1"}],"replies":[{"embeddable":true,"href":"https:\/\/www.regionalis.shop\/schau-auf-di-handgeruehrte-biokosmetik\/wp-json\/wp\/v2\/comments?post=1042"}],"version-history":[{"count":2,"href":"https:\/\/www.regionalis.shop\/schau-auf-di-handgeruehrte-biokosmetik\/wp-json\/wp\/v2\/pages\/1042\/revisions"}],"predecessor-version":[{"id":1044,"href":"https:\/\/www.regionalis.shop\/schau-auf-di-handgeruehrte-biokosmetik\/wp-json\/wp\/v2\/pages\/1042\/revisions\/1044"}],"wp:attachment":[{"href":"https:\/\/www.regionalis.shop\/schau-auf-di-handgeruehrte-biokosmetik\/wp-json\/wp\/v2\/media?parent=1042"}],"curies":[{"name":"wp","href":"https:\/\/api.w.org\/{rel}","templated":true}]}}