{"id":1056,"date":"2025-04-28T03:44:11","date_gmt":"2025-04-28T01:44:11","guid":{"rendered":"https:\/\/www.regionalis.shop\/schau-auf-di-handgeruehrte-biokosmetik\/product\/pflegeoel-johannisbeere-bio\/"},"modified":"2025-04-28T03:44:11","modified_gmt":"2025-04-28T01:44:11","slug":"pflegeoel-johannisbeere-bio","status":"publish","type":"product","link":"https:\/\/www.regionalis.shop\/schau-auf-di-handgeruehrte-biokosmetik\/shop\/pflegeoel-johannisbeere-bio\/","title":{"rendered":"Pflege\u00f6l Johannisbeere BIO"},"content":{"rendered":"<p>Johannisbeeren, auch bekannt als \u201eRibisel\u201c, weisen einen hohen Vitamin C &#8211; Gehalt auf. Schon als Kinder wurden wir darauf hingewiesen, wie gesund diese k\u00f6stlichen kleinen Beeren sind. Das \u00d6l der Samen stabilisiert die Barriereschicht der Haut und sichert damit ihren Gehalt an hauteigener Feuchtigkeit. Zum Einsatz kommt es bei hypersensibler, gereizter, trockener Haut. Gemeinsam mit dem Hanf\u00f6l wirkt es regenerierend und zellerneuernd. Das Paranuss\u00f6l ist das \u201eAnti-Aging-\u00d6l\u201c in der Mischung, es hemmt den Alterungsprozess und beugt der Entstehung von unsch\u00f6nen Falten vor. Diese Pflege\u00f6lmischung macht die Haut ausgesprochen glatt, weich und h\u00e4lt den Feuchtigkeitsmantel stabil.<\/p>\n","protected":false},"excerpt":{"rendered":"<p>Johannisbeeren, auch bekannt als \u201eRibisel\u201c, weisen einen hohen Vitamin C &#8211; Gehalt auf. Schon als Kinder wurden wir darauf hingewiesen, wie gesund diese k\u00f6stlichen kleinen Beeren sind. Das \u00d6l der Samen stabilisiert die Barriereschicht der Haut und sichert damit ihren Gehalt an hauteigener Feuchtigkeit. Zum Einsatz kommt es bei hypersensibler, gereizter, trockener Haut. Gemeinsam mit &hellip; <a href=\"https:\/\/www.regionalis.shop\/schau-auf-di-handgeruehrte-biokosmetik\/shop\/pflegeoel-johannisbeere-bio\/\">Continued<\/a><\/p>\n","protected":false},"featured_media":1057,"template":"","meta":{"_acf_changed":false},"product_brand":[],"product_cat":[138,52],"product_tag":[],"class_list":{"0":"post-1056","1":"product","2":"type-product","3":"status-publish","4":"has-post-thumbnail","6":"product_cat-gesichtspflege","7":"product_cat-kosmetika","9":"first","10":"instock","11":"purchasable","12":"product-type-simple"},"acf":[],"_links":{"self":[{"href":"https:\/\/www.regionalis.shop\/schau-auf-di-handgeruehrte-biokosmetik\/wp-json\/wp\/v2\/product\/1056","targetHints":{"allow":["GET"]}}],"collection":[{"href":"https:\/\/www.regionalis.shop\/schau-auf-di-handgeruehrte-biokosmetik\/wp-json\/wp\/v2\/product"}],"about":[{"href":"https:\/\/www.regionalis.shop\/schau-auf-di-handgeruehrte-biokosmetik\/wp-json\/wp\/v2\/types\/product"}],"wp:featuredmedia":[{"embeddable":true,"href":"https:\/\/www.regionalis.shop\/schau-auf-di-handgeruehrte-biokosmetik\/wp-json\/wp\/v2\/media\/1057"}],"wp:attachment":[{"href":"https:\/\/www.regionalis.shop\/schau-auf-di-handgeruehrte-biokosmetik\/wp-json\/wp\/v2\/media?parent=1056"}],"wp:term":[{"taxonomy":"product_brand","embeddable":true,"href":"https:\/\/www.regionalis.shop\/schau-auf-di-handgeruehrte-biokosmetik\/wp-json\/wp\/v2\/product_brand?post=1056"},{"taxonomy":"product_cat","embeddable":true,"href":"https:\/\/www.regionalis.shop\/schau-auf-di-handgeruehrte-biokosmetik\/wp-json\/wp\/v2\/product_cat?post=1056"},{"taxonomy":"product_tag","embeddable":true,"href":"https:\/\/www.regionalis.shop\/schau-auf-di-handgeruehrte-biokosmetik\/wp-json\/wp\/v2\/product_tag?post=1056"}],"curies":[{"name":"wp","href":"https:\/\/api.w.org\/{rel}","templated":true}]}}