{"id":1068,"date":"2025-04-28T03:44:11","date_gmt":"2025-04-28T01:44:11","guid":{"rendered":"https:\/\/www.regionalis.shop\/schau-auf-di-handgeruehrte-biokosmetik\/product\/fussbalsam-bio\/"},"modified":"2025-11-10T16:19:22","modified_gmt":"2025-11-10T15:19:22","slug":"fussbalsam-bio","status":"publish","type":"product","link":"https:\/\/www.regionalis.shop\/schau-auf-di-handgeruehrte-biokosmetik\/shop\/fussbalsam-bio\/","title":{"rendered":"Fu\u00dfbalsam BIO"},"content":{"rendered":"<div class=\"text-holder\">\n<p>Unser <em>Bio-Fu\u00dfbalsam Hanf\u00f6l<\/em> schenkt deinen F\u00fc\u00dfen eine Extraportion Pflege und Leichtigkeit. Die reichhaltige, dennoch schnell einziehende Formel kombiniert <strong>n\u00e4hrendes Hanf\u00f6l<\/strong> mit <strong>Sonnenblumen-<\/strong> und <strong>Distel\u00f6l<\/strong>, um trockene, beanspruchte Haut zu regenerieren. <strong>Lavendelwasser<\/strong> beruhigt, w\u00e4hrend <strong>\u00e4therisches Bergamotte-<\/strong> und <strong>Orangen\u00f6l<\/strong> eine belebende Frische verleihen.<\/p>\n<p><strong>Vorteile:<\/strong><\/p>\n<ul>\n<li>Pflegt intensiv und unterst\u00fctzt die Regeneration<\/li>\n<li>Zieht schnell ein \u2013 kein klebriges Gef\u00fchl<\/li>\n<li>Belebender Zitrusduft mit beruhigender Lavendelnote<\/li>\n<li>Ideal bei m\u00fcden, schmerzenden oder trockenen F\u00fc\u00dfen<\/li>\n<\/ul>\n<p><strong>Anwendung:<\/strong><br \/>\nNach dem Duschen oder Fu\u00dfbad eine kleine Menge auf die trockenen oder feuchten F\u00fc\u00dfe auftragen und sanft einmassieren \u2013 besonders wirkungsvoll vor dem Schlafengehen.<\/p>\n<p><strong>Verpackungseinheit:<\/strong><br \/>\n100 ml in der hygienischen Airless-Pumpflasche \u2013 pr\u00e4zise dosierbar &amp; praktisch f\u00fcr unterwegs<\/p>\n<p><strong>Inhaltsstoffe (Deutsch):<\/strong><br \/>\nWasser, Sonnenblumen\u00f6l*, Distel\u00f6l*, Hanf\u00f6l*, Lavendelwasser*, Emulgator (Polyglyceryl-3 Dicitrate\/Stearate), Benzyl Alcohol, Benzoic Acid, Sorbic Acid, Xanthan, \u00e4therisches Bergamotte\u00f6l*, \u00e4therisches Orangen\u00f6l*, \u00e4therisches Lavendel\u00f6l*<br \/>\n*aus kontrolliert biologischem Anbau (Bio)<\/p>\n<\/div>\n","protected":false},"excerpt":{"rendered":"<p>Unser <em>Bio-Fu\u00dfbalsam Hanf\u00f6l<\/em> schenkt deinen F\u00fc\u00dfen eine Extraportion Pflege und Leichtigkeit. Die reichhaltige, dennoch schnell einziehende Formel kombiniert <strong>n\u00e4hrendes Hanf\u00f6l<\/strong> mit <strong>Sonnenblumen-<\/strong> und <strong>Distel\u00f6l<\/strong>, um trockene, beanspruchte Haut zu regenerieren. <strong>Lavendelwasser<\/strong> beruhigt, w\u00e4hrend <strong>\u00e4therisches Bergamotte-<\/strong> und <strong>Orangen\u00f6l<\/strong> eine belebende Frische verleihen.<\/p>\n","protected":false},"featured_media":1151,"template":"","meta":{"_acf_changed":false},"product_brand":[],"product_cat":[153,52],"product_tag":[],"class_list":{"0":"post-1068","1":"product","2":"type-product","3":"status-publish","4":"has-post-thumbnail","6":"product_cat-koerperpflege","7":"product_cat-kosmetika","9":"first","10":"instock","11":"purchasable","12":"product-type-simple"},"acf":[],"_links":{"self":[{"href":"https:\/\/www.regionalis.shop\/schau-auf-di-handgeruehrte-biokosmetik\/wp-json\/wp\/v2\/product\/1068","targetHints":{"allow":["GET"]}}],"collection":[{"href":"https:\/\/www.regionalis.shop\/schau-auf-di-handgeruehrte-biokosmetik\/wp-json\/wp\/v2\/product"}],"about":[{"href":"https:\/\/www.regionalis.shop\/schau-auf-di-handgeruehrte-biokosmetik\/wp-json\/wp\/v2\/types\/product"}],"wp:featuredmedia":[{"embeddable":true,"href":"https:\/\/www.regionalis.shop\/schau-auf-di-handgeruehrte-biokosmetik\/wp-json\/wp\/v2\/media\/1151"}],"wp:attachment":[{"href":"https:\/\/www.regionalis.shop\/schau-auf-di-handgeruehrte-biokosmetik\/wp-json\/wp\/v2\/media?parent=1068"}],"wp:term":[{"taxonomy":"product_brand","embeddable":true,"href":"https:\/\/www.regionalis.shop\/schau-auf-di-handgeruehrte-biokosmetik\/wp-json\/wp\/v2\/product_brand?post=1068"},{"taxonomy":"product_cat","embeddable":true,"href":"https:\/\/www.regionalis.shop\/schau-auf-di-handgeruehrte-biokosmetik\/wp-json\/wp\/v2\/product_cat?post=1068"},{"taxonomy":"product_tag","embeddable":true,"href":"https:\/\/www.regionalis.shop\/schau-auf-di-handgeruehrte-biokosmetik\/wp-json\/wp\/v2\/product_tag?post=1068"}],"curies":[{"name":"wp","href":"https:\/\/api.w.org\/{rel}","templated":true}]}}