{"id":1063,"date":"2025-04-28T04:02:42","date_gmt":"2025-04-28T02:02:42","guid":{"rendered":"https:\/\/www.regionalis.shop\/scheinheilig\/product\/brotbeutel-aus-bio-leinen\/"},"modified":"2025-04-28T04:02:42","modified_gmt":"2025-04-28T02:02:42","slug":"brotbeutel-aus-bio-leinen","status":"publish","type":"product","link":"https:\/\/www.regionalis.shop\/scheinheilig\/shop\/brotbeutel-aus-bio-leinen\/","title":{"rendered":"Brotbeutel aus Bio Leinen"},"content":{"rendered":"<p>Reinleinen eignet sich ideal um Brot l\u00e4nger frisch und saftig zu halten.  Die Faser ist frei von tierischem Eiwei\u00df und deswegen best\u00e4ndig gegen Schimmelpilz.<\/p>\n<p>Leinen ist von Natur aus<\/p>\n<p>    Atmungsaktiv<br \/>\n    Antibakteriell<br \/>\n    Schmutzabweisend<br \/>\n    Feuchtigkeitsregulierend<\/p>\n<p>Brotbeutel aus 100% \u00f6sterreichischem Bio-Leinen, handgefertigt in der Steiermark.<\/p>\n<p>Zu 100% aus zertifizierten und fair in Europa produzierten, veganen Bio-Materialien.<\/p>\n<p>Ma\u00dfe: Breite: 36cm H\u00f6he: 44cm<\/p>\n<p>Der Brotbeutel besteht aus folgenden Materialien:<\/p>\n<p>    100% Bio-Leinen aus \u00f6sterreichischer Produktion<br \/>\n    N\u00e4hgarn aus Bio-Baumwolle<br \/>\n    Label aus Bio-Baumwolle<\/p>\n<p>Maschinenw\u00e4sche bei 60 \u00b0C.<\/p>\n","protected":false},"excerpt":{"rendered":"<p>Reinleinen eignet sich ideal um Brot l\u00e4nger frisch und saftig zu halten. Die Faser ist frei von tierischem Eiwei\u00df und deswegen best\u00e4ndig gegen Schimmelpilz. Leinen ist von Natur aus Atmungsaktiv Antibakteriell Schmutzabweisend Feuchtigkeitsregulierend Brotbeutel aus 100% \u00f6sterreichischem Bio-Leinen, handgefertigt in der Steiermark. Zu 100% aus zertifizierten und fair in Europa produzierten, veganen Bio-Materialien. Ma\u00dfe: Breite: &hellip; <a href=\"https:\/\/www.regionalis.shop\/scheinheilig\/shop\/brotbeutel-aus-bio-leinen\/\">Continued<\/a><\/p>\n","protected":false},"featured_media":1064,"template":"","meta":{"_acf_changed":false},"product_brand":[],"product_cat":[160,103],"product_tag":[],"class_list":{"0":"post-1063","1":"product","2":"type-product","3":"status-publish","4":"has-post-thumbnail","6":"product_cat-nachhaltiger-haushalt","7":"product_cat-wohnen-deko","9":"first","10":"instock","11":"purchasable","12":"product-type-simple"},"acf":[],"_links":{"self":[{"href":"https:\/\/www.regionalis.shop\/scheinheilig\/wp-json\/wp\/v2\/product\/1063","targetHints":{"allow":["GET"]}}],"collection":[{"href":"https:\/\/www.regionalis.shop\/scheinheilig\/wp-json\/wp\/v2\/product"}],"about":[{"href":"https:\/\/www.regionalis.shop\/scheinheilig\/wp-json\/wp\/v2\/types\/product"}],"wp:featuredmedia":[{"embeddable":true,"href":"https:\/\/www.regionalis.shop\/scheinheilig\/wp-json\/wp\/v2\/media\/1064"}],"wp:attachment":[{"href":"https:\/\/www.regionalis.shop\/scheinheilig\/wp-json\/wp\/v2\/media?parent=1063"}],"wp:term":[{"taxonomy":"product_brand","embeddable":true,"href":"https:\/\/www.regionalis.shop\/scheinheilig\/wp-json\/wp\/v2\/product_brand?post=1063"},{"taxonomy":"product_cat","embeddable":true,"href":"https:\/\/www.regionalis.shop\/scheinheilig\/wp-json\/wp\/v2\/product_cat?post=1063"},{"taxonomy":"product_tag","embeddable":true,"href":"https:\/\/www.regionalis.shop\/scheinheilig\/wp-json\/wp\/v2\/product_tag?post=1063"}],"curies":[{"name":"wp","href":"https:\/\/api.w.org\/{rel}","templated":true}]}}