{"id":1076,"date":"2025-04-28T04:01:44","date_gmt":"2025-04-28T02:01:44","guid":{"rendered":"https:\/\/www.regionalis.shop\/scheinheilig\/product\/glasuntersetzer-aus-bio-leinen\/"},"modified":"2025-04-28T04:01:44","modified_gmt":"2025-04-28T02:01:44","slug":"glasuntersetzer-aus-bio-leinen","status":"publish","type":"product","link":"https:\/\/www.regionalis.shop\/scheinheilig\/shop\/glasuntersetzer-aus-bio-leinen\/","title":{"rendered":"Glasuntersetzer aus Bio Leinen"},"content":{"rendered":"<p>Die Glasuntersetzer aus Reinleinen sind die perfekte Erz\u00e4nzung zu den Tischsets und setzten einen traumhaften Akzent.<br \/>\nDas Set besteht aus 2 St\u00fcck.<\/p>\n<p>Glasuntersetzer aus 100% \u00f6sterreichischem Bio-Leinen, handgefertigt in der Steiermark.<\/p>\n<p>Ma\u00dfe: Breite: 10cm H\u00f6he: 10cm<\/p>\n<p>Die Tischsets bestehen aus folgenden Materialien:<\/p>\n<p>    100% Bio-Leinen aus \u00f6sterreichischer Produktion<br \/>\n    N\u00e4hgarn aus Bio-Baumwolle<\/p>\n","protected":false},"excerpt":{"rendered":"<p>Die Glasuntersetzer aus Reinleinen sind die perfekte Erz\u00e4nzung zu den Tischsets und setzten einen traumhaften Akzent. Das Set besteht aus 2 St\u00fcck. Glasuntersetzer aus 100% \u00f6sterreichischem Bio-Leinen, handgefertigt in der Steiermark. Ma\u00dfe: Breite: 10cm H\u00f6he: 10cm Die Tischsets bestehen aus folgenden Materialien: 100% Bio-Leinen aus \u00f6sterreichischer Produktion N\u00e4hgarn aus Bio-Baumwolle<\/p>\n","protected":false},"featured_media":1077,"template":"","meta":{"_acf_changed":false},"product_brand":[],"product_cat":[160,103],"product_tag":[],"class_list":{"0":"post-1076","1":"product","2":"type-product","3":"status-publish","4":"has-post-thumbnail","6":"product_cat-nachhaltiger-haushalt","7":"product_cat-wohnen-deko","9":"first","10":"instock","11":"purchasable","12":"product-type-simple"},"acf":[],"_links":{"self":[{"href":"https:\/\/www.regionalis.shop\/scheinheilig\/wp-json\/wp\/v2\/product\/1076","targetHints":{"allow":["GET"]}}],"collection":[{"href":"https:\/\/www.regionalis.shop\/scheinheilig\/wp-json\/wp\/v2\/product"}],"about":[{"href":"https:\/\/www.regionalis.shop\/scheinheilig\/wp-json\/wp\/v2\/types\/product"}],"wp:featuredmedia":[{"embeddable":true,"href":"https:\/\/www.regionalis.shop\/scheinheilig\/wp-json\/wp\/v2\/media\/1077"}],"wp:attachment":[{"href":"https:\/\/www.regionalis.shop\/scheinheilig\/wp-json\/wp\/v2\/media?parent=1076"}],"wp:term":[{"taxonomy":"product_brand","embeddable":true,"href":"https:\/\/www.regionalis.shop\/scheinheilig\/wp-json\/wp\/v2\/product_brand?post=1076"},{"taxonomy":"product_cat","embeddable":true,"href":"https:\/\/www.regionalis.shop\/scheinheilig\/wp-json\/wp\/v2\/product_cat?post=1076"},{"taxonomy":"product_tag","embeddable":true,"href":"https:\/\/www.regionalis.shop\/scheinheilig\/wp-json\/wp\/v2\/product_tag?post=1076"}],"curies":[{"name":"wp","href":"https:\/\/api.w.org\/{rel}","templated":true}]}}