{"id":862,"date":"2025-05-24T13:44:06","date_gmt":"2025-05-24T11:44:06","guid":{"rendered":"https:\/\/starter.stage.shop-it.at\/?page_id=862"},"modified":"2025-10-23T15:21:37","modified_gmt":"2025-10-23T13:21:37","slug":"startseite","status":"publish","type":"page","link":"https:\/\/www.regionalis.shop\/sscapess-handmade\/","title":{"rendered":"Startseite"},"content":{"rendered":"<section>\n        <div class=\"header-image\">\n            <img decoding=\"async\" src=\"https:\/\/www.regionalis.shop\/app\/uploads\/sites\/554\/524_2019_08_12_22_19_16_925906329.jpg\" alt=\"\">\n        <\/div>\n    \n    <\/section>\n    <section>\n    <div class=\"header-title\">\n        <h1 class=\"h2\">Willkommen bei sSCAPESs handmade<\/h1>\n    <\/div>\n            <h2 class=\"h3\">Handgemacht in Wien<\/h2>\n                <p>sSCAPESs handmade steht f\u00fcr eco-certified und baby-friendly. Baby- und Kinder-Accessories von sSCAPESs sind Unikate und mit Liebe zum Detail von Hand gemacht. Jedes St\u00fcck erz\u00e4hlt eigene Geschichte, die den Alltag von den neuen kleinen Besitzern praktisch und \u00e4sthetisch bereichern wird.<br \/>\nWir sind ein bilinguales Team, daher sind einige Produkte auf Englisch beschrieben. Bei offenen Fragen stehen wir gerne telefonisch oder per E-Mail zur Verf\u00fcgung (sehe Impressum).<\/p>\n\n    \n    <h3>Produkte<\/h3>\n\n    <div class=\"woocommerce columns-3 \"><ul class=\"products columns-3\">\n<li class=\"product type-product post-1054 status-publish first instock product_cat-accessoires-baby-kinder product_cat-baby-kinder has-post-thumbnail purchasable product-type-simple\">\n\t<a href=\"https:\/\/www.regionalis.shop\/sscapess-handmade\/shop\/geschenkset-kitty-bandana-bib-kitty-soft-toy-bunny-ear-teether\/\" class=\"woocommerce-LoopProduct-link woocommerce-loop-product__link\"><div class=\"wc-block-grid__product-image\"><img loading=\"lazy\" decoding=\"async\" width=\"420\" height=\"420\" src=\"https:\/\/www.regionalis.shop\/app\/uploads\/sites\/554\/524_2019_10_28_22_13_29_952976467.jpg\" class=\"attachment-large size-large\" alt=\"GESCHENKSET - Kitty Bandana bib, kitty soft toy &amp; bunny ear teether\" srcset=\"https:\/\/www.regionalis.shop\/app\/uploads\/sites\/554\/524_2019_10_28_22_13_29_952976467.jpg 420w, https:\/\/www.regionalis.shop\/app\/uploads\/sites\/554\/524_2019_10_28_22_13_29_952976467-300x300.jpg 300w, https:\/\/www.regionalis.shop\/app\/uploads\/sites\/554\/524_2019_10_28_22_13_29_952976467-150x150.jpg 150w, https:\/\/www.regionalis.shop\/app\/uploads\/sites\/554\/524_2019_10_28_22_13_29_952976467-100x100.jpg 100w\" sizes=\"auto, (max-width: 420px) 100vw, 420px\" \/><\/div><h2 class=\"woocommerce-loop-product__title\">GESCHENKSET &#8211; Kitty Bandana bib, kitty soft toy &#038; bunny ear teether<\/h2>\n\t<span class=\"price\"><span class=\"woocommerce-Price-amount amount\"><bdi>44,00&nbsp;<span class=\"woocommerce-Price-currencySymbol\">&euro;<\/span><\/bdi><\/span><\/span>\n<\/a><\/li>\n<li class=\"product type-product post-1059 status-publish instock product_cat-accessoires-baby-kinder product_cat-baby-kinder has-post-thumbnail purchasable product-type-simple\">\n\t<a href=\"https:\/\/www.regionalis.shop\/sscapess-handmade\/shop\/xl-geschenkset-snow-flakes-baby-bib-taggie-bunny-ear-teether-soft-whale\/\" class=\"woocommerce-LoopProduct-link woocommerce-loop-product__link\"><div class=\"wc-block-grid__product-image\"><img loading=\"lazy\" decoding=\"async\" width=\"420\" height=\"420\" src=\"https:\/\/www.regionalis.shop\/app\/uploads\/sites\/554\/524_2019_08_12_22_40_54_785185502.jpg\" class=\"attachment-large size-large\" alt=\"XL GESCHENKSET - Snow flakes Baby bib, taggie, bunny ear teether &amp; soft whale\" srcset=\"https:\/\/www.regionalis.shop\/app\/uploads\/sites\/554\/524_2019_08_12_22_40_54_785185502.jpg 420w, https:\/\/www.regionalis.shop\/app\/uploads\/sites\/554\/524_2019_08_12_22_40_54_785185502-300x300.jpg 300w, https:\/\/www.regionalis.shop\/app\/uploads\/sites\/554\/524_2019_08_12_22_40_54_785185502-150x150.jpg 150w, https:\/\/www.regionalis.shop\/app\/uploads\/sites\/554\/524_2019_08_12_22_40_54_785185502-100x100.jpg 100w\" sizes=\"auto, (max-width: 420px) 100vw, 420px\" \/><\/div><h2 class=\"woocommerce-loop-product__title\">XL GESCHENKSET &#8211; Snow flakes Baby bib, taggie, bunny ear teether &#038; soft whale<\/h2>\n\t<span class=\"price\"><span class=\"woocommerce-Price-amount amount\"><bdi>69,00&nbsp;<span class=\"woocommerce-Price-currencySymbol\">&euro;<\/span><\/bdi><\/span><\/span>\n<\/a><\/li>\n<li class=\"product type-product post-1074 status-publish last instock product_cat-accessoires-baby-kinder product_cat-baby-kinder has-post-thumbnail purchasable product-type-simple\">\n\t<a href=\"https:\/\/www.regionalis.shop\/sscapess-handmade\/shop\/mama-geschenkset-rosa-circles-windeltasche-mu-ki-pass-huelle\/\" class=\"woocommerce-LoopProduct-link woocommerce-loop-product__link\"><div class=\"wc-block-grid__product-image\"><img loading=\"lazy\" decoding=\"async\" width=\"420\" height=\"420\" src=\"https:\/\/www.regionalis.shop\/app\/uploads\/sites\/554\/524_2021_03_04_12_15_16_326665687.jpg\" class=\"attachment-large size-large\" alt=\"MAMA GESCHENKSET Rosa circles Windeltasche &amp; Mu-Ki-Pass H\u00fclle\" srcset=\"https:\/\/www.regionalis.shop\/app\/uploads\/sites\/554\/524_2021_03_04_12_15_16_326665687.jpg 420w, https:\/\/www.regionalis.shop\/app\/uploads\/sites\/554\/524_2021_03_04_12_15_16_326665687-300x300.jpg 300w, https:\/\/www.regionalis.shop\/app\/uploads\/sites\/554\/524_2021_03_04_12_15_16_326665687-150x150.jpg 150w, https:\/\/www.regionalis.shop\/app\/uploads\/sites\/554\/524_2021_03_04_12_15_16_326665687-100x100.jpg 100w\" sizes=\"auto, (max-width: 420px) 100vw, 420px\" \/><\/div><h2 class=\"woocommerce-loop-product__title\">MAMA GESCHENKSET Rosa circles Windeltasche &#038; Mu-Ki-Pass H\u00fclle<\/h2>\n\t<span class=\"price\"><span class=\"woocommerce-Price-amount amount\"><bdi>44,00&nbsp;<span class=\"woocommerce-Price-currencySymbol\">&euro;<\/span><\/bdi><\/span><\/span>\n<\/a><\/li>\n<\/ul>\n<\/div>\n    <p>\n        <a href=\"https:\/\/www.regionalis.shop\/sscapess-handmade\/shop\/\" class=\"btn btn-primary btn-icon-right\">\n            Alle Produkte <i class=\"bi bi-arrow-right-short\"><\/i>\n        <\/a>\n    <\/p>\n<\/section>\n\n<div data-block-name=\"woocommerce\/store-notices\" class=\"wc-block-store-notices woocommerce alignwide alignwide wp-block-woocommerce-store-notices\"><div class=\"woocommerce-notices-wrapper\"><\/div><\/div>","protected":false},"excerpt":{"rendered":"","protected":false},"author":1,"featured_media":0,"parent":0,"menu_order":0,"comment_status":"closed","ping_status":"closed","template":"template-home.blade.php","meta":{"_acf_changed":false,"footnotes":""},"class_list":["post-862","page","type-page","status-publish","hentry"],"acf":[],"_links":{"self":[{"href":"https:\/\/www.regionalis.shop\/sscapess-handmade\/wp-json\/wp\/v2\/pages\/862","targetHints":{"allow":["GET"]}}],"collection":[{"href":"https:\/\/www.regionalis.shop\/sscapess-handmade\/wp-json\/wp\/v2\/pages"}],"about":[{"href":"https:\/\/www.regionalis.shop\/sscapess-handmade\/wp-json\/wp\/v2\/types\/page"}],"author":[{"embeddable":true,"href":"https:\/\/www.regionalis.shop\/sscapess-handmade\/wp-json\/wp\/v2\/users\/1"}],"replies":[{"embeddable":true,"href":"https:\/\/www.regionalis.shop\/sscapess-handmade\/wp-json\/wp\/v2\/comments?post=862"}],"version-history":[{"count":28,"href":"https:\/\/www.regionalis.shop\/sscapess-handmade\/wp-json\/wp\/v2\/pages\/862\/revisions"}],"predecessor-version":[{"id":1041,"href":"https:\/\/www.regionalis.shop\/sscapess-handmade\/wp-json\/wp\/v2\/pages\/862\/revisions\/1041"}],"wp:attachment":[{"href":"https:\/\/www.regionalis.shop\/sscapess-handmade\/wp-json\/wp\/v2\/media?parent=862"}],"curies":[{"name":"wp","href":"https:\/\/api.w.org\/{rel}","templated":true}]}}