{"id":1082,"date":"2025-04-18T01:00:52","date_gmt":"2025-04-17T23:00:52","guid":{"rendered":"https:\/\/www.regionalis.shop\/sscapess-handmade\/product\/einzelstueck-maske-mittenacht-muster\/"},"modified":"2025-04-18T01:00:52","modified_gmt":"2025-04-17T23:00:52","slug":"einzelstueck-maske-mittenacht-muster","status":"publish","type":"product","link":"https:\/\/www.regionalis.shop\/sscapess-handmade\/shop\/einzelstueck-maske-mittenacht-muster\/","title":{"rendered":"Einzelst\u00fcck MASKE &#8211; Mittenacht Muster"},"content":{"rendered":"<p>Diese einzigartige Gesichtsmaske mit abstraktem Muster von sSCAPESs handmade ist handgefertigt aus GOTS-zertifizierter Bio Baumwolle mit elastischen und angenehm weichen Ohrb\u00e4ndern.<br \/>\nOne-size und zweilagig, die Maske kann bei 40\u00b0C (farbschonend) oder 60\u00b0C gewaschen werden und so mehrere Male verwendet werden.<br \/>\nsSCAPESs ist daher nachhaltig, wiederverwendbar, mit sozialem Augenmark.<br \/>\nsSCAPESs Gesichtsmasken werden in gesch\u00fctzten Werkstatt in Wien produziert und somit werden Frauen mit Behinderung unterst\u00fctzt.<\/p>\n<p>*Die MNS von sSCAPESs sind keine Medizinprodukte, sondern reduzieren die die Verbreitung von Covid-19 Tr\u00f6pfchen durch Tr\u00e4gerInnen. Es handelt sich um Hygieneprodukte, daher R\u00fccknahme und Umtausch sind ausgeschlossen.<\/p>\n","protected":false},"excerpt":{"rendered":"<p>Diese einzigartige Gesichtsmaske mit abstraktem Muster von sSCAPESs handmade ist handgefertigt aus GOTS-zertifizierter Bio Baumwolle mit elastischen und angenehm weichen Ohrb\u00e4ndern. One-size und zweilagig, die Maske kann bei 40\u00b0C (farbschonend) oder 60\u00b0C gewaschen werden und so mehrere Male verwendet werden. sSCAPESs ist daher nachhaltig, wiederverwendbar, mit sozialem Augenmark. sSCAPESs Gesichtsmasken werden in gesch\u00fctzten Werkstatt in &hellip; <a href=\"https:\/\/www.regionalis.shop\/sscapess-handmade\/shop\/einzelstueck-maske-mittenacht-muster\/\">Continued<\/a><\/p>\n","protected":false},"featured_media":1083,"template":"","meta":{"_acf_changed":false},"product_brand":[],"product_cat":[37,92],"product_tag":[],"class_list":{"0":"post-1082","1":"product","2":"type-product","3":"status-publish","4":"has-post-thumbnail","6":"product_cat-accessoires","7":"product_cat-stoff-gesichtsmasken","9":"first","10":"instock","11":"purchasable","12":"product-type-simple"},"acf":[],"_links":{"self":[{"href":"https:\/\/www.regionalis.shop\/sscapess-handmade\/wp-json\/wp\/v2\/product\/1082","targetHints":{"allow":["GET"]}}],"collection":[{"href":"https:\/\/www.regionalis.shop\/sscapess-handmade\/wp-json\/wp\/v2\/product"}],"about":[{"href":"https:\/\/www.regionalis.shop\/sscapess-handmade\/wp-json\/wp\/v2\/types\/product"}],"wp:featuredmedia":[{"embeddable":true,"href":"https:\/\/www.regionalis.shop\/sscapess-handmade\/wp-json\/wp\/v2\/media\/1083"}],"wp:attachment":[{"href":"https:\/\/www.regionalis.shop\/sscapess-handmade\/wp-json\/wp\/v2\/media?parent=1082"}],"wp:term":[{"taxonomy":"product_brand","embeddable":true,"href":"https:\/\/www.regionalis.shop\/sscapess-handmade\/wp-json\/wp\/v2\/product_brand?post=1082"},{"taxonomy":"product_cat","embeddable":true,"href":"https:\/\/www.regionalis.shop\/sscapess-handmade\/wp-json\/wp\/v2\/product_cat?post=1082"},{"taxonomy":"product_tag","embeddable":true,"href":"https:\/\/www.regionalis.shop\/sscapess-handmade\/wp-json\/wp\/v2\/product_tag?post=1082"}],"curies":[{"name":"wp","href":"https:\/\/api.w.org\/{rel}","templated":true}]}}