{"id":1056,"date":"2025-04-18T07:55:24","date_gmt":"2025-04-18T05:55:24","guid":{"rendered":"https:\/\/www.regionalis.shop\/steffi-kalina-schmuck\/product\/ohrstecker-stiefmuetterchen\/"},"modified":"2025-04-18T07:55:24","modified_gmt":"2025-04-18T05:55:24","slug":"ohrstecker-stiefmuetterchen","status":"publish","type":"product","link":"https:\/\/www.regionalis.shop\/steffi-kalina-schmuck\/shop\/ohrstecker-stiefmuetterchen\/","title":{"rendered":"Ohrstecker Stiefm\u00fctterchen"},"content":{"rendered":"<p>Eine meiner neuesten Bl\u00fctenkreationen &#8211; der &#8211;Stiefm\u00fctterchen Ohrstecker&#8211; aus der Daisy&#038;Co Kollektion.<br \/>\nJede Bl\u00fcte wird von mir einzeln aus Kupferblech ausges\u00e4gt und montiert, anschlie\u00dfend feueremailliert. Die Steckerpatente sind aus 925 Silber.<\/p>\n<p>&#8211;Materialien:&#8211; Kupfer, 925 Silber (Stecker), Emaille<br \/>\n&#8211;Gr\u00f6\u00dfe:&#8211; pro Bl\u00fcte ca. 25mm Durchmesser<\/p>\n<p>Jedes St\u00fcck hat, wie auch die Blumen auf der Wiese, seinen individuellen Charakter, deshalb ist das Produktbild ein Beispielbild.<\/p>\n","protected":false},"excerpt":{"rendered":"<p>Eine meiner neuesten Bl\u00fctenkreationen &#8211; der &#8211;Stiefm\u00fctterchen Ohrstecker&#8211; aus der Daisy&#038;Co Kollektion. Jede Bl\u00fcte wird von mir einzeln aus Kupferblech ausges\u00e4gt und montiert, anschlie\u00dfend feueremailliert. Die Steckerpatente sind aus 925 Silber. &#8211;Materialien:&#8211; Kupfer, 925 Silber (Stecker), Emaille &#8211;Gr\u00f6\u00dfe:&#8211; pro Bl\u00fcte ca. 25mm Durchmesser Jedes St\u00fcck hat, wie auch die Blumen auf der Wiese, seinen individuellen &hellip; <a href=\"https:\/\/www.regionalis.shop\/steffi-kalina-schmuck\/shop\/ohrstecker-stiefmuetterchen\/\">Continued<\/a><\/p>\n","protected":false},"featured_media":1057,"template":"","meta":{"_acf_changed":false},"product_brand":[],"product_cat":[163,70],"product_tag":[],"class_list":{"0":"post-1056","1":"product","2":"type-product","3":"status-publish","4":"has-post-thumbnail","6":"product_cat-ohrringe","7":"product_cat-schmuck","9":"first","10":"instock","11":"purchasable","12":"product-type-simple"},"acf":[],"_links":{"self":[{"href":"https:\/\/www.regionalis.shop\/steffi-kalina-schmuck\/wp-json\/wp\/v2\/product\/1056","targetHints":{"allow":["GET"]}}],"collection":[{"href":"https:\/\/www.regionalis.shop\/steffi-kalina-schmuck\/wp-json\/wp\/v2\/product"}],"about":[{"href":"https:\/\/www.regionalis.shop\/steffi-kalina-schmuck\/wp-json\/wp\/v2\/types\/product"}],"wp:featuredmedia":[{"embeddable":true,"href":"https:\/\/www.regionalis.shop\/steffi-kalina-schmuck\/wp-json\/wp\/v2\/media\/1057"}],"wp:attachment":[{"href":"https:\/\/www.regionalis.shop\/steffi-kalina-schmuck\/wp-json\/wp\/v2\/media?parent=1056"}],"wp:term":[{"taxonomy":"product_brand","embeddable":true,"href":"https:\/\/www.regionalis.shop\/steffi-kalina-schmuck\/wp-json\/wp\/v2\/product_brand?post=1056"},{"taxonomy":"product_cat","embeddable":true,"href":"https:\/\/www.regionalis.shop\/steffi-kalina-schmuck\/wp-json\/wp\/v2\/product_cat?post=1056"},{"taxonomy":"product_tag","embeddable":true,"href":"https:\/\/www.regionalis.shop\/steffi-kalina-schmuck\/wp-json\/wp\/v2\/product_tag?post=1056"}],"curies":[{"name":"wp","href":"https:\/\/api.w.org\/{rel}","templated":true}]}}