{"id":1076,"date":"2025-04-18T07:53:53","date_gmt":"2025-04-18T05:53:53","guid":{"rendered":"https:\/\/www.regionalis.shop\/steffi-kalina-schmuck\/product\/ohrstecker-gaensebluemchen-2\/"},"modified":"2025-04-18T07:53:53","modified_gmt":"2025-04-18T05:53:53","slug":"ohrstecker-gaensebluemchen-2","status":"publish","type":"product","link":"https:\/\/www.regionalis.shop\/steffi-kalina-schmuck\/shop\/ohrstecker-gaensebluemchen-2\/","title":{"rendered":"Ohrstecker G\u00e4nsebl\u00fcmchen"},"content":{"rendered":"<p>Einer meiner Klassiker &#8211; der &#8211;G\u00e4nsebl\u00fcmchen Ohrstecker&#8211; aus der Daisy&#038;Co Kollektion.<br \/>\nJede Bl\u00fcte wird von mir einzeln aus Kupferblech ausges\u00e4gt und montiert, anschlie\u00dfend feueremailliert. Die Steckerpatente sind aus 925 Silber.<\/p>\n<p>&#8211;Materialien:&#8211; Kupfer, 925 Silber (Stecker), Emaille<br \/>\n&#8211;Gr\u00f6\u00dfe:&#8211; pro Bl\u00fcte ca. 25mm Durchmesser<\/p>\n<p>Jedes St\u00fcck hat, wie auch die Blumen auf der Wiese, seinen individuellen Charakter, deshalb ist das Produktbild ein Beispielbild.<\/p>\n","protected":false},"excerpt":{"rendered":"<p>Einer meiner Klassiker &#8211; der &#8211;G\u00e4nsebl\u00fcmchen Ohrstecker&#8211; aus der Daisy&#038;Co Kollektion. Jede Bl\u00fcte wird von mir einzeln aus Kupferblech ausges\u00e4gt und montiert, anschlie\u00dfend feueremailliert. Die Steckerpatente sind aus 925 Silber. &#8211;Materialien:&#8211; Kupfer, 925 Silber (Stecker), Emaille &#8211;Gr\u00f6\u00dfe:&#8211; pro Bl\u00fcte ca. 25mm Durchmesser Jedes St\u00fcck hat, wie auch die Blumen auf der Wiese, seinen individuellen Charakter, &hellip; <a href=\"https:\/\/www.regionalis.shop\/steffi-kalina-schmuck\/shop\/ohrstecker-gaensebluemchen-2\/\">Continued<\/a><\/p>\n","protected":false},"featured_media":1077,"template":"","meta":{"_acf_changed":false},"product_brand":[],"product_cat":[163,70],"product_tag":[],"class_list":{"0":"post-1076","1":"product","2":"type-product","3":"status-publish","4":"has-post-thumbnail","6":"product_cat-ohrringe","7":"product_cat-schmuck","9":"first","10":"instock","11":"purchasable","12":"product-type-simple"},"acf":[],"_links":{"self":[{"href":"https:\/\/www.regionalis.shop\/steffi-kalina-schmuck\/wp-json\/wp\/v2\/product\/1076","targetHints":{"allow":["GET"]}}],"collection":[{"href":"https:\/\/www.regionalis.shop\/steffi-kalina-schmuck\/wp-json\/wp\/v2\/product"}],"about":[{"href":"https:\/\/www.regionalis.shop\/steffi-kalina-schmuck\/wp-json\/wp\/v2\/types\/product"}],"wp:featuredmedia":[{"embeddable":true,"href":"https:\/\/www.regionalis.shop\/steffi-kalina-schmuck\/wp-json\/wp\/v2\/media\/1077"}],"wp:attachment":[{"href":"https:\/\/www.regionalis.shop\/steffi-kalina-schmuck\/wp-json\/wp\/v2\/media?parent=1076"}],"wp:term":[{"taxonomy":"product_brand","embeddable":true,"href":"https:\/\/www.regionalis.shop\/steffi-kalina-schmuck\/wp-json\/wp\/v2\/product_brand?post=1076"},{"taxonomy":"product_cat","embeddable":true,"href":"https:\/\/www.regionalis.shop\/steffi-kalina-schmuck\/wp-json\/wp\/v2\/product_cat?post=1076"},{"taxonomy":"product_tag","embeddable":true,"href":"https:\/\/www.regionalis.shop\/steffi-kalina-schmuck\/wp-json\/wp\/v2\/product_tag?post=1076"}],"curies":[{"name":"wp","href":"https:\/\/api.w.org\/{rel}","templated":true}]}}