{"id":1286,"date":"2025-04-18T03:54:02","date_gmt":"2025-04-18T01:54:02","guid":{"rendered":"https:\/\/www.regionalis.shop\/stift17\/product\/diy-girlande-tiere-des-waldes\/"},"modified":"2025-04-18T03:54:02","modified_gmt":"2025-04-18T01:54:02","slug":"diy-girlande-tiere-des-waldes","status":"publish","type":"product","link":"https:\/\/www.regionalis.shop\/stift17\/shop\/diy-girlande-tiere-des-waldes\/","title":{"rendered":"DIY Girlande &#8222;Tiere des Waldes&#8220;"},"content":{"rendered":"<p>Die DIY Girlande f\u00fcr kleine und gro\u00dfe Kinder. Sie passt wunderbar ins Kinderzimmer, macht sich aber auch gut im Wohnzimmer und ist einzeln genutzt auch ein h\u00fcbscher Geschenksanh\u00e4nger. Kann gerne auch farblich gestaltet werden.<\/p>\n<p>**Details**<br \/>\nL\u00e4nge: ca. 150 cm lang<br \/>\n3 beidseitig bedruckte A5-B\u00f6gen auf 180 g\/m2 Recycling-Papier<br \/>\nInsgesamt 13 Motive bestehend aus Eichh\u00f6rnchen, Igel, Baby-Eulen, Haseln\u00fcsse und Tannenzapfen<br \/>\nInklusive Faden<br \/>\nKlimaneutral hergestellt<\/p>\n<p>**Technische Hinweise**<br \/>\nBitte beachte, dass die Farben je nach Monitoreinstellung etwas von den Originalfarben abweichen k\u00f6nnen.<br \/>\nWeitere im Foto abgebildete Gegenst\u00e4nde (Stifte etc.) dienen als Verwendungsvorschlag und sind nicht im Lieferumfang enthalten!<\/p>\n<p>**Was ich noch sagen wollte**<br \/>\nM\u00f6chtest du noch weitere Papeterie mit Tiermotiven? Diese findest du in meinem Shop<\/p>\n","protected":false},"excerpt":{"rendered":"<p>Die DIY Girlande f\u00fcr kleine und gro\u00dfe Kinder. Sie passt wunderbar ins Kinderzimmer, macht sich aber auch gut im Wohnzimmer und ist einzeln genutzt auch ein h\u00fcbscher Geschenksanh\u00e4nger. Kann gerne auch farblich gestaltet werden. **Details** L\u00e4nge: ca. 150 cm lang 3 beidseitig bedruckte A5-B\u00f6gen auf 180 g\/m2 Recycling-Papier Insgesamt 13 Motive bestehend aus Eichh\u00f6rnchen, Igel, &hellip; <a href=\"https:\/\/www.regionalis.shop\/stift17\/shop\/diy-girlande-tiere-des-waldes\/\">Continued<\/a><\/p>\n","protected":false},"featured_media":1287,"template":"","meta":{"_acf_changed":false},"product_brand":[],"product_cat":[39,40],"product_tag":[],"class_list":{"0":"post-1286","1":"product","2":"type-product","3":"status-publish","4":"has-post-thumbnail","6":"product_cat-diy-bastelsets","7":"product_cat-diy-sets","9":"first","10":"instock","11":"purchasable","12":"product-type-simple"},"acf":[],"_links":{"self":[{"href":"https:\/\/www.regionalis.shop\/stift17\/wp-json\/wp\/v2\/product\/1286","targetHints":{"allow":["GET"]}}],"collection":[{"href":"https:\/\/www.regionalis.shop\/stift17\/wp-json\/wp\/v2\/product"}],"about":[{"href":"https:\/\/www.regionalis.shop\/stift17\/wp-json\/wp\/v2\/types\/product"}],"wp:featuredmedia":[{"embeddable":true,"href":"https:\/\/www.regionalis.shop\/stift17\/wp-json\/wp\/v2\/media\/1287"}],"wp:attachment":[{"href":"https:\/\/www.regionalis.shop\/stift17\/wp-json\/wp\/v2\/media?parent=1286"}],"wp:term":[{"taxonomy":"product_brand","embeddable":true,"href":"https:\/\/www.regionalis.shop\/stift17\/wp-json\/wp\/v2\/product_brand?post=1286"},{"taxonomy":"product_cat","embeddable":true,"href":"https:\/\/www.regionalis.shop\/stift17\/wp-json\/wp\/v2\/product_cat?post=1286"},{"taxonomy":"product_tag","embeddable":true,"href":"https:\/\/www.regionalis.shop\/stift17\/wp-json\/wp\/v2\/product_tag?post=1286"}],"curies":[{"name":"wp","href":"https:\/\/api.w.org\/{rel}","templated":true}]}}