{"id":1111,"date":"2025-04-18T00:02:05","date_gmt":"2025-04-17T22:02:05","guid":{"rendered":"https:\/\/www.regionalis.shop\/stoffega\/product\/gymbag-schwarz-mit-wellen\/"},"modified":"2025-04-18T00:02:05","modified_gmt":"2025-04-17T22:02:05","slug":"gymbag-schwarz-mit-wellen","status":"publish","type":"product","link":"https:\/\/www.regionalis.shop\/stoffega\/shop\/gymbag-schwarz-mit-wellen\/","title":{"rendered":"Gymbag &#8211; schwarz mit Wellen"},"content":{"rendered":"<p>Dieser Gymbag ist handgefertigt aus hochwertigen Baumwollstoffen, Korkleder und Baumwollkordeln<\/p>\n<p>Gr\u00f6\u00dfe: ca. 34cm x 44cm<\/p>\n<p>Der praktische Begleiter, der voll im Trend liegt, ob f\u00fcr den Ausflug oder als Ersatz f\u00fcr Handtaschen und Co \u2013 in den Beutel passt alles rein.<\/p>\n<p>Im Korkteil befindet sich ein verstecktes Rei\u00dfverschlussfach, das genug Platz f\u00fcr Schl\u00fcssel, Handy oder andere Kleinigkeiten bietet, die sofort griffbereit sein sollen.<\/p>\n<p>Die Kordel ist durch einen Knoten gesichert und kann dadurch in der L\u00e4nge noch individuell angepasst werden.<\/p>\n<p>Das Korkleder ist sehr robust und wasserfest. Es kann sehr einfach mit einem feuchten Tuch sanft gereinigt werden. <\/p>\n<p>Der Gymbag ist nach einem eigenen Entwurf gefertigt. Gerne nehme ich auch Sonderbestellungen (Gr\u00f6\u00dfe, Farbe) telefonisch oder per Mail entgegen.<\/p>\n","protected":false},"excerpt":{"rendered":"<p>Dieser Gymbag ist handgefertigt aus hochwertigen Baumwollstoffen, Korkleder und Baumwollkordeln Gr\u00f6\u00dfe: ca. 34cm x 44cm Der praktische Begleiter, der voll im Trend liegt, ob f\u00fcr den Ausflug oder als Ersatz f\u00fcr Handtaschen und Co \u2013 in den Beutel passt alles rein. Im Korkteil befindet sich ein verstecktes Rei\u00dfverschlussfach, das genug Platz f\u00fcr Schl\u00fcssel, Handy oder &hellip; <a href=\"https:\/\/www.regionalis.shop\/stoffega\/shop\/gymbag-schwarz-mit-wellen\/\">Continued<\/a><\/p>\n","protected":false},"featured_media":1112,"template":"","meta":{"_acf_changed":false},"product_brand":[],"product_cat":[166,95],"product_tag":[],"class_list":{"0":"post-1111","1":"product","2":"type-product","3":"status-publish","4":"has-post-thumbnail","6":"product_cat-rucksaecke-gymbags","7":"product_cat-taschen","9":"first","10":"instock","11":"purchasable","12":"product-type-simple"},"acf":[],"_links":{"self":[{"href":"https:\/\/www.regionalis.shop\/stoffega\/wp-json\/wp\/v2\/product\/1111","targetHints":{"allow":["GET"]}}],"collection":[{"href":"https:\/\/www.regionalis.shop\/stoffega\/wp-json\/wp\/v2\/product"}],"about":[{"href":"https:\/\/www.regionalis.shop\/stoffega\/wp-json\/wp\/v2\/types\/product"}],"wp:featuredmedia":[{"embeddable":true,"href":"https:\/\/www.regionalis.shop\/stoffega\/wp-json\/wp\/v2\/media\/1112"}],"wp:attachment":[{"href":"https:\/\/www.regionalis.shop\/stoffega\/wp-json\/wp\/v2\/media?parent=1111"}],"wp:term":[{"taxonomy":"product_brand","embeddable":true,"href":"https:\/\/www.regionalis.shop\/stoffega\/wp-json\/wp\/v2\/product_brand?post=1111"},{"taxonomy":"product_cat","embeddable":true,"href":"https:\/\/www.regionalis.shop\/stoffega\/wp-json\/wp\/v2\/product_cat?post=1111"},{"taxonomy":"product_tag","embeddable":true,"href":"https:\/\/www.regionalis.shop\/stoffega\/wp-json\/wp\/v2\/product_tag?post=1111"}],"curies":[{"name":"wp","href":"https:\/\/api.w.org\/{rel}","templated":true}]}}