{"id":2595,"date":"2025-12-02T18:23:30","date_gmt":"2025-12-02T17:23:30","guid":{"rendered":"https:\/\/www.regionalis.shop\/stoffwild-handgemachte-mode\/?post_type=product&#038;p=2595"},"modified":"2025-12-02T18:23:45","modified_gmt":"2025-12-02T17:23:45","slug":"baby-beanie-glitzer-kirschen","status":"publish","type":"product","link":"https:\/\/www.regionalis.shop\/stoffwild-handgemachte-mode\/shop\/baby-beanie-glitzer-kirschen\/","title":{"rendered":"Baby-Beanie &#8222;Glitzer-Kirschen&#8220;"},"content":{"rendered":"<h3>\ud83c\udf52 <strong>Baby-Beanie \u201eGlitzer-Kirschen\u201c \u2013 S\u00fc\u00df und bequem f\u00fcr die Kleinsten<\/strong><\/h3>\n<p dir=\"auto\">Entdecke meine d\u00fcnne Beanie aus weichem Jersey-Stoff, verziert mit wundersch\u00f6nen glitzernden Kirschen auf rosa Jersey! Egal ob f\u00fcr Babys, Kinder oder Erwachsene \u2013 diese Beanie ist einlagig und kann auch im Sommer als Sonnenschutz oder bei windigem Wetter getragen werden.<\/p>\n<p dir=\"auto\">Besonders beliebt bei windempfindlichen Ohren. Gerne fertige ich auch Familien-Sets oder Partnerlooks f\u00fcr Geschwister! Auch toll als Freunde-Outfit.<\/p>\n<p dir=\"auto\"><strong>Warum du diese Beanie lieben wirst:<\/strong><\/p>\n<ul>\n<li><strong>Material:<\/strong> Weicher Jersey (95% Baumwolle, 5% Elasthan) f\u00fcr ein angenehmes Tragegef\u00fchl<\/li>\n<li><strong>Gr\u00f6\u00dfen:<\/strong> XS (ca. 40-45 cm), ideal f\u00fcr die Kleinsten<\/li>\n<li><strong>Design:<\/strong> Glitzernde Kirschen auf rosa Jersey, die jeden Look aufwerten<\/li>\n<\/ul>\n<p dir=\"auto\"><strong>Produkteigenschaften und Vorteile:<\/strong><\/p>\n<ul>\n<li><strong>Leicht und atmungsaktiv:<\/strong> Ideal f\u00fcr jede Jahreszeit und jeden Anlass<\/li>\n<li><strong>Handgemachte Qualit\u00e4t:<\/strong> Jede Beanie wird von mir pers\u00f6nlich gefertigt, um dir ein einzigartiges St\u00fcck zu garantieren<\/li>\n<li><strong>Vielseitig tragbar:<\/strong> Perfekt als Sonnenschutz im Sommer oder als Schutz vor Wind im Fr\u00fchling und Herbst<\/li>\n<li><strong>Besonderes Geschenk:<\/strong> Ideal zur Geburt oder als kleine Aufmerksamkeit f\u00fcr junge Eltern<\/li>\n<\/ul>\n<p dir=\"auto\">Stell dir vor\u2026<\/p>\n<p dir=\"auto\">Dein Baby liegt in deinen Armen, die Glitzer-Kirschen-Beanie sitzt perfekt auf seinem K\u00f6pfchen, und es f\u00fchlt sich geborgen und warm. Mit dieser Beanie wird jeder Tag zu einem neuen Abenteuer, voller Liebe und Geborgenheit.<\/p>\n<p dir=\"auto\"><strong>Das perfekte Geschenk f\u00fcr junge Eltern!<\/strong><\/p>\n<p dir=\"auto\">Ob zur Geburt, als Geschenk zur Babyparty oder einfach als kleine Aufmerksamkeit \u2013 diese Glitzer-Kirschen-Beanie zaubert jedem Baby und jedem Elternteil ein L\u00e4cheln ins Gesicht.<\/p>\n<p dir=\"auto\"><strong>Jetzt bestellen und deinem kleinen Schatz eine Freude machen!<\/strong> \ud83d\udc95<\/p>\n","protected":false},"excerpt":{"rendered":"<p>D\u00fcnne Beanie aus weichem Jersey-Stoff mit wundersch\u00f6nen glitzernden Kirschen auf rosa Jersey<\/p>\n","protected":false},"featured_media":1370,"template":"","meta":{"_acf_changed":false},"product_brand":[1053],"product_cat":[18],"product_tag":[191,192,193,194,330,195,331,196,197],"class_list":{"0":"post-2595","1":"product","2":"type-product","3":"status-publish","4":"has-post-thumbnail","6":"product_brand-stoffwild","7":"product_cat-uncategorised","8":"product_tag-baby-beanie","9":"product_tag-beanie","10":"product_tag-duenne-beanie","11":"product_tag-duenne-haube","12":"product_tag-glitzer","13":"product_tag-haube","14":"product_tag-kirschen","15":"product_tag-laessige-beanie","16":"product_tag-muetze","17":"product_shipping_class-standardversand","19":"first","20":"instock","21":"taxable","22":"shipping-taxable","23":"purchasable","24":"product-type-simple"},"acf":[],"_links":{"self":[{"href":"https:\/\/www.regionalis.shop\/stoffwild-handgemachte-mode\/wp-json\/wp\/v2\/product\/2595","targetHints":{"allow":["GET"]}}],"collection":[{"href":"https:\/\/www.regionalis.shop\/stoffwild-handgemachte-mode\/wp-json\/wp\/v2\/product"}],"about":[{"href":"https:\/\/www.regionalis.shop\/stoffwild-handgemachte-mode\/wp-json\/wp\/v2\/types\/product"}],"wp:featuredmedia":[{"embeddable":true,"href":"https:\/\/www.regionalis.shop\/stoffwild-handgemachte-mode\/wp-json\/wp\/v2\/media\/1370"}],"wp:attachment":[{"href":"https:\/\/www.regionalis.shop\/stoffwild-handgemachte-mode\/wp-json\/wp\/v2\/media?parent=2595"}],"wp:term":[{"taxonomy":"product_brand","embeddable":true,"href":"https:\/\/www.regionalis.shop\/stoffwild-handgemachte-mode\/wp-json\/wp\/v2\/product_brand?post=2595"},{"taxonomy":"product_cat","embeddable":true,"href":"https:\/\/www.regionalis.shop\/stoffwild-handgemachte-mode\/wp-json\/wp\/v2\/product_cat?post=2595"},{"taxonomy":"product_tag","embeddable":true,"href":"https:\/\/www.regionalis.shop\/stoffwild-handgemachte-mode\/wp-json\/wp\/v2\/product_tag?post=2595"}],"curies":[{"name":"wp","href":"https:\/\/api.w.org\/{rel}","templated":true}]}}