{"id":2628,"date":"2025-12-02T18:23:58","date_gmt":"2025-12-02T17:23:58","guid":{"rendered":"https:\/\/www.regionalis.shop\/stoffwild-handgemachte-mode\/?post_type=product&#038;p=2628"},"modified":"2025-12-02T18:24:14","modified_gmt":"2025-12-02T17:24:14","slug":"buendchenhaube-mit-herz-applikation-nr-1","status":"publish","type":"product","link":"https:\/\/www.regionalis.shop\/stoffwild-handgemachte-mode\/shop\/buendchenhaube-mit-herz-applikation-nr-1\/","title":{"rendered":"B\u00fcndchenhaube mit Herz-Applikation &#8211; Nr. 1"},"content":{"rendered":"<p><strong>EINZELST\u00dcCK<\/strong>!<\/p>\n<p>Bringt Liebe und W\u00e4rme in die Garderobe eurer Babys mit unserer herzigen B\u00fcndchenhaube in Gr\u00f6\u00dfe S!<\/p>\n<p>Die einlagige Haube aus weichem Stoff schmiegt sich sanft an ohne zu verrutschen und bleibt stets \u00fcber den Ohren \u2013 f\u00fcr warme Ausfl\u00fcge und kuschelige Schl\u00e4fchen.<\/p>\n<p>Das s\u00fc\u00dfe Herzdesign wird nicht nur euch verzaubern, sondern auch die Blicke anderer einfangen. Durch das dehnbare B\u00fcndchen w\u00e4chst die Haube mit.<\/p>\n<p>Lasst euer Baby in dieser entz\u00fcckenden B\u00fcndchenhaube strahlen und genie\u00dft die Gewissheit, dass jedes St\u00fcck mit Liebe zum Detail gefertigt wird. Bestellt jetzt und erlebt, wie euer Kleines in Komfort und Stil heranw\u00e4chst!<\/p>\n<p>Lust auf Zwillings-Style? Dann schnapp dir das zweite Unikat und lass deine Twins erstrahlen: <a href=\"https:\/\/www.stoffwild.at\/produkt\/buendchenhaube-mit-herz-applikation-nr-2\/\" target=\"_blank\" rel=\"noopener\">Haube #2<\/a><\/p>\n<p>Kopfumfang:<\/p>\n<p>S (Baby\/Kleinkind): ca 36-40\/41cm<\/p>\n","protected":false},"excerpt":{"rendered":"<p>B\u00fcndchenhaube \/ Sommerbeanie mit Herz-Applikation<\/p>\n","protected":false},"featured_media":1481,"template":"","meta":{"_acf_changed":false},"product_brand":[1053],"product_cat":[18],"product_tag":[254,255,256,194,398,197,257],"class_list":{"0":"post-2628","1":"product","2":"type-product","3":"status-publish","4":"has-post-thumbnail","6":"product_brand-stoffwild","7":"product_cat-uncategorised","8":"product_tag-baby-haube","9":"product_tag-buendchen-haube","10":"product_tag-buendchenhaube","11":"product_tag-duenne-haube","12":"product_tag-herz","13":"product_tag-muetze","14":"product_tag-verrutscht-nicht","15":"product_shipping_class-standardversand","17":"first","18":"instock","19":"taxable","20":"shipping-taxable","21":"purchasable","22":"product-type-simple"},"acf":[],"_links":{"self":[{"href":"https:\/\/www.regionalis.shop\/stoffwild-handgemachte-mode\/wp-json\/wp\/v2\/product\/2628","targetHints":{"allow":["GET"]}}],"collection":[{"href":"https:\/\/www.regionalis.shop\/stoffwild-handgemachte-mode\/wp-json\/wp\/v2\/product"}],"about":[{"href":"https:\/\/www.regionalis.shop\/stoffwild-handgemachte-mode\/wp-json\/wp\/v2\/types\/product"}],"wp:featuredmedia":[{"embeddable":true,"href":"https:\/\/www.regionalis.shop\/stoffwild-handgemachte-mode\/wp-json\/wp\/v2\/media\/1481"}],"wp:attachment":[{"href":"https:\/\/www.regionalis.shop\/stoffwild-handgemachte-mode\/wp-json\/wp\/v2\/media?parent=2628"}],"wp:term":[{"taxonomy":"product_brand","embeddable":true,"href":"https:\/\/www.regionalis.shop\/stoffwild-handgemachte-mode\/wp-json\/wp\/v2\/product_brand?post=2628"},{"taxonomy":"product_cat","embeddable":true,"href":"https:\/\/www.regionalis.shop\/stoffwild-handgemachte-mode\/wp-json\/wp\/v2\/product_cat?post=2628"},{"taxonomy":"product_tag","embeddable":true,"href":"https:\/\/www.regionalis.shop\/stoffwild-handgemachte-mode\/wp-json\/wp\/v2\/product_tag?post=2628"}],"curies":[{"name":"wp","href":"https:\/\/api.w.org\/{rel}","templated":true}]}}